NOAA-style Climate Reports

- as reported from this site (LasCruces-Weather.com) beginning 04-03-07

2023: Jan | Feb | Mar | Apr | May | Jun | Jul | Aug | Sep | Oct | Nov | Dec 
2022: Jan | Feb | Mar | Apr | May | Jun | Jul | Aug | Sep | Oct | Nov | Dec 
2021: Jan | Feb | Mar | Apr | May | Jun | Jul | Aug | Sep | Oct | Nov | Dec 
2020: Jan | Feb | Mar | Apr | May | Jun | Jul | Aug | Sep | Oct | Nov | Dec 
2019: Jan | Feb | Mar | Apr | May | Jun | Jul | Aug | Sep | Oct | Nov | Dec 
2018: Jan | Feb | Mar | Apr | May | Jun | Jul | Aug | Sep | Oct | Nov | Dec 
2017: Jan | Feb | Mar | Apr | May | Jun | Jul | Aug | Sep | Oct | Nov | Dec 
2016: Jan | Feb | Mar | Apr | May | Jun | Jul | Aug | Sep | Oct | Nov | Dec 
2015: Jan | Feb | Mar | Apr | May | Jun | Jul | Aug | Sep | Oct | Nov | Dec 
2014: Jan | Feb | Mar | Apr | May | Jun | Jul | Aug | Sep | Oct | Nov | Dec 
2013: Jan | Feb | Mar | Apr | May | Jun | Jul | Aug | Sep | Oct | Nov | Dec 
2012: Jan | Feb | Mar | Apr | May | Jun | Jul | Aug | Sep | Oct | Nov | Dec 
2011: Jan | Feb | Mar | Apr | May | Jun | Jul | Aug | Sep | Oct | Nov | Dec 
2010: Jan | Feb | Mar | Apr | May | Jun | Jul | Aug | Sep | Oct | Nov | Dec 
2009: Jan | Feb | Mar | Apr | May | Jun | Jul | Aug | Sep | Oct | Nov | Dec 
2008: Jan | Feb | Mar | Apr | May | Jun | Jul | Aug | Sep | Oct | Nov | Dec 
2007: Jan | Feb | Mar | Apr | May | Jun | Jul | Aug | Sep | Oct | Nov | Dec 

Report for 2021 06
MONTHLY CLIMATOLOGICAL SUMMARY for JUN. 2021 NAME: C32 CITY: Las Cruces|East Mesa STATE: NM ELEV: 4474 ft LAT: 32 24' 08" N LONG: 106 41' 01" W TEMPERATURE (F), RAIN (in), WIND SPEED (mph) HEAT COOL AVG MEAN DEG DEG WIND DOM DAY TEMP HIGH TIME LOW TIME DAYS DAYS RAIN SPEED HIGH TIME DIR ------------------------------------------------------------------------------------ 1 73.5 88.7 3:40p 59.8 6:25a 0.6 9.1 0.00 3.6 31.0 5:55p WSW 2 76.0 92.8 4:15p 61.6 6:05a 0.3 11.3 0.00 4.8 32.0 5:20p SW 3 76.9 87.8 2:05p 68.4 7:30a 0.0 11.9 0.00 4.0 22.0 2:50p SSW 4 74.7 88.9 4:50p 61.0 7:05a 0.3 10.0 0.00 2.6 18.0 1:10p SSE 5 81.5 99.1 4:05p 61.7 5:15a 0.2 16.7 0.00 4.8 28.0 7:35p WSW 6 84.8 98.5 3:15p 67.1 5:55a 0.0 19.8 0.00 5.6 30.0 7:00p W 7 84.5 96.3 4:55p 69.6 6:35a 0.0 19.5 0.00 5.3 21.0 2:50p WSW 8 82.6 95.0 4:50p 68.7 6:10a 0.0 17.6 0.00 5.3 22.0 3:40p WSW 9 83.5 100.1 4:55p 63.9 6:15a 0.0 18.5 0.00 3.3 18.0 3:15p SE 10 85.8 102.2 2:30p 67.3 6:40a 0.0 20.8 0.00 3.9 20.0 2:45p WSW 11 86.5 104.1 5:20p 65.8 7:00a 0.0 21.5 0.00 3.5 24.0 4:00p SE 12 88.3 107.6 3:10p 66.9 5:15a 0.0 23.3 0.00 6.0 29.0 5:20p SE 13 91.9 103.4 4:30p 79.0 2:55a 0.0 26.9 0.00 4.5 42.0 5:50p SSW 14 92.0 104.5 3:50p 76.4 6:55a 0.0 27.0 0.00 5.2 28.0 11:50p SE 15 86.7 99.1 3:10p 70.9 6:25a 0.0 21.7 0.00 6.0 31.0 12:45a SE 16 87.3 101.5 4:35p 69.1 6:35a 0.0 22.3 0.00 4.7 26.0 11:20p E 17 86.3 99.3 4:25p 74.6 6:15a 0.0 21.3 0.00 4.8 25.0 2:35a S 18 86.0 99.2 4:35p 69.7 6:30a 0.0 21.0 0.00 3.9 17.0 11:00a SSW 19 89.3 103.3 5:15p 72.4 6:45a 0.0 24.3 0.00 3.5 19.0 5:15p SSW 20 90.4 105.7 3:40p 77.9 2:35a 0.0 25.4 0.00 3.7 26.0 6:10p W 21 87.4 104.8 2:55p 74.0 6:30a 0.0 22.4 0.09 4.2 29.0 3:50p E 22 84.5 98.8 6:10p 67.8 6:15a 0.0 19.5 0.00 3.9 29.0 10:45p WSW 23 88.2 102.3 2:45p 72.7 6:25a 0.0 23.2 0.00 4.9 26.0 5:25p SW 24 87.4 99.6 4:15p 72.8 6:20a 0.0 22.4 0.00 5.4 22.0 1:10a WSW 25 86.6 97.7 2:45p 73.2 6:25a 0.0 21.6 0.00 5.3 32.0 3:45p W 26 85.5 99.1 5:20p 67.4 6:20a 0.0 20.5 0.00 4.3 30.0 12:30p NNW 27 74.3 87.4 12:45p 62.2 5:30p 0.2 9.5 0.32 8.6 32.0 10:15p E 28 64.2 67.2 12:40a 61.2 7:25a 1.2 0.4 0.58 6.6 24.0 12:20a NE 29 66.8 73.2 2:00p 62.5 5:45a 0.4 2.2 0.04 5.7 17.0 9:55p NE 30 68.5 79.4 7:10p 61.6 7:00a 0.7 4.2 0.35 5.3 14.0 4:45a N ------------------------------------------------------------------------------------- 82.7 107.6 12 59.8 1 3.9 535.8 1.38 4.8 42.0 13 WSW Max >= 90.0: 23 Max <= 32.0: 0 Min <= 32.0: 0 Min <= 0.0: 0 Max Rain: 0.58 ON 06/28/21 Days of Rain: 5 (>.01 in) 3 (>.1 in) 0 (>1 in) Heat Base: 65.0 Cool Base: 65.0 Method: Integration