NOAA-style Climate Reports

- as reported from this site (LasCruces-Weather.com) beginning 04-03-07

2023: Jan | Feb | Mar | Apr | May | Jun | Jul | Aug | Sep | Oct | Nov | Dec 
2022: Jan | Feb | Mar | Apr | May | Jun | Jul | Aug | Sep | Oct | Nov | Dec 
2021: Jan | Feb | Mar | Apr | May | Jun | Jul | Aug | Sep | Oct | Nov | Dec 
2020: Jan | Feb | Mar | Apr | May | Jun | Jul | Aug | Sep | Oct | Nov | Dec 
2019: Jan | Feb | Mar | Apr | May | Jun | Jul | Aug | Sep | Oct | Nov | Dec 
2018: Jan | Feb | Mar | Apr | May | Jun | Jul | Aug | Sep | Oct | Nov | Dec 
2017: Jan | Feb | Mar | Apr | May | Jun | Jul | Aug | Sep | Oct | Nov | Dec 
2016: Jan | Feb | Mar | Apr | May | Jun | Jul | Aug | Sep | Oct | Nov | Dec 
2015: Jan | Feb | Mar | Apr | May | Jun | Jul | Aug | Sep | Oct | Nov | Dec 
2014: Jan | Feb | Mar | Apr | May | Jun | Jul | Aug | Sep | Oct | Nov | Dec 
2013: Jan | Feb | Mar | Apr | May | Jun | Jul | Aug | Sep | Oct | Nov | Dec 
2012: Jan | Feb | Mar | Apr | May | Jun | Jul | Aug | Sep | Oct | Nov | Dec 
2011: Jan | Feb | Mar | Apr | May | Jun | Jul | Aug | Sep | Oct | Nov | Dec 
2010: Jan | Feb | Mar | Apr | May | Jun | Jul | Aug | Sep | Oct | Nov | Dec 
2009: Jan | Feb | Mar | Apr | May | Jun | Jul | Aug | Sep | Oct | Nov | Dec 
2008: Jan | Feb | Mar | Apr | May | Jun | Jul | Aug | Sep | Oct | Nov | Dec 
2007: Jan | Feb | Mar | Apr | May | Jun | Jul | Aug | Sep | Oct | Nov | Dec 

Report for 2021 05
MONTHLY CLIMATOLOGICAL SUMMARY for MAY. 2021 NAME: C32 CITY: Las Cruces|East Mesa STATE: NM ELEV: 4474 ft LAT: 32 24' 08" N LONG: 106 41' 01" W TEMPERATURE (F), RAIN (in), WIND SPEED (mph) HEAT COOL AVG MEAN DEG DEG WIND DOM DAY TEMP HIGH TIME LOW TIME DAYS DAYS RAIN SPEED HIGH TIME DIR ------------------------------------------------------------------------------------ 1 66.3 84.4 5:55p 44.7 6:05a 5.6 6.9 0.00 3.5 18.0 7:55p SW 2 74.5 86.4 3:45p 61.6 4:10a 0.3 9.8 0.00 7.7 30.0 5:15p WSW 3 68.8 79.2 3:15p 58.1 7:10a 1.1 4.8 0.00 7.0 41.0 1:50p WSW 4 64.9 79.7 6:10p 47.2 6:45a 4.5 4.4 0.00 2.6 19.0 6:10p S 5 72.8 90.4 4:40p 53.2 7:05a 1.8 9.6 0.00 2.4 20.0 3:10p SSW 6 75.8 93.7 4:40p 54.4 6:35a 1.4 12.1 0.00 5.3 30.0 7:20p ESE 7 79.2 93.5 3:55p 60.9 6:20a 0.3 14.6 0.00 5.6 26.0 4:45p SSW 8 74.3 85.4 4:05p 61.1 5:25a 0.4 9.7 0.00 7.3 30.0 2:20p WSW 9 72.3 85.7 4:55p 56.6 6:10a 1.6 9.0 0.00 6.4 25.0 3:05p WSW 10 74.3 87.0 4:45p 58.7 6:40a 0.9 10.2 0.00 6.0 29.0 5:30p WSW 11 74.9 87.5 3:50p 60.8 6:40a 0.2 10.1 0.00 4.2 21.0 3:55p SW 12 69.7 83.8 4:50p 57.1 6:35a 1.6 6.3 0.00 3.4 19.0 5:00a SSW 13 72.4 90.0 3:55p 54.8 5:15a 2.1 9.5 0.00 4.1 31.0 7:20p S 14 74.4 91.0 2:50p 59.2 6:10a 0.6 10.0 0.01 5.4 31.0 6:20p SSW 15 75.8 88.2 1:20p 62.0 6:55a 0.1 10.9 0.05 4.2 36.0 3:55p SSW 16 76.2 88.3 4:20p 64.5 5:50a 0.0 11.2 0.00 6.1 25.0 2:45p WSW 17 72.0 83.3 3:50p 60.2 6:25a 0.5 7.4 0.00 6.1 27.0 5:05p WSW 18 69.3 83.4 3:40p 52.1 6:10a 2.3 6.7 0.00 3.3 28.0 5:25p ESE 19 74.0 89.7 3:25p 61.0 6:40a 0.6 9.6 0.00 2.9 21.0 6:00p SSW 20 78.1 91.8 4:35p 62.7 6:30a 0.1 13.2 0.00 4.8 23.0 3:55p S 21 75.2 86.1 12:30p 62.3 5:55a 0.2 10.3 0.00 4.5 26.0 11:10a SE 22 79.4 93.3 3:25p 60.2 6:15a 0.3 14.7 0.00 5.3 30.0 3:05p SSW 23 75.6 87.9 3:05p 60.2 6:25a 0.4 11.0 0.00 4.7 25.0 12:15p WSW 24 74.9 90.7 4:20p 55.5 5:10a 1.6 11.5 0.00 3.9 20.0 3:25p WSW 25 75.0 92.0 4:00p 55.5 6:05a 1.5 11.5 0.00 3.5 18.0 2:45p WSW 26 76.3 91.3 2:00p 55.2 6:30a 1.1 12.4 0.00 3.2 19.0 1:45p WSW 27 78.4 91.6 2:55p 67.9 4:10a 0.0 13.4 0.00 4.1 21.0 4:45p S 28 77.6 95.7 5:10p 56.6 6:25a 1.1 13.6 0.00 2.7 23.0 5:25p ESE 29 79.1 95.7 3:55p 58.0 6:20a 0.7 14.8 0.00 4.1 26.0 3:45p S 30 80.7 94.1 3:55p 64.6 6:05a 0.0 15.7 0.00 4.0 20.0 1:20p SSW 31 79.6 92.3 3:50p 69.2 6:05a 0.0 14.6 0.00 6.4 33.0 7:05p S ------------------------------------------------------------------------------------- 74.6 95.7 28 44.7 1 32.9 329.5 0.06 4.7 41.0 3 WSW Max >= 90.0: 15 Max <= 32.0: 0 Min <= 32.0: 0 Min <= 0.0: 0 Max Rain: 0.05 ON 05/15/21 Days of Rain: 1 (>.01 in) 0 (>.1 in) 0 (>1 in) Heat Base: 65.0 Cool Base: 65.0 Method: Integration