NOAA-style Climate Reports

- as reported from this site (LasCruces-Weather.com) beginning 04-03-07

2023: Jan | Feb | Mar | Apr | May | Jun | Jul | Aug | Sep | Oct | Nov | Dec 
2022: Jan | Feb | Mar | Apr | May | Jun | Jul | Aug | Sep | Oct | Nov | Dec 
2021: Jan | Feb | Mar | Apr | May | Jun | Jul | Aug | Sep | Oct | Nov | Dec 
2020: Jan | Feb | Mar | Apr | May | Jun | Jul | Aug | Sep | Oct | Nov | Dec 
2019: Jan | Feb | Mar | Apr | May | Jun | Jul | Aug | Sep | Oct | Nov | Dec 
2018: Jan | Feb | Mar | Apr | May | Jun | Jul | Aug | Sep | Oct | Nov | Dec 
2017: Jan | Feb | Mar | Apr | May | Jun | Jul | Aug | Sep | Oct | Nov | Dec 
2016: Jan | Feb | Mar | Apr | May | Jun | Jul | Aug | Sep | Oct | Nov | Dec 
2015: Jan | Feb | Mar | Apr | May | Jun | Jul | Aug | Sep | Oct | Nov | Dec 
2014: Jan | Feb | Mar | Apr | May | Jun | Jul | Aug | Sep | Oct | Nov | Dec 
2013: Jan | Feb | Mar | Apr | May | Jun | Jul | Aug | Sep | Oct | Nov | Dec 
2012: Jan | Feb | Mar | Apr | May | Jun | Jul | Aug | Sep | Oct | Nov | Dec 
2011: Jan | Feb | Mar | Apr | May | Jun | Jul | Aug | Sep | Oct | Nov | Dec 
2010: Jan | Feb | Mar | Apr | May | Jun | Jul | Aug | Sep | Oct | Nov | Dec 
2009: Jan | Feb | Mar | Apr | May | Jun | Jul | Aug | Sep | Oct | Nov | Dec 
2008: Jan | Feb | Mar | Apr | May | Jun | Jul | Aug | Sep | Oct | Nov | Dec 
2007: Jan | Feb | Mar | Apr | May | Jun | Jul | Aug | Sep | Oct | Nov | Dec 

Report for 2021 04
MONTHLY CLIMATOLOGICAL SUMMARY for APR. 2021 NAME: C32 CITY: Las Cruces|East Mesa STATE: NM ELEV: 4474 ft LAT: 32 24' 08" N LONG: 106 41' 01" W TEMPERATURE (F), RAIN (in), WIND SPEED (mph) HEAT COOL AVG MEAN DEG DEG WIND DOM DAY TEMP HIGH TIME LOW TIME DAYS DAYS RAIN SPEED HIGH TIME DIR ------------------------------------------------------------------------------------ 1 59.4 72.2 5:15p 44.3 5:30a 6.7 1.1 0.00 4.7 20.0 12:20a E 2 65.6 84.1 4:25p 44.9 7:20a 6.0 6.6 0.00 1.8 15.0 3:00p E 3 72.6 86.3 3:55p 62.2 2:45a 0.1 7.8 0.00 6.0 27.0 5:05p E 4 70.0 86.1 4:15p 50.9 7:15a 3.1 8.1 0.00 2.2 15.0 3:45p SSW 5 73.5 87.5 1:55p 56.8 4:10a 1.1 9.6 0.00 5.3 23.0 2:20p SSW 6 70.4 80.3 4:05p 60.0 5:20a 0.8 6.1 0.00 8.3 33.0 12:40p WSW 7 66.2 81.2 4:45p 47.6 7:10a 4.0 5.2 0.00 3.6 17.0 5:45p NNW 8 68.3 83.3 3:15p 48.0 6:50a 4.4 7.7 0.00 5.5 32.0 3:30p W 9 68.9 81.2 5:55p 51.5 6:30a 2.0 6.0 0.00 4.0 27.0 12:35p NNW 10 66.5 83.1 4:30p 46.1 5:30a 4.8 6.3 0.00 5.5 29.0 1:10p WSW 11 69.4 83.9 3:45p 47.4 7:00a 2.9 7.2 0.00 4.4 29.0 2:50p WSW 12 71.9 85.2 4:20p 60.2 4:40a 0.8 7.7 0.00 4.6 26.0 2:15p S 13 68.0 79.5 3:10p 53.8 6:55a 1.9 4.9 0.00 4.0 28.0 3:25p S 14 69.0 81.4 4:10p 52.1 6:50a 2.3 6.2 0.00 5.1 25.0 4:20p SW 15 68.3 78.3 2:55p 55.4 6:55a 1.6 4.9 0.00 6.1 27.0 5:00p WSW 16 63.3 73.8 3:25p 51.8 6:50a 3.5 1.8 0.00 4.2 22.0 4:10p WSW 17 58.7 67.6 5:00p 51.0 11:25p 6.6 0.3 0.00 6.7 24.0 10:05p E 18 53.6 62.0 4:40p 45.7 4:20a 11.4 0.0 0.00 8.0 33.0 2:35a E 19 57.7 71.9 5:20p 41.2 6:45a 8.5 1.2 0.00 3.4 17.0 6:30p SSW 20 66.1 81.9 3:35p 52.6 7:15a 4.1 5.1 0.00 4.5 21.0 6:10p SSW 21 60.9 76.2 4:35p 42.4 6:35a 6.7 2.6 0.00 3.3 21.0 2:00p S 22 66.1 77.6 4:00p 53.9 7:25a 2.9 4.0 0.00 6.5 26.0 4:05p SW 23 63.5 72.4 3:00p 50.2 6:40a 3.3 1.8 0.00 6.3 28.0 12:30p W 24 66.6 80.9 4:15p 49.2 5:25a 3.9 5.5 0.00 3.8 22.0 2:20p SSW 25 71.8 87.3 5:15p 54.4 6:40a 2.2 8.9 0.00 4.9 23.0 12:55p SW 26 72.2 82.9 4:45p 61.0 7:55a 0.4 7.7 0.00 8.1 30.0 1:55p SW 27 65.8 71.3 12:05a 61.0 11:10p 0.8 1.6 0.00 9.1 29.0 12:45p WSW 28 57.0 67.5 2:45p 48.3 12:00m 8.0 0.1 0.00 4.2 25.0 4:15p W 29 49.9 58.6 5:50p 40.9 4:40a 15.1 0.0 0.05 4.9 18.0 10:00p NNE 30 58.5 68.4 3:05p 47.9 3:45a 7.2 0.7 0.00 3.5 24.0 1:10p E ------------------------------------------------------------------------------------- 65.3 87.5 5 40.9 29 127.1 136.7 0.05 5.1 33.0 6 SW Max >= 90.0: 0 Max <= 32.0: 0 Min <= 32.0: 0 Min <= 0.0: 0 Max Rain: 0.05 ON 04/29/21 Days of Rain: 1 (>.01 in) 0 (>.1 in) 0 (>1 in) Heat Base: 65.0 Cool Base: 65.0 Method: Integration