NOAA-style Climate Reports

- as reported from this site (LasCruces-Weather.com) beginning 04-03-07

2023: Jan | Feb | Mar | Apr | May | Jun | Jul | Aug | Sep | Oct | Nov | Dec 
2022: Jan | Feb | Mar | Apr | May | Jun | Jul | Aug | Sep | Oct | Nov | Dec 
2021: Jan | Feb | Mar | Apr | May | Jun | Jul | Aug | Sep | Oct | Nov | Dec 
2020: Jan | Feb | Mar | Apr | May | Jun | Jul | Aug | Sep | Oct | Nov | Dec 
2019: Jan | Feb | Mar | Apr | May | Jun | Jul | Aug | Sep | Oct | Nov | Dec 
2018: Jan | Feb | Mar | Apr | May | Jun | Jul | Aug | Sep | Oct | Nov | Dec 
2017: Jan | Feb | Mar | Apr | May | Jun | Jul | Aug | Sep | Oct | Nov | Dec 
2016: Jan | Feb | Mar | Apr | May | Jun | Jul | Aug | Sep | Oct | Nov | Dec 
2015: Jan | Feb | Mar | Apr | May | Jun | Jul | Aug | Sep | Oct | Nov | Dec 
2014: Jan | Feb | Mar | Apr | May | Jun | Jul | Aug | Sep | Oct | Nov | Dec 
2013: Jan | Feb | Mar | Apr | May | Jun | Jul | Aug | Sep | Oct | Nov | Dec 
2012: Jan | Feb | Mar | Apr | May | Jun | Jul | Aug | Sep | Oct | Nov | Dec 
2011: Jan | Feb | Mar | Apr | May | Jun | Jul | Aug | Sep | Oct | Nov | Dec 
2010: Jan | Feb | Mar | Apr | May | Jun | Jul | Aug | Sep | Oct | Nov | Dec 
2009: Jan | Feb | Mar | Apr | May | Jun | Jul | Aug | Sep | Oct | Nov | Dec 
2008: Jan | Feb | Mar | Apr | May | Jun | Jul | Aug | Sep | Oct | Nov | Dec 
2007: Jan | Feb | Mar | Apr | May | Jun | Jul | Aug | Sep | Oct | Nov | Dec 

Report for 2021 03
MONTHLY CLIMATOLOGICAL SUMMARY for MAR. 2021 NAME: C32 CITY: Las Cruces|East Mesa STATE: NM ELEV: 4474 ft LAT: 32 24' 08" N LONG: 106 41' 01" W TEMPERATURE (F), RAIN (in), WIND SPEED (mph) HEAT COOL AVG MEAN DEG DEG WIND DOM DAY TEMP HIGH TIME LOW TIME DAYS DAYS RAIN SPEED HIGH TIME DIR ------------------------------------------------------------------------------------ 1 46.2 56.9 3:30p 36.8 7:20a 18.8 0.0 0.00 4.3 20.0 2:50a SSW 2 43.9 61.2 3:30p 27.6 6:20a 21.1 0.0 0.00 2.0 12.0 12:00p SSW 3 53.2 73.6 3:20p 29.7 6:05a 13.4 1.6 0.00 3.0 18.0 11:55p S 4 57.9 66.8 2:50p 45.4 11:55p 7.2 0.1 0.00 8.1 29.0 11:45a W 5 53.5 70.2 3:45p 35.4 6:25a 12.2 0.7 0.00 6.0 29.0 11:50p N 6 53.8 67.5 3:15p 40.5 6:25a 11.4 0.2 0.00 4.1 30.0 12:45a ESE 7 54.4 72.5 3:45p 35.0 6:25a 11.9 1.3 0.00 2.4 14.0 12:45p SE 8 62.9 80.2 2:50p 42.8 5:50a 6.4 4.3 0.00 3.6 20.0 1:05p SSW 9 65.0 77.9 3:05p 55.2 12:00m 2.7 2.7 0.00 6.6 31.0 3:25p SW 10 59.2 72.6 3:45p 46.3 4:40a 7.1 1.3 0.00 7.5 31.0 4:30p WSW 11 57.4 73.1 4:00p 37.5 6:55a 9.2 1.6 0.00 4.5 23.0 2:05p S 12 61.5 74.7 2:55p 47.4 5:50a 5.7 2.2 0.00 5.4 23.0 1:50p SSW 13 46.1 52.3 12:05a 38.5 11:20p 18.9 0.0 0.00 8.1 34.0 3:50p W 14 45.6 56.2 5:10p 35.0 4:05a 18.6 0.0 0.00 10.6 37.0 4:15p WSW 15 53.2 68.2 3:30p 35.5 7:15a 12.0 0.3 0.00 5.2 23.0 3:40p WSW 16 52.5 68.3 12:45p 38.5 11:55p 12.8 0.2 0.00 10.8 41.0 12:50p W 17 47.9 66.8 6:05p 30.3 7:40a 17.2 0.1 0.00 2.8 15.0 3:30p SSE 18 54.6 71.0 4:05p 36.1 6:15a 11.4 1.0 0.00 2.2 12.0 12:05p SE 19 56.2 75.6 5:05p 37.0 7:25a 11.0 2.2 0.00 2.0 16.0 6:30p SE 20 60.9 80.6 4:20p 40.3 7:40a 8.2 4.1 0.00 3.5 26.0 5:35p SW 21 64.4 76.6 3:25p 53.6 7:35a 3.6 2.9 0.00 6.1 26.0 2:00p SSE 22 55.2 62.7 12:05a 45.9 7:35a 9.8 0.0 0.00 9.0 33.0 2:00p W 23 54.3 67.6 4:55p 40.9 4:40a 10.9 0.2 0.00 6.4 26.0 4:10p S 24 45.0 54.4 1:10p 38.9 12:00m 20.0 0.0 0.04 4.6 28.0 1:55p SSW 25 48.1 61.7 2:55p 33.9 3:50a 16.9 0.0 0.01 5.4 23.0 4:50p SW 26 55.2 66.8 4:50p 39.4 6:20a 10.0 0.1 0.00 5.6 23.0 3:25p WSW 27 51.9 61.1 5:45p 43.4 12:00m 13.1 0.0 0.01 3.8 21.0 11:30a NNW 28 55.0 71.5 4:10p 36.5 7:20a 11.3 1.2 0.00 2.9 15.0 6:50p SE 29 62.1 78.2 4:05p 43.6 7:05a 6.4 3.5 0.00 3.9 18.0 11:30a SSW 30 65.6 78.9 3:40p 50.5 6:20a 3.7 4.3 0.00 6.5 30.0 2:50p W 31 56.9 72.0 5:00p 40.1 6:55a 9.3 1.1 0.00 5.8 24.0 11:50p E ------------------------------------------------------------------------------------- 54.8 80.6 20 27.6 2 352.2 37.2 0.06 5.2 41.0 16 SSW Max >= 90.0: 0 Max <= 32.0: 0 Min <= 32.0: 3 Min <= 0.0: 0 Max Rain: 0.04 ON 03/24/21 Days of Rain: 1 (>.01 in) 0 (>.1 in) 0 (>1 in) Heat Base: 65.0 Cool Base: 65.0 Method: Integration