NOAA-style Climate Reports

- as reported from this site (LasCruces-Weather.com) beginning 04-03-07

2023: Jan | Feb | Mar | Apr | May | Jun | Jul | Aug | Sep | Oct | Nov | Dec 
2022: Jan | Feb | Mar | Apr | May | Jun | Jul | Aug | Sep | Oct | Nov | Dec 
2021: Jan | Feb | Mar | Apr | May | Jun | Jul | Aug | Sep | Oct | Nov | Dec 
2020: Jan | Feb | Mar | Apr | May | Jun | Jul | Aug | Sep | Oct | Nov | Dec 
2019: Jan | Feb | Mar | Apr | May | Jun | Jul | Aug | Sep | Oct | Nov | Dec 
2018: Jan | Feb | Mar | Apr | May | Jun | Jul | Aug | Sep | Oct | Nov | Dec 
2017: Jan | Feb | Mar | Apr | May | Jun | Jul | Aug | Sep | Oct | Nov | Dec 
2016: Jan | Feb | Mar | Apr | May | Jun | Jul | Aug | Sep | Oct | Nov | Dec 
2015: Jan | Feb | Mar | Apr | May | Jun | Jul | Aug | Sep | Oct | Nov | Dec 
2014: Jan | Feb | Mar | Apr | May | Jun | Jul | Aug | Sep | Oct | Nov | Dec 
2013: Jan | Feb | Mar | Apr | May | Jun | Jul | Aug | Sep | Oct | Nov | Dec 
2012: Jan | Feb | Mar | Apr | May | Jun | Jul | Aug | Sep | Oct | Nov | Dec 
2011: Jan | Feb | Mar | Apr | May | Jun | Jul | Aug | Sep | Oct | Nov | Dec 
2010: Jan | Feb | Mar | Apr | May | Jun | Jul | Aug | Sep | Oct | Nov | Dec 
2009: Jan | Feb | Mar | Apr | May | Jun | Jul | Aug | Sep | Oct | Nov | Dec 
2008: Jan | Feb | Mar | Apr | May | Jun | Jul | Aug | Sep | Oct | Nov | Dec 
2007: Jan | Feb | Mar | Apr | May | Jun | Jul | Aug | Sep | Oct | Nov | Dec 

Report for 2021 02
MONTHLY CLIMATOLOGICAL SUMMARY for FEB. 2021 NAME: C32 CITY: Las Cruces|East Mesa STATE: NM ELEV: 4474 ft LAT: 32 24' 08" N LONG: 106 41' 01" W TEMPERATURE (F), RAIN (in), WIND SPEED (mph) HEAT COOL AVG MEAN DEG DEG WIND DOM DAY TEMP HIGH TIME LOW TIME DAYS DAYS RAIN SPEED HIGH TIME DIR ------------------------------------------------------------------------------------ 1 48.2 62.7 3:30p 34.3 7:20a 16.8 0.0 0.00 1.5 10.0 12:30a SE 2 54.5 69.2 2:20p 41.0 7:00a 11.0 0.5 0.00 2.1 12.0 2:15p S 3 60.7 73.8 3:05p 45.3 7:30a 6.3 1.9 0.00 5.6 26.0 3:55p WSW 4 58.4 67.9 2:45p 47.5 12:00m 6.9 0.4 0.00 7.7 30.0 4:25p WSW 5 50.4 65.3 3:55p 33.6 7:00a 14.6 0.0 0.00 5.5 24.0 4:25p WSW 6 48.9 63.4 5:10p 34.9 7:10a 16.1 0.0 0.00 3.4 21.0 1:00p NE 7 55.0 70.9 3:40p 41.0 12:25a 10.8 0.8 0.00 4.6 17.0 2:55p S 8 58.2 72.4 3:10p 45.8 6:25a 8.0 1.3 0.00 6.9 22.0 2:05p S 9 56.5 70.7 3:45p 42.0 5:40a 9.5 1.0 0.00 3.9 19.0 1:20p SW 10 56.4 68.8 3:20p 46.6 6:15a 9.0 0.4 0.00 3.9 19.0 12:05p WSW 11 53.1 69.0 2:40p 38.2 7:05a 12.3 0.5 0.00 3.0 14.0 3:45p NNW 12 54.0 63.9 4:05p 43.8 6:20a 11.0 0.0 0.00 3.7 22.0 2:35p SSW 13 53.0 61.3 1:15p 40.2 7:20a 12.0 0.0 0.00 6.2 30.0 5:40p SSW 14 30.4 52.1 12:05a 17.5 11:40p 34.6 0.0 0.12 4.2 26.0 12:10p WNW 15 23.4 32.7 4:45p 16.3 5:15a 41.6 0.0 0.05 2.9 10.0 10:30a SW 16 37.4 48.3 4:30p 28.4 12:05a 27.6 0.0 0.05 5.3 30.0 2:15p SSW 17 41.4 51.0 4:30p 32.8 12:00m 23.6 0.0 0.00 5.8 26.0 1:05p N 18 36.9 49.0 4:25p 28.3 6:35a 28.1 0.0 0.00 3.2 12.0 12:05p N 19 41.3 58.0 4:45p 25.4 4:30a 23.7 0.0 0.00 2.0 12.0 3:45p SE 20 53.6 71.9 3:20p 36.5 1:30a 12.3 1.0 0.00 5.0 21.0 11:40a SSW 21 49.3 58.7 4:15p 39.4 12:00m 15.7 0.0 0.00 7.6 23.0 8:55a N 22 47.5 67.2 4:10p 29.4 5:10a 17.7 0.2 0.00 2.7 12.0 2:10p NE 23 52.7 71.9 4:15p 32.9 6:00a 13.5 1.2 0.00 4.1 29.0 4:20p WSW 24 55.7 71.9 3:20p 39.6 7:15a 10.7 1.4 0.00 4.1 21.0 1:30p SSE 25 55.2 70.7 3:00p 39.2 6:25a 10.8 1.0 0.00 4.2 20.0 12:15p WSW 26 49.4 67.4 3:20p 31.2 7:25a 15.9 0.2 0.00 2.7 24.0 2:40p NNW 27 54.2 66.4 3:10p 37.4 7:05a 10.9 0.1 0.00 5.6 26.0 3:05p SW 28 50.3 62.5 4:15p 35.5 7:05a 14.7 0.0 0.00 5.0 23.0 4:55p WSW ------------------------------------------------------------------------------------- 49.5 73.8 3 16.3 15 445.7 11.9 0.22 4.4 30.0 4 SW Max >= 90.0: 0 Max <= 32.0: 0 Min <= 32.0: 7 Min <= 0.0: 0 Max Rain: 0.12 ON 02/14/21 Days of Rain: 3 (>.01 in) 1 (>.1 in) 0 (>1 in) Heat Base: 65.0 Cool Base: 65.0 Method: Integration