NOAA-style Climate Reports

- as reported from this site (LasCruces-Weather.com) beginning 04-03-07

2023: Jan | Feb | Mar | Apr | May | Jun | Jul | Aug | Sep | Oct | Nov | Dec 
2022: Jan | Feb | Mar | Apr | May | Jun | Jul | Aug | Sep | Oct | Nov | Dec 
2021: Jan | Feb | Mar | Apr | May | Jun | Jul | Aug | Sep | Oct | Nov | Dec 
2020: Jan | Feb | Mar | Apr | May | Jun | Jul | Aug | Sep | Oct | Nov | Dec 
2019: Jan | Feb | Mar | Apr | May | Jun | Jul | Aug | Sep | Oct | Nov | Dec 
2018: Jan | Feb | Mar | Apr | May | Jun | Jul | Aug | Sep | Oct | Nov | Dec 
2017: Jan | Feb | Mar | Apr | May | Jun | Jul | Aug | Sep | Oct | Nov | Dec 
2016: Jan | Feb | Mar | Apr | May | Jun | Jul | Aug | Sep | Oct | Nov | Dec 
2015: Jan | Feb | Mar | Apr | May | Jun | Jul | Aug | Sep | Oct | Nov | Dec 
2014: Jan | Feb | Mar | Apr | May | Jun | Jul | Aug | Sep | Oct | Nov | Dec 
2013: Jan | Feb | Mar | Apr | May | Jun | Jul | Aug | Sep | Oct | Nov | Dec 
2012: Jan | Feb | Mar | Apr | May | Jun | Jul | Aug | Sep | Oct | Nov | Dec 
2011: Jan | Feb | Mar | Apr | May | Jun | Jul | Aug | Sep | Oct | Nov | Dec 
2010: Jan | Feb | Mar | Apr | May | Jun | Jul | Aug | Sep | Oct | Nov | Dec 
2009: Jan | Feb | Mar | Apr | May | Jun | Jul | Aug | Sep | Oct | Nov | Dec 
2008: Jan | Feb | Mar | Apr | May | Jun | Jul | Aug | Sep | Oct | Nov | Dec 
2007: Jan | Feb | Mar | Apr | May | Jun | Jul | Aug | Sep | Oct | Nov | Dec 

Report for 2021 01
MONTHLY CLIMATOLOGICAL SUMMARY for JAN. 2021 NAME: C32 CITY: Las Cruces|East Mesa STATE: NM ELEV: 4474 ft LAT: 32 24' 08" N LONG: 106 41' 01" W TEMPERATURE (F), RAIN (in), WIND SPEED (mph) HEAT COOL AVG MEAN DEG DEG WIND DOM DAY TEMP HIGH TIME LOW TIME DAYS DAYS RAIN SPEED HIGH TIME DIR ------------------------------------------------------------------------------------ 1 36.6 51.6 3:35p 25.7 12:00m 28.4 0.0 0.00 2.1 10.0 1:35a SE 2 39.0 54.8 3:35p 23.8 1:55a 26.0 0.0 0.00 3.2 16.0 1:25p SSW 3 42.7 57.4 3:30p 22.6 7:20a 22.3 0.0 0.00 2.8 15.0 6:35p SSW 4 43.3 61.4 4:05p 29.0 4:05a 21.7 0.0 0.00 3.0 14.0 7:40a NNE 5 46.1 62.9 3:55p 30.1 4:45a 18.9 0.0 0.00 3.3 17.0 2:15p SSW 6 41.5 58.0 3:15p 27.3 6:10a 23.5 0.0 0.00 4.3 19.0 2:35p N 7 41.0 60.2 4:05p 23.6 7:20a 24.0 0.0 0.00 1.8 10.0 8:40a ESE 8 43.9 63.0 3:35p 29.3 7:50a 21.0 0.0 0.00 2.5 12.0 12:55p SW 9 43.6 61.1 2:30p 29.7 7:45a 21.4 0.0 0.00 5.2 24.0 7:00p SW 10 35.3 43.4 3:25p 27.8 11:55p 29.7 0.0 0.00 1.8 9.0 12:40p SSW 11 31.4 45.3 3:25p 18.4 7:25a 33.6 0.0 0.00 1.0 9.0 12:40p E 12 35.0 53.1 3:40p 20.9 6:50a 30.0 0.0 0.00 1.8 9.0 9:10a N 13 39.5 58.9 4:25p 20.9 4:20a 25.5 0.0 0.00 2.2 11.0 9:10a SE 14 46.6 66.4 4:10p 29.2 7:45a 18.4 0.1 0.00 3.9 20.0 1:20p NNE 15 45.7 65.1 4:35p 32.3 5:35a 19.3 0.0 0.00 3.6 19.0 1:15p N 16 45.0 63.6 4:05p 26.8 7:45a 20.0 0.0 0.00 2.7 14.0 2:05p NE 17 48.3 66.7 3:25p 29.5 6:55a 16.8 0.1 0.00 3.2 12.0 9:20p E 18 54.3 69.8 3:40p 29.8 7:20a 11.1 0.5 0.00 4.1 23.0 12:00m SSE 19 48.8 57.1 12:05a 40.5 12:00m 16.2 0.0 0.01 8.8 26.0 12:15a E 20 41.4 48.2 4:15p 35.7 7:20a 23.6 0.0 0.05 2.6 11.0 4:55a N 21 46.4 55.4 3:40p 40.8 5:35a 18.6 0.0 0.00 2.7 13.0 3:20p SSW 22 47.6 59.7 3:20p 37.2 7:10a 17.4 0.0 0.01 2.4 15.0 4:20p S 23 49.5 61.9 3:15p 38.9 7:05a 15.5 0.0 0.00 3.3 25.0 4:25p SW 24 46.9 60.5 2:40p 36.3 11:50p 18.1 0.0 0.00 6.6 34.0 3:15p WSW 25 40.3 49.3 3:20p 32.5 5:40a 24.7 0.0 0.00 6.0 26.0 1:40p WSW 26 35.5 43.3 1:05p 29.4 12:00m 29.5 0.0 0.04 7.2 28.0 11:50a WSW 27 34.3 51.9 4:00p 17.3 7:30a 30.7 0.0 0.00 2.2 11.0 9:55a E 28 42.0 61.0 4:20p 28.2 3:50a 23.0 0.0 0.00 3.0 13.0 11:45a N 29 47.2 58.5 5:25p 35.2 3:15a 17.8 0.0 0.01 4.3 31.0 8:30p SSW 30 46.8 59.0 3:25p 36.2 12:00m 18.2 0.0 0.00 5.4 29.0 12:25a NNW 31 45.8 62.8 4:05p 28.7 5:25a 19.2 0.0 0.00 4.7 20.0 9:20p N ------------------------------------------------------------------------------------- 42.9 69.8 18 17.3 27 684.1 0.7 0.12 3.6 34.0 24 E Max >= 90.0: 0 Max <= 32.0: 0 Min <= 32.0: 21 Min <= 0.0: 0 Max Rain: 0.05 ON 01/20/21 Days of Rain: 2 (>.01 in) 0 (>.1 in) 0 (>1 in) Heat Base: 65.0 Cool Base: 65.0 Method: Integration