NOAA-style Climate Reports

- as reported from this site (LasCruces-Weather.com) beginning 04-03-07

2023: Jan | Feb | Mar | Apr | May | Jun | Jul | Aug | Sep | Oct | Nov | Dec 
2022: Jan | Feb | Mar | Apr | May | Jun | Jul | Aug | Sep | Oct | Nov | Dec 
2021: Jan | Feb | Mar | Apr | May | Jun | Jul | Aug | Sep | Oct | Nov | Dec 
2020: Jan | Feb | Mar | Apr | May | Jun | Jul | Aug | Sep | Oct | Nov | Dec 
2019: Jan | Feb | Mar | Apr | May | Jun | Jul | Aug | Sep | Oct | Nov | Dec 
2018: Jan | Feb | Mar | Apr | May | Jun | Jul | Aug | Sep | Oct | Nov | Dec 
2017: Jan | Feb | Mar | Apr | May | Jun | Jul | Aug | Sep | Oct | Nov | Dec 
2016: Jan | Feb | Mar | Apr | May | Jun | Jul | Aug | Sep | Oct | Nov | Dec 
2015: Jan | Feb | Mar | Apr | May | Jun | Jul | Aug | Sep | Oct | Nov | Dec 
2014: Jan | Feb | Mar | Apr | May | Jun | Jul | Aug | Sep | Oct | Nov | Dec 
2013: Jan | Feb | Mar | Apr | May | Jun | Jul | Aug | Sep | Oct | Nov | Dec 
2012: Jan | Feb | Mar | Apr | May | Jun | Jul | Aug | Sep | Oct | Nov | Dec 
2011: Jan | Feb | Mar | Apr | May | Jun | Jul | Aug | Sep | Oct | Nov | Dec 
2010: Jan | Feb | Mar | Apr | May | Jun | Jul | Aug | Sep | Oct | Nov | Dec 
2009: Jan | Feb | Mar | Apr | May | Jun | Jul | Aug | Sep | Oct | Nov | Dec 
2008: Jan | Feb | Mar | Apr | May | Jun | Jul | Aug | Sep | Oct | Nov | Dec 
2007: Jan | Feb | Mar | Apr | May | Jun | Jul | Aug | Sep | Oct | Nov | Dec 

Report for 2020 12
MONTHLY CLIMATOLOGICAL SUMMARY for DEC. 2020 NAME: C32 CITY: Las Cruces|East Mesa STATE: NM ELEV: 4474 ft LAT: 32 24' 08" N LONG: 106 41' 01" W TEMPERATURE (F), RAIN (in), WIND SPEED (mph) HEAT COOL AVG MEAN DEG DEG WIND DOM DAY TEMP HIGH TIME LOW TIME DAYS DAYS RAIN SPEED HIGH TIME DIR ------------------------------------------------------------------------------------ 1 42.8 60.7 3:35p 27.2 7:25a 22.2 0.0 0.00 3.2 15.0 1:10p SW 2 36.6 47.5 12:20p 26.6 6:50a 28.4 0.0 0.00 2.9 15.0 2:40p ENE 3 33.7 47.4 4:00p 21.9 6:55a 31.3 0.0 0.00 1.9 12.0 3:05p N 4 36.6 54.6 2:45p 22.1 5:55a 28.4 0.0 0.00 3.1 16.0 3:55p SE 5 41.0 59.7 2:50p 24.7 6:50a 24.0 0.0 0.00 3.5 18.0 2:05p N 6 43.6 62.6 2:55p 28.3 6:50a 21.4 0.0 0.00 2.4 11.0 9:25a SE 7 43.4 64.2 4:40p 26.9 6:05a 21.6 0.0 0.00 2.1 11.0 8:20a E 8 44.4 66.3 3:00p 29.4 4:40a 20.6 0.0 0.00 2.6 12.0 8:40a NE 9 46.1 66.4 3:10p 25.2 6:50a 19.0 0.1 0.00 2.3 12.0 9:05a ENE 10 48.1 55.3 3:10p 40.8 9:15a 16.9 0.0 0.20 3.2 16.0 3:35p S 11 47.4 56.4 2:25p 38.5 6:45a 17.6 0.0 0.00 6.4 22.0 3:25p S 12 48.4 59.6 2:30p 38.7 7:10a 16.6 0.0 0.00 5.2 21.0 3:25p SW 13 38.5 48.2 3:30p 28.9 7:25a 26.5 0.0 0.00 5.6 28.0 1:05a N 14 38.6 51.8 3:55p 25.0 5:20a 26.4 0.0 0.00 2.9 18.0 2:45p SSW 15 38.7 50.0 3:30p 28.4 6:25a 26.3 0.0 0.00 3.9 22.0 1:30p N 16 36.9 53.8 3:05p 22.3 7:40a 28.1 0.0 0.00 2.6 10.0 10:35a NNE 17 41.4 57.5 3:30p 27.7 3:50a 23.6 0.0 0.00 3.4 13.0 12:10p SSW 18 49.8 60.3 3:20p 37.7 11:20p 15.2 0.0 0.00 4.5 20.0 2:45p S 19 41.7 56.7 3:35p 30.4 6:00a 23.3 0.0 0.00 3.2 11.0 8:10a N 20 40.6 61.7 3:55p 25.7 2:05a 24.4 0.0 0.00 2.8 13.0 7:50a NNE 21 43.8 63.8 3:05p 29.2 1:00a 21.2 0.0 0.00 3.4 14.0 10:50a NE 22 46.7 62.7 4:15p 28.5 7:10a 18.3 0.0 0.00 4.2 19.0 3:10p SSW 23 46.9 61.2 1:15p 25.2 12:00m 18.1 0.0 0.00 7.0 34.0 7:15p S 24 31.5 46.3 2:35p 20.0 7:40a 33.5 0.0 0.00 2.4 14.0 9:00a NW 25 35.9 52.7 2:20p 22.5 5:40a 29.1 0.0 0.00 2.1 9.0 8:20a N 26 41.7 59.6 4:20p 21.4 7:30a 23.3 0.0 0.00 2.7 11.0 8:35a S 27 50.8 66.8 3:35p 40.9 4:40a 14.3 0.1 0.00 3.8 13.0 4:05a S 28 53.7 69.5 2:00p 34.3 7:15a 11.9 0.7 0.00 4.7 24.0 2:25p S 29 49.4 55.9 1:00p 35.1 11:35p 15.6 0.0 0.00 6.1 25.0 1:10p W 30 38.5 50.3 2:00p 27.1 11:55p 26.5 0.0 0.00 4.9 22.0 11:35a NNE 31 33.5 49.9 3:10p 18.6 6:30a 31.5 0.0 0.00 2.7 11.0 2:20p SE ------------------------------------------------------------------------------------- 42.3 69.5 28 18.6 31 705.1 0.9 0.20 3.6 34.0 23 N Max >= 90.0: 0 Max <= 32.0: 0 Min <= 32.0: 24 Min <= 0.0: 0 Max Rain: 0.20 ON 12/10/20 Days of Rain: 1 (>.01 in) 1 (>.1 in) 0 (>1 in) Heat Base: 65.0 Cool Base: 65.0 Method: Integration