NOAA-style Climate Reports

- as reported from this site (LasCruces-Weather.com) beginning 04-03-07

2023: Jan | Feb | Mar | Apr | May | Jun | Jul | Aug | Sep | Oct | Nov | Dec 
2022: Jan | Feb | Mar | Apr | May | Jun | Jul | Aug | Sep | Oct | Nov | Dec 
2021: Jan | Feb | Mar | Apr | May | Jun | Jul | Aug | Sep | Oct | Nov | Dec 
2020: Jan | Feb | Mar | Apr | May | Jun | Jul | Aug | Sep | Oct | Nov | Dec 
2019: Jan | Feb | Mar | Apr | May | Jun | Jul | Aug | Sep | Oct | Nov | Dec 
2018: Jan | Feb | Mar | Apr | May | Jun | Jul | Aug | Sep | Oct | Nov | Dec 
2017: Jan | Feb | Mar | Apr | May | Jun | Jul | Aug | Sep | Oct | Nov | Dec 
2016: Jan | Feb | Mar | Apr | May | Jun | Jul | Aug | Sep | Oct | Nov | Dec 
2015: Jan | Feb | Mar | Apr | May | Jun | Jul | Aug | Sep | Oct | Nov | Dec 
2014: Jan | Feb | Mar | Apr | May | Jun | Jul | Aug | Sep | Oct | Nov | Dec 
2013: Jan | Feb | Mar | Apr | May | Jun | Jul | Aug | Sep | Oct | Nov | Dec 
2012: Jan | Feb | Mar | Apr | May | Jun | Jul | Aug | Sep | Oct | Nov | Dec 
2011: Jan | Feb | Mar | Apr | May | Jun | Jul | Aug | Sep | Oct | Nov | Dec 
2010: Jan | Feb | Mar | Apr | May | Jun | Jul | Aug | Sep | Oct | Nov | Dec 
2009: Jan | Feb | Mar | Apr | May | Jun | Jul | Aug | Sep | Oct | Nov | Dec 
2008: Jan | Feb | Mar | Apr | May | Jun | Jul | Aug | Sep | Oct | Nov | Dec 
2007: Jan | Feb | Mar | Apr | May | Jun | Jul | Aug | Sep | Oct | Nov | Dec 

Report for 2020 11
MONTHLY CLIMATOLOGICAL SUMMARY for NOV. 2020 NAME: C32 CITY: Las Cruces|East Mesa STATE: NM ELEV: 4474 ft LAT: 32 24' 08" N LONG: 106 41' 01" W TEMPERATURE (F), RAIN (in), WIND SPEED (mph) HEAT COOL AVG MEAN DEG DEG WIND DOM DAY TEMP HIGH TIME LOW TIME DAYS DAYS RAIN SPEED HIGH TIME DIR ------------------------------------------------------------------------------------ 1 62.9 74.8 2:40p 50.2 12:00m 4.2 2.1 0.00 3.4 29.0 3:50a E 2 58.4 75.8 3:05p 44.1 5:15a 8.8 2.2 0.00 0.9 14.0 3:55p NE 3 59.6 76.2 3:15p 43.9 6:50a 7.9 2.5 0.00 1.6 11.0 12:25p SW 4 62.6 82.4 3:45p 46.2 7:00a 6.7 4.3 0.00 1.3 10.0 9:50a N 5 65.8 81.8 2:15p 48.3 4:15a 5.0 5.8 0.00 6.9 24.0 2:40p E 6 67.3 78.6 3:10p 48.4 6:40a 2.9 5.3 0.00 4.1 22.0 10:30p S 7 70.7 80.4 2:55p 56.2 7:20a 0.7 6.4 0.00 6.7 26.0 9:05p SSW 8 64.0 73.0 3:30p 55.8 7:05a 2.4 1.4 0.02 8.5 36.0 3:30p SSW 9 57.2 64.4 3:10p 45.5 12:00m 7.8 0.0 0.00 6.1 27.0 8:15a W 10 47.4 60.4 3:00p 35.5 7:00a 17.6 0.0 0.00 3.6 14.0 12:20p NE 11 48.3 64.3 4:15p 29.0 7:05a 16.7 0.0 0.00 2.9 14.0 3:20p NNE 12 52.1 68.0 2:25p 39.2 6:15a 13.0 0.2 0.00 1.3 9.0 9:40a ESE 13 55.2 73.0 2:50p 37.9 6:30a 11.2 1.4 0.00 2.0 14.0 7:50a NNE 14 57.7 71.0 2:25p 46.7 12:00m 8.2 1.0 0.00 6.5 28.0 1:00p WSW 15 50.8 70.6 3:35p 35.2 5:25a 15.0 0.8 0.00 3.5 13.0 1:15a N 16 53.3 76.8 3:50p 34.9 5:10a 13.9 2.2 0.00 2.6 12.0 8:50a NNE 17 56.9 78.1 1:55p 39.7 6:20a 10.8 2.7 0.00 3.0 15.0 3:30p NNE 18 61.0 78.3 2:50p 43.9 6:20a 7.2 3.2 0.00 1.9 15.0 1:20p SSW 19 66.4 81.7 2:55p 55.1 5:45a 3.1 4.6 0.00 3.3 18.0 10:15a SSW 20 63.2 80.8 2:30p 46.1 6:50a 5.6 3.8 0.00 1.6 16.0 3:50p SSW 21 60.9 76.4 3:10p 46.0 6:50a 6.8 2.7 0.00 1.9 12.0 12:25p S 22 58.5 75.7 1:10p 44.6 6:10a 8.1 1.6 0.00 4.6 23.0 3:15p E 23 58.8 73.1 2:25p 44.6 7:00a 7.6 1.4 0.00 4.6 23.0 2:15p SSW 24 53.9 61.9 2:45p 41.4 11:50p 11.1 0.0 0.00 6.4 31.0 11:20a W 25 49.3 64.0 3:25p 34.9 5:30a 15.7 0.0 0.00 3.1 18.0 2:05p E 26 53.5 66.5 3:05p 43.4 6:55a 11.6 0.2 0.00 3.7 18.0 2:20p SSE 27 50.6 63.5 12:00p 35.4 12:00m 14.4 0.0 0.00 4.6 23.0 12:25p SE 28 41.3 57.1 3:05p 31.0 6:00a 23.7 0.0 0.00 2.7 12.0 10:05a NE 29 43.9 62.6 3:15p 26.0 7:30a 21.1 0.0 0.00 3.6 25.0 8:55p E 30 40.9 54.8 3:35p 29.1 6:35a 24.1 0.0 0.00 1.9 11.0 1:05p E ------------------------------------------------------------------------------------- 56.4 82.4 4 26.0 29 312.9 55.8 0.02 3.6 36.0 8 SSW Max >= 90.0: 0 Max <= 32.0: 0 Min <= 32.0: 4 Min <= 0.0: 0 Max Rain: 0.02 ON 11/08/20 Days of Rain: 1 (>.01 in) 0 (>.1 in) 0 (>1 in) Heat Base: 65.0 Cool Base: 65.0 Method: Integration