NOAA-style Climate Reports

- as reported from this site (LasCruces-Weather.com) beginning 04-03-07

2023: Jan | Feb | Mar | Apr | May | Jun | Jul | Aug | Sep | Oct | Nov | Dec 
2022: Jan | Feb | Mar | Apr | May | Jun | Jul | Aug | Sep | Oct | Nov | Dec 
2021: Jan | Feb | Mar | Apr | May | Jun | Jul | Aug | Sep | Oct | Nov | Dec 
2020: Jan | Feb | Mar | Apr | May | Jun | Jul | Aug | Sep | Oct | Nov | Dec 
2019: Jan | Feb | Mar | Apr | May | Jun | Jul | Aug | Sep | Oct | Nov | Dec 
2018: Jan | Feb | Mar | Apr | May | Jun | Jul | Aug | Sep | Oct | Nov | Dec 
2017: Jan | Feb | Mar | Apr | May | Jun | Jul | Aug | Sep | Oct | Nov | Dec 
2016: Jan | Feb | Mar | Apr | May | Jun | Jul | Aug | Sep | Oct | Nov | Dec 
2015: Jan | Feb | Mar | Apr | May | Jun | Jul | Aug | Sep | Oct | Nov | Dec 
2014: Jan | Feb | Mar | Apr | May | Jun | Jul | Aug | Sep | Oct | Nov | Dec 
2013: Jan | Feb | Mar | Apr | May | Jun | Jul | Aug | Sep | Oct | Nov | Dec 
2012: Jan | Feb | Mar | Apr | May | Jun | Jul | Aug | Sep | Oct | Nov | Dec 
2011: Jan | Feb | Mar | Apr | May | Jun | Jul | Aug | Sep | Oct | Nov | Dec 
2010: Jan | Feb | Mar | Apr | May | Jun | Jul | Aug | Sep | Oct | Nov | Dec 
2009: Jan | Feb | Mar | Apr | May | Jun | Jul | Aug | Sep | Oct | Nov | Dec 
2008: Jan | Feb | Mar | Apr | May | Jun | Jul | Aug | Sep | Oct | Nov | Dec 
2007: Jan | Feb | Mar | Apr | May | Jun | Jul | Aug | Sep | Oct | Nov | Dec 

Report for 2020 10
MONTHLY CLIMATOLOGICAL SUMMARY for OCT. 2020 NAME: C32 CITY: Las Cruces|East Mesa STATE: NM ELEV: 4474 ft LAT: 32 24' 08" N LONG: 106 41' 01" W TEMPERATURE (F), RAIN (in), WIND SPEED (mph) HEAT COOL AVG MEAN DEG DEG WIND DOM DAY TEMP HIGH TIME LOW TIME DAYS DAYS RAIN SPEED HIGH TIME DIR ------------------------------------------------------------------------------------ 1 72.2 91.0 3:35p 51.9 7:25a 2.3 9.5 0.00 3.6 17.0 5:00p SE 2 71.6 88.2 5:00p 52.4 6:50a 2.3 8.8 0.00 2.8 16.0 4:25p S 3 74.1 90.5 4:00p 55.5 7:35a 0.8 9.9 0.00 3.6 21.0 9:00p E 4 69.2 87.4 3:55p 51.9 7:30a 3.0 7.2 0.00 2.4 13.0 2:55p SSE 5 73.7 91.7 5:00p 54.9 5:25a 1.9 10.6 0.00 2.4 14.0 10:40a S 6 72.4 92.2 4:30p 53.2 5:00a 2.3 9.7 0.00 2.8 11.0 3:55p NNE 7 72.0 90.4 4:05p 52.8 6:40a 2.1 9.1 0.00 2.4 12.0 4:25p SE 8 73.5 92.3 4:25p 56.6 4:50a 1.7 10.2 0.00 2.4 11.0 1:15p SE 9 73.5 91.5 3:25p 56.5 6:40a 1.0 9.5 0.00 2.5 16.0 4:40p SE 10 71.8 88.0 4:10p 54.0 7:45a 1.5 8.3 0.00 2.8 20.0 3:00p WSW 11 72.6 85.1 3:45p 58.8 7:35a 0.9 8.5 0.00 5.8 26.0 3:00p WSW 12 68.9 85.7 3:30p 53.0 7:45a 2.8 6.6 0.00 3.4 15.0 3:05p SE 13 70.3 90.8 4:40p 51.3 8:05a 3.2 8.5 0.00 2.3 11.0 11:00a SE 14 75.2 94.6 4:50p 55.8 8:10a 1.2 11.4 0.00 2.7 18.0 5:35p SE 15 69.6 84.3 3:40p 56.7 7:15a 2.0 6.6 0.00 3.0 20.0 2:15p E 16 62.6 77.6 4:30p 50.8 7:05a 5.5 3.1 0.00 2.1 14.0 4:25p ESE 17 68.9 88.3 4:45p 49.6 7:20a 4.6 8.5 0.00 3.9 23.0 6:00p SW 18 70.9 88.5 4:15p 50.5 7:55a 2.8 8.7 0.00 2.6 15.0 6:30p SE 19 69.7 88.9 4:10p 51.5 7:50a 3.3 8.0 0.00 2.3 16.0 4:35p SE 20 69.5 89.0 4:05p 50.1 7:45a 2.6 7.1 0.00 2.4 11.0 4:40p SE 21 70.2 88.5 4:25p 51.0 7:05a 2.5 7.7 0.00 2.4 15.0 2:05p SE 22 70.7 84.1 3:45p 60.5 8:05a 1.0 6.8 0.00 4.2 21.0 3:45p SE 23 68.6 83.9 4:10p 57.5 12:00m 2.2 5.9 0.00 3.1 17.0 2:15p SSE 24 64.2 79.6 5:15p 47.2 7:25a 5.5 4.7 0.00 2.9 18.0 3:25p SW 25 69.9 81.5 2:40p 57.6 7:50a 1.4 6.2 0.00 4.5 23.0 3:15p SSW 26 62.1 72.5 3:25p 36.6 12:00m 5.0 2.1 0.01 7.8 30.0 10:05a S 27 30.1 36.6 12:05a 25.4 8:55a 34.9 0.0 0.02 3.4 17.0 8:45a NNW 28 39.8 52.3 5:20p 31.1 12:15a 25.2 0.0 0.49 0.8 12.0 2:10p SE 29 49.2 65.0 4:35p 36.3 8:05a 15.8 0.0 0.00 1.4 12.0 3:45a WNW 30 53.3 71.1 3:55p 38.6 7:40a 12.7 0.9 0.00 1.0 10.0 3:10p SSW 31 58.1 77.5 4:25p 41.7 7:55a 9.4 2.5 0.00 0.9 8.0 5:15p N ------------------------------------------------------------------------------------- 66.4 94.6 14 25.4 27 163.4 206.6 0.52 2.9 30.0 26 SE Max >= 90.0: 9 Max <= 32.0: 0 Min <= 32.0: 2 Min <= 0.0: 0 Max Rain: 0.49 ON 10/28/20 Days of Rain: 2 (>.01 in) 1 (>.1 in) 0 (>1 in) Heat Base: 65.0 Cool Base: 65.0 Method: Integration