NOAA-style Climate Reports

- as reported from this site (LasCruces-Weather.com) beginning 04-03-07

2023: Jan | Feb | Mar | Apr | May | Jun | Jul | Aug | Sep | Oct | Nov | Dec 
2022: Jan | Feb | Mar | Apr | May | Jun | Jul | Aug | Sep | Oct | Nov | Dec 
2021: Jan | Feb | Mar | Apr | May | Jun | Jul | Aug | Sep | Oct | Nov | Dec 
2020: Jan | Feb | Mar | Apr | May | Jun | Jul | Aug | Sep | Oct | Nov | Dec 
2019: Jan | Feb | Mar | Apr | May | Jun | Jul | Aug | Sep | Oct | Nov | Dec 
2018: Jan | Feb | Mar | Apr | May | Jun | Jul | Aug | Sep | Oct | Nov | Dec 
2017: Jan | Feb | Mar | Apr | May | Jun | Jul | Aug | Sep | Oct | Nov | Dec 
2016: Jan | Feb | Mar | Apr | May | Jun | Jul | Aug | Sep | Oct | Nov | Dec 
2015: Jan | Feb | Mar | Apr | May | Jun | Jul | Aug | Sep | Oct | Nov | Dec 
2014: Jan | Feb | Mar | Apr | May | Jun | Jul | Aug | Sep | Oct | Nov | Dec 
2013: Jan | Feb | Mar | Apr | May | Jun | Jul | Aug | Sep | Oct | Nov | Dec 
2012: Jan | Feb | Mar | Apr | May | Jun | Jul | Aug | Sep | Oct | Nov | Dec 
2011: Jan | Feb | Mar | Apr | May | Jun | Jul | Aug | Sep | Oct | Nov | Dec 
2010: Jan | Feb | Mar | Apr | May | Jun | Jul | Aug | Sep | Oct | Nov | Dec 
2009: Jan | Feb | Mar | Apr | May | Jun | Jul | Aug | Sep | Oct | Nov | Dec 
2008: Jan | Feb | Mar | Apr | May | Jun | Jul | Aug | Sep | Oct | Nov | Dec 
2007: Jan | Feb | Mar | Apr | May | Jun | Jul | Aug | Sep | Oct | Nov | Dec 

Report for 2020 09
MONTHLY CLIMATOLOGICAL SUMMARY for SEP. 2020 NAME: C32 CITY: Las Cruces|East Mesa STATE: NM ELEV: 4474 ft LAT: 32 24' 08" N LONG: 106 41' 01" W TEMPERATURE (F), RAIN (in), WIND SPEED (mph) HEAT COOL AVG MEAN DEG DEG WIND DOM DAY TEMP HIGH TIME LOW TIME DAYS DAYS RAIN SPEED HIGH TIME DIR ------------------------------------------------------------------------------------ 1 77.4 93.3 4:05p 69.1 6:35a 0.0 12.4 0.01 3.8 27.0 5:05p S 2 78.1 94.9 4:50p 58.8 7:00a 0.7 13.8 0.00 2.7 16.0 1:35p SE 3 83.1 99.9 5:15p 63.2 7:10a 0.0 18.1 0.00 2.9 16.0 4:50p SE 4 86.4 97.0 4:30p 74.0 7:20a 0.0 21.4 0.00 5.7 22.0 4:25p E 5 83.8 94.9 3:40p 71.2 7:20a 0.0 18.8 0.00 6.1 32.0 3:20p E 6 81.0 94.0 5:10p 65.4 7:10a 0.0 16.0 0.00 2.6 19.0 2:20a S 7 84.9 99.4 4:50p 69.8 6:25a 0.0 19.9 0.00 3.9 17.0 11:55p S 8 82.1 95.8 3:55p 66.8 10:50p 0.0 17.1 0.02 8.4 34.0 8:15p S 9 57.7 72.3 12:05a 50.4 9:00a 8.1 0.8 0.44 5.8 25.0 6:10a NNW 10 57.2 67.9 5:50p 50.7 6:30a 8.0 0.2 0.00 1.6 11.0 5:10p SW 11 63.1 75.4 4:40p 51.6 7:10a 4.6 2.7 0.00 1.2 9.0 2:50p W 12 67.0 80.2 3:00p 55.7 7:20a 2.9 4.9 0.00 2.5 11.0 9:10a N 13 70.9 84.9 3:20p 54.3 7:30a 2.1 8.0 0.00 4.5 20.0 12:45p N 14 71.6 81.2 1:45p 64.3 11:25p 0.0 6.7 0.00 4.9 22.0 6:35p E 15 70.6 83.2 4:15p 55.7 7:00a 1.8 7.4 0.00 2.2 13.0 3:10p N 16 74.6 88.4 2:25p 61.8 4:20a 0.4 10.1 0.08 3.2 20.0 6:00p SSE 17 74.4 87.5 4:30p 58.0 7:25a 0.9 10.2 0.00 3.8 21.0 4:30p N 18 73.2 85.2 4:00p 58.6 6:45a 0.8 9.0 0.00 3.9 19.0 11:00a E 19 72.7 86.1 5:05p 56.8 7:05a 1.0 8.7 0.00 2.7 14.0 11:30p NNW 20 72.7 87.5 3:35p 55.1 7:20a 1.9 9.6 0.00 2.0 21.0 12:35p NNW 21 73.8 87.8 5:15p 56.9 7:05a 1.2 10.0 0.00 2.5 16.0 5:05p SE 22 75.1 92.4 4:35p 59.4 7:35a 1.0 11.1 0.00 2.0 14.0 3:45p SSE 23 76.0 92.4 2:20p 57.5 7:30a 0.6 11.6 0.00 3.9 23.0 3:25p N 24 76.4 94.6 5:30p 60.3 4:10a 0.5 11.9 0.00 2.4 11.0 8:55a N 25 79.0 95.9 4:00p 64.1 5:25a 0.0 14.0 0.00 2.2 14.0 5:20p SE 26 80.6 95.6 4:25p 62.8 6:55a 0.1 15.6 0.00 3.9 19.0 1:05p WSW 27 79.1 94.5 5:10p 63.8 7:40a 0.0 14.1 0.00 2.9 22.0 4:05p NNW 28 67.8 77.0 4:30p 58.1 7:50a 1.0 3.8 0.00 5.2 23.0 1:00a E 29 64.9 81.3 5:45p 49.4 7:20a 4.5 4.4 0.00 2.1 11.0 2:25p SE 30 70.0 90.2 5:00p 52.4 6:20a 3.6 8.5 0.00 1.8 12.0 4:10p SE ------------------------------------------------------------------------------------- 74.2 99.9 3 49.4 29 45.7 320.8 0.55 3.4 34.0 8 SE Max >= 90.0: 15 Max <= 32.0: 0 Min <= 32.0: 0 Min <= 0.0: 0 Max Rain: 0.44 ON 09/09/20 Days of Rain: 3 (>.01 in) 1 (>.1 in) 0 (>1 in) Heat Base: 65.0 Cool Base: 65.0 Method: Integration