NOAA-style Climate Reports

- as reported from this site (LasCruces-Weather.com) beginning 04-03-07

2023: Jan | Feb | Mar | Apr | May | Jun | Jul | Aug | Sep | Oct | Nov | Dec 
2022: Jan | Feb | Mar | Apr | May | Jun | Jul | Aug | Sep | Oct | Nov | Dec 
2021: Jan | Feb | Mar | Apr | May | Jun | Jul | Aug | Sep | Oct | Nov | Dec 
2020: Jan | Feb | Mar | Apr | May | Jun | Jul | Aug | Sep | Oct | Nov | Dec 
2019: Jan | Feb | Mar | Apr | May | Jun | Jul | Aug | Sep | Oct | Nov | Dec 
2018: Jan | Feb | Mar | Apr | May | Jun | Jul | Aug | Sep | Oct | Nov | Dec 
2017: Jan | Feb | Mar | Apr | May | Jun | Jul | Aug | Sep | Oct | Nov | Dec 
2016: Jan | Feb | Mar | Apr | May | Jun | Jul | Aug | Sep | Oct | Nov | Dec 
2015: Jan | Feb | Mar | Apr | May | Jun | Jul | Aug | Sep | Oct | Nov | Dec 
2014: Jan | Feb | Mar | Apr | May | Jun | Jul | Aug | Sep | Oct | Nov | Dec 
2013: Jan | Feb | Mar | Apr | May | Jun | Jul | Aug | Sep | Oct | Nov | Dec 
2012: Jan | Feb | Mar | Apr | May | Jun | Jul | Aug | Sep | Oct | Nov | Dec 
2011: Jan | Feb | Mar | Apr | May | Jun | Jul | Aug | Sep | Oct | Nov | Dec 
2010: Jan | Feb | Mar | Apr | May | Jun | Jul | Aug | Sep | Oct | Nov | Dec 
2009: Jan | Feb | Mar | Apr | May | Jun | Jul | Aug | Sep | Oct | Nov | Dec 
2008: Jan | Feb | Mar | Apr | May | Jun | Jul | Aug | Sep | Oct | Nov | Dec 
2007: Jan | Feb | Mar | Apr | May | Jun | Jul | Aug | Sep | Oct | Nov | Dec 

Report for 2020 08
MONTHLY CLIMATOLOGICAL SUMMARY for AUG. 2020 NAME: C32 CITY: Las Cruces|East Mesa STATE: NM ELEV: 4474 ft LAT: 32 24' 08" N LONG: 106 41' 01" W TEMPERATURE (F), RAIN (in), WIND SPEED (mph) HEAT COOL AVG MEAN DEG DEG WIND DOM DAY TEMP HIGH TIME LOW TIME DAYS DAYS RAIN SPEED HIGH TIME DIR ------------------------------------------------------------------------------------ 1 83.9 98.3 4:30p 69.2 7:00a 0.0 18.9 0.09 4.6 33.0 12:10a SSE 2 82.0 97.8 4:15p 66.2 6:50a 0.0 17.0 0.00 5.4 32.0 11:40p SSW 3 83.4 98.8 5:25p 67.4 6:50a 0.0 18.4 0.00 2.5 24.0 12:05a E 4 86.1 102.5 4:35p 69.7 7:00a 0.0 21.1 0.00 2.8 23.0 10:35p SW 5 87.0 102.7 4:20p 74.2 6:40a 0.0 22.0 0.00 4.6 34.0 8:40p S 6 84.7 98.5 5:05p 73.8 6:45a 0.0 19.7 0.01 4.6 26.0 9:10p SSW 7 83.9 93.9 3:50p 75.3 6:30a 0.0 18.9 0.00 3.3 22.0 4:00p NNW 8 85.1 99.0 5:20p 69.2 7:10a 0.0 20.1 0.00 2.6 27.0 11:40p SSW 9 87.5 100.5 3:40p 73.6 7:20a 0.0 22.5 0.00 3.4 26.0 12:10a E 10 87.6 103.5 3:40p 71.6 7:00a 0.0 22.6 0.00 2.5 22.0 5:05p ESE 11 88.9 104.0 4:40p 74.6 7:05a 0.0 23.9 0.00 3.9 24.0 2:05a S 12 90.8 104.6 5:55p 77.7 7:05a 0.0 25.8 0.00 3.4 25.0 7:45p S 13 89.5 105.9 4:25p 74.9 7:05a 0.0 24.5 0.00 3.8 21.0 7:25p NNE 14 91.0 104.8 4:25p 77.5 7:05a 0.0 26.0 0.00 4.4 26.0 6:45p E 15 88.5 104.0 3:20p 73.5 7:25a 0.0 23.5 0.00 4.2 27.0 4:10p E 16 88.2 98.3 5:15p 75.8 7:30a 0.0 23.2 0.00 4.7 30.0 1:30a E 17 83.1 95.2 2:20p 72.3 6:35a 0.0 18.1 0.00 3.9 27.0 3:45p E 18 80.9 95.5 4:25p 64.0 6:50a 0.0 15.9 0.00 3.2 20.0 2:35p ESE 19 84.4 98.9 3:35p 67.3 6:50a 0.0 19.4 0.00 2.4 16.0 4:40p S 20 87.8 102.7 4:25p 71.9 5:55a 0.0 22.8 0.00 2.5 15.0 1:10p SSW 21 86.9 101.5 5:00p 71.5 6:35a 0.0 21.9 0.00 2.5 14.0 1:40p E 22 89.0 100.7 3:30p 74.9 7:10a 0.0 24.0 0.00 4.5 30.0 2:05a E 23 86.8 101.3 4:20p 73.7 6:55a 0.0 21.8 0.00 2.6 27.0 6:55p SW 24 83.0 97.1 3:50p 67.9 7:30a 0.0 18.0 0.00 2.7 15.0 2:40p SE 25 82.9 96.4 3:25p 67.8 7:15a 0.0 17.9 0.00 2.8 21.0 2:10p S 26 82.3 95.4 3:50p 65.6 7:00a 0.0 17.3 0.00 2.9 18.0 11:40a SE 27 84.9 99.1 4:25p 65.8 6:55a 0.0 19.9 0.00 2.4 17.0 5:35p SE 28 87.7 103.0 5:10p 71.5 6:55a 0.0 22.7 0.00 2.5 14.0 12:40p SW 29 87.8 102.3 4:10p 73.5 6:20a 0.0 22.8 0.00 4.2 19.0 10:45p N 30 82.9 93.7 3:15p 73.9 7:00a 0.0 17.9 0.00 4.0 18.0 3:55p N 31 82.8 94.7 4:55p 75.7 7:20a 0.0 17.8 0.00 5.3 23.0 6:30p S ------------------------------------------------------------------------------------- 85.8 105.9 13 64.0 18 0.0 646.3 0.10 3.5 34.0 5 S Max >= 90.0: 31 Max <= 32.0: 0 Min <= 32.0: 0 Min <= 0.0: 0 Max Rain: 0.09 ON 08/01/20 Days of Rain: 1 (>.01 in) 0 (>.1 in) 0 (>1 in) Heat Base: 65.0 Cool Base: 65.0 Method: Integration