NOAA-style Climate Reports

- as reported from this site (LasCruces-Weather.com) beginning 04-03-07

2023: Jan | Feb | Mar | Apr | May | Jun | Jul | Aug | Sep | Oct | Nov | Dec 
2022: Jan | Feb | Mar | Apr | May | Jun | Jul | Aug | Sep | Oct | Nov | Dec 
2021: Jan | Feb | Mar | Apr | May | Jun | Jul | Aug | Sep | Oct | Nov | Dec 
2020: Jan | Feb | Mar | Apr | May | Jun | Jul | Aug | Sep | Oct | Nov | Dec 
2019: Jan | Feb | Mar | Apr | May | Jun | Jul | Aug | Sep | Oct | Nov | Dec 
2018: Jan | Feb | Mar | Apr | May | Jun | Jul | Aug | Sep | Oct | Nov | Dec 
2017: Jan | Feb | Mar | Apr | May | Jun | Jul | Aug | Sep | Oct | Nov | Dec 
2016: Jan | Feb | Mar | Apr | May | Jun | Jul | Aug | Sep | Oct | Nov | Dec 
2015: Jan | Feb | Mar | Apr | May | Jun | Jul | Aug | Sep | Oct | Nov | Dec 
2014: Jan | Feb | Mar | Apr | May | Jun | Jul | Aug | Sep | Oct | Nov | Dec 
2013: Jan | Feb | Mar | Apr | May | Jun | Jul | Aug | Sep | Oct | Nov | Dec 
2012: Jan | Feb | Mar | Apr | May | Jun | Jul | Aug | Sep | Oct | Nov | Dec 
2011: Jan | Feb | Mar | Apr | May | Jun | Jul | Aug | Sep | Oct | Nov | Dec 
2010: Jan | Feb | Mar | Apr | May | Jun | Jul | Aug | Sep | Oct | Nov | Dec 
2009: Jan | Feb | Mar | Apr | May | Jun | Jul | Aug | Sep | Oct | Nov | Dec 
2008: Jan | Feb | Mar | Apr | May | Jun | Jul | Aug | Sep | Oct | Nov | Dec 
2007: Jan | Feb | Mar | Apr | May | Jun | Jul | Aug | Sep | Oct | Nov | Dec 

Report for 2020 07
MONTHLY CLIMATOLOGICAL SUMMARY for JUL. 2020 NAME: C32 CITY: Las Cruces|East Mesa STATE: NM ELEV: 4474 ft LAT: 32 24' 08" N LONG: 106 41' 01" W TEMPERATURE (F), RAIN (in), WIND SPEED (mph) HEAT COOL AVG MEAN DEG DEG WIND DOM DAY TEMP HIGH TIME LOW TIME DAYS DAYS RAIN SPEED HIGH TIME DIR ------------------------------------------------------------------------------------ 1 80.2 92.9 1:10p 65.1 6:10a 0.0 15.2 0.00 4.2 20.0 5:15p SW 2 83.6 96.6 5:35p 71.9 4:45a 0.0 18.6 0.00 3.1 19.0 1:55p SSW 3 86.1 100.3 5:40p 71.7 5:30a 0.0 21.1 0.00 3.5 22.0 10:30p SSW 4 87.9 103.4 4:15p 74.5 6:40a 0.0 22.9 0.00 4.1 22.0 8:10p S 5 89.0 103.6 5:10p 73.9 6:45a 0.0 24.0 0.00 4.2 19.0 12:05a S 6 86.7 99.9 2:25p 74.1 6:50a 0.0 21.7 0.00 6.6 37.0 7:50p E 7 88.0 101.3 5:05p 73.4 6:45a 0.0 23.0 0.00 3.3 17.0 6:40p S 8 90.7 105.6 4:30p 77.6 6:45a 0.0 25.7 0.00 3.8 17.0 2:20p S 9 91.2 106.1 6:10p 74.6 6:40a 0.0 26.2 0.00 3.0 17.0 11:30a N 10 92.5 106.1 1:50p 76.9 6:05a 0.0 27.5 0.00 3.0 16.0 2:15p N 11 95.5 106.8 5:05p 83.8 6:50a 0.0 30.5 0.00 4.2 22.0 1:55p S 12 94.1 107.7 3:45p 78.2 4:50a 0.0 29.1 0.00 4.3 20.0 8:55a S 13 92.9 107.7 4:35p 81.1 6:35a 0.0 27.9 0.05 5.5 32.0 7:50p S 14 88.2 104.7 3:50p 75.5 6:20a 0.0 23.2 0.00 4.2 25.0 11:55p NNW 15 86.4 103.1 5:30p 71.6 6:25a 0.0 21.4 0.01 6.6 28.0 2:45p SSW 16 88.4 101.3 4:15p 73.7 6:30a 0.0 23.4 0.00 4.4 21.0 10:10p S 17 87.0 101.8 4:40p 73.1 6:25a 0.0 22.0 0.00 2.9 27.0 3:55p SSW 18 87.4 100.3 5:15p 76.8 6:55a 0.0 22.4 0.00 4.8 26.0 8:25p S 19 83.1 98.5 4:30p 69.3 7:45p 0.0 18.1 0.55 4.0 22.0 6:05p SSW 20 81.8 99.6 4:45p 71.3 6:25a 0.0 16.8 0.35 3.9 31.0 5:55p E 21 81.1 94.3 4:10p 70.4 6:30a 0.0 16.1 0.00 3.8 28.0 4:50p S 22 77.0 93.0 2:55p 69.2 11:50p 0.0 12.0 0.06 3.4 30.0 4:05p NNW 23 75.6 92.5 3:20p 65.8 6:10a 0.0 10.6 0.01 4.6 26.0 5:20p N 24 74.2 91.2 3:55p 65.2 8:05p 0.0 9.2 0.88 3.1 23.0 7:35p S 25 75.4 88.9 7:05p 64.8 6:35a 0.0 10.4 0.00 2.0 14.0 1:05a SSW 26 80.8 94.3 4:40p 70.0 6:05a 0.0 15.8 0.00 4.8 31.0 8:30p SE 27 80.2 93.6 5:50p 67.4 6:35a 0.0 15.2 0.00 3.3 13.0 12:35a NNW 28 85.0 97.0 6:15p 72.2 6:45a 0.0 20.0 0.00 2.4 14.0 9:00p SE 29 86.7 101.8 3:35p 70.9 6:00a 0.0 21.7 0.00 2.0 21.0 3:35p SE 30 90.2 105.3 6:10p 75.4 6:50a 0.0 25.2 0.00 3.6 19.0 2:35p NNW 31 87.4 97.9 5:50p 78.8 9:10p 0.0 22.4 0.00 8.3 38.0 11:40p E ------------------------------------------------------------------------------------- 85.6 107.7 12 64.8 25 0.0 639.3 1.91 4.0 38.0 31 S Max >= 90.0: 30 Max <= 32.0: 0 Min <= 32.0: 0 Min <= 0.0: 0 Max Rain: 0.88 ON 07/24/20 Days of Rain: 5 (>.01 in) 3 (>.1 in) 0 (>1 in) Heat Base: 65.0 Cool Base: 65.0 Method: Integration