NOAA-style Climate Reports

- as reported from this site (LasCruces-Weather.com) beginning 04-03-07

2023: Jan | Feb | Mar | Apr | May | Jun | Jul | Aug | Sep | Oct | Nov | Dec 
2022: Jan | Feb | Mar | Apr | May | Jun | Jul | Aug | Sep | Oct | Nov | Dec 
2021: Jan | Feb | Mar | Apr | May | Jun | Jul | Aug | Sep | Oct | Nov | Dec 
2020: Jan | Feb | Mar | Apr | May | Jun | Jul | Aug | Sep | Oct | Nov | Dec 
2019: Jan | Feb | Mar | Apr | May | Jun | Jul | Aug | Sep | Oct | Nov | Dec 
2018: Jan | Feb | Mar | Apr | May | Jun | Jul | Aug | Sep | Oct | Nov | Dec 
2017: Jan | Feb | Mar | Apr | May | Jun | Jul | Aug | Sep | Oct | Nov | Dec 
2016: Jan | Feb | Mar | Apr | May | Jun | Jul | Aug | Sep | Oct | Nov | Dec 
2015: Jan | Feb | Mar | Apr | May | Jun | Jul | Aug | Sep | Oct | Nov | Dec 
2014: Jan | Feb | Mar | Apr | May | Jun | Jul | Aug | Sep | Oct | Nov | Dec 
2013: Jan | Feb | Mar | Apr | May | Jun | Jul | Aug | Sep | Oct | Nov | Dec 
2012: Jan | Feb | Mar | Apr | May | Jun | Jul | Aug | Sep | Oct | Nov | Dec 
2011: Jan | Feb | Mar | Apr | May | Jun | Jul | Aug | Sep | Oct | Nov | Dec 
2010: Jan | Feb | Mar | Apr | May | Jun | Jul | Aug | Sep | Oct | Nov | Dec 
2009: Jan | Feb | Mar | Apr | May | Jun | Jul | Aug | Sep | Oct | Nov | Dec 
2008: Jan | Feb | Mar | Apr | May | Jun | Jul | Aug | Sep | Oct | Nov | Dec 
2007: Jan | Feb | Mar | Apr | May | Jun | Jul | Aug | Sep | Oct | Nov | Dec 

Report for 2020 06
MONTHLY CLIMATOLOGICAL SUMMARY for JUN. 2020 NAME: C32 CITY: Las Cruces|East Mesa STATE: NM ELEV: 4474 ft LAT: 32 24' 08" N LONG: 106 41' 01" W TEMPERATURE (F), RAIN (in), WIND SPEED (mph) HEAT COOL AVG MEAN DEG DEG WIND DOM DAY TEMP HIGH TIME LOW TIME DAYS DAYS RAIN SPEED HIGH TIME DIR ------------------------------------------------------------------------------------ 1 80.0 93.1 4:15p 63.3 6:40a 0.1 15.0 0.00 3.5 19.0 6:35p SSW 2 79.9 95.3 3:10p 63.1 6:25a 0.1 15.0 0.00 2.5 18.0 2:05p NNE 3 85.0 99.4 6:15p 65.9 6:35a 0.0 20.0 0.00 2.9 18.0 2:35p N 4 87.4 103.7 3:40p 68.9 5:00a 0.0 22.4 0.00 3.0 22.0 3:25p SW 5 88.8 105.7 3:35p 69.9 6:40a 0.0 23.8 0.00 5.1 36.0 10:30p SE 6 90.5 101.1 4:05p 80.8 11:15p 0.0 25.5 0.00 8.1 32.0 3:30p SSW 7 82.0 95.1 5:25p 66.6 6:25a 0.0 17.0 0.00 6.2 25.0 2:15p SW 8 78.7 89.5 4:15p 65.4 6:05a 0.0 13.7 0.00 8.4 30.0 2:35p WSW 9 69.3 84.8 6:35p 51.1 6:25a 2.3 6.6 0.00 8.2 28.0 8:35a N 10 75.3 93.9 4:15p 51.3 6:40a 2.5 12.8 0.00 3.1 17.0 3:00p SSW 11 78.6 95.5 4:15p 62.3 6:35a 0.1 13.7 0.06 7.4 48.0 8:05p E 12 75.5 95.1 2:50p 59.4 6:20a 0.7 11.1 0.50 4.8 27.0 12:05a ESE 13 77.6 91.6 4:45p 63.2 1:10a 0.1 12.7 0.04 5.2 22.0 10:05a S 14 81.2 94.1 5:25p 68.1 5:35a 0.0 16.2 0.00 5.1 22.0 8:30p S 15 81.6 96.6 4:20p 68.2 6:25a 0.0 16.6 0.02 3.8 29.0 7:25p SSW 16 81.4 94.5 6:20p 65.6 6:35a 0.0 16.4 0.00 4.0 19.0 9:15p S 17 83.5 95.0 4:00p 69.4 6:20a 0.0 18.5 0.00 6.0 27.0 2:00p WSW 18 81.5 95.0 4:05p 66.3 5:50a 0.0 16.5 0.00 4.8 36.0 3:25p SSE 19 82.3 95.7 5:10p 66.5 5:20a 0.0 17.3 0.00 4.6 21.0 4:30p SSE 20 81.3 96.8 3:30p 61.5 6:45a 0.3 16.5 0.00 3.5 18.0 5:05p SSW 21 84.3 99.1 3:10p 67.2 6:45a 0.0 19.3 0.00 3.3 17.0 1:40p SSE 22 87.7 102.7 5:05p 67.3 6:40a 0.0 22.7 0.00 3.8 16.0 2:20p SW 23 84.9 98.1 4:55p 69.1 6:50a 0.0 19.9 0.00 4.3 25.0 9:15p SE 24 83.1 98.3 4:45p 71.1 6:35a 0.0 18.1 0.00 5.8 33.0 6:20p SSW 25 84.6 98.7 5:55p 67.2 6:00a 0.0 19.6 0.00 4.1 19.0 10:55a S 26 88.4 102.2 3:55p 75.0 5:05a 0.0 23.4 0.00 5.7 31.0 6:50p SSW 27 83.0 99.4 2:00p 69.2 5:40a 0.0 18.0 0.00 4.2 27.0 6:20p W 28 82.0 92.7 5:00p 71.5 7:05a 0.0 17.0 0.00 7.5 26.0 5:00p WSW 29 81.6 91.9 4:25p 71.9 6:05a 0.0 16.6 0.00 8.9 26.0 1:30p WSW 30 81.7 91.1 5:00p 71.3 6:40a 0.0 16.7 0.00 6.6 23.0 2:10p WSW ------------------------------------------------------------------------------------- 82.1 105.7 5 51.1 9 6.2 518.6 0.62 5.1 48.0 11 WSW Max >= 90.0: 28 Max <= 32.0: 0 Min <= 32.0: 0 Min <= 0.0: 0 Max Rain: 0.50 ON 06/12/20 Days of Rain: 4 (>.01 in) 1 (>.1 in) 0 (>1 in) Heat Base: 65.0 Cool Base: 65.0 Method: Integration