NOAA-style Climate Reports

- as reported from this site (LasCruces-Weather.com) beginning 04-03-07

2023: Jan | Feb | Mar | Apr | May | Jun | Jul | Aug | Sep | Oct | Nov | Dec 
2022: Jan | Feb | Mar | Apr | May | Jun | Jul | Aug | Sep | Oct | Nov | Dec 
2021: Jan | Feb | Mar | Apr | May | Jun | Jul | Aug | Sep | Oct | Nov | Dec 
2020: Jan | Feb | Mar | Apr | May | Jun | Jul | Aug | Sep | Oct | Nov | Dec 
2019: Jan | Feb | Mar | Apr | May | Jun | Jul | Aug | Sep | Oct | Nov | Dec 
2018: Jan | Feb | Mar | Apr | May | Jun | Jul | Aug | Sep | Oct | Nov | Dec 
2017: Jan | Feb | Mar | Apr | May | Jun | Jul | Aug | Sep | Oct | Nov | Dec 
2016: Jan | Feb | Mar | Apr | May | Jun | Jul | Aug | Sep | Oct | Nov | Dec 
2015: Jan | Feb | Mar | Apr | May | Jun | Jul | Aug | Sep | Oct | Nov | Dec 
2014: Jan | Feb | Mar | Apr | May | Jun | Jul | Aug | Sep | Oct | Nov | Dec 
2013: Jan | Feb | Mar | Apr | May | Jun | Jul | Aug | Sep | Oct | Nov | Dec 
2012: Jan | Feb | Mar | Apr | May | Jun | Jul | Aug | Sep | Oct | Nov | Dec 
2011: Jan | Feb | Mar | Apr | May | Jun | Jul | Aug | Sep | Oct | Nov | Dec 
2010: Jan | Feb | Mar | Apr | May | Jun | Jul | Aug | Sep | Oct | Nov | Dec 
2009: Jan | Feb | Mar | Apr | May | Jun | Jul | Aug | Sep | Oct | Nov | Dec 
2008: Jan | Feb | Mar | Apr | May | Jun | Jul | Aug | Sep | Oct | Nov | Dec 
2007: Jan | Feb | Mar | Apr | May | Jun | Jul | Aug | Sep | Oct | Nov | Dec 

Report for 2020 05
MONTHLY CLIMATOLOGICAL SUMMARY for MAY. 2020 NAME: C32 CITY: Las Cruces|East Mesa STATE: NM ELEV: 4474 ft LAT: 32 24' 08" N LONG: 106 41' 01" W TEMPERATURE (F), RAIN (in), WIND SPEED (mph) HEAT COOL AVG MEAN DEG DEG WIND DOM DAY TEMP HIGH TIME LOW TIME DAYS DAYS RAIN SPEED HIGH TIME DIR ------------------------------------------------------------------------------------ 1 79.5 92.5 3:20p 65.9 6:40a 0.0 14.5 0.00 5.3 28.0 5:25p WSW 2 78.1 91.8 3:55p 63.7 4:25a 0.1 13.2 0.00 4.9 22.0 1:55p WSW 3 78.4 92.4 4:45p 60.2 6:50a 0.3 13.6 0.00 5.1 25.0 4:20p WSW 4 76.9 92.7 5:15p 59.3 6:40a 0.6 12.5 0.00 4.1 20.0 3:40p WSW 5 72.2 85.3 4:10p 56.6 5:50a 1.5 8.7 0.00 4.5 26.0 12:05p E 6 75.7 93.9 5:10p 54.7 6:50a 1.9 12.6 0.00 2.8 19.0 1:30p SSW 7 81.4 95.3 3:00p 63.6 4:40a 0.0 16.5 0.00 5.9 29.0 4:50p WSW 8 70.6 80.7 3:10p 60.9 6:50a 0.5 6.1 0.00 4.7 23.0 4:30p E 9 72.0 90.0 4:50p 53.3 6:10a 2.8 9.9 0.00 3.1 35.0 9:15p SW 10 72.2 84.6 3:40p 63.4 12:00m 0.0 7.3 0.00 3.5 28.0 6:00p SSW 11 71.4 88.0 4:20p 58.0 6:45a 1.4 7.8 0.00 2.9 22.0 5:15p SW 12 74.7 88.3 4:25p 59.3 6:40a 0.5 10.2 0.00 5.1 23.0 5:20p S 13 73.5 85.2 4:25p 59.5 5:55a 0.7 9.2 0.00 5.0 24.0 4:40p WSW 14 72.0 85.3 3:50p 58.5 5:45a 1.4 8.4 0.00 4.3 22.0 2:40p WSW 15 73.5 88.3 4:35p 56.4 6:45a 1.2 9.8 0.00 3.6 22.0 6:25p WSW 16 75.9 92.2 5:00p 58.7 5:15a 1.0 11.9 0.00 3.5 17.0 2:55p N 17 79.8 95.0 3:50p 65.2 6:20a 0.0 14.8 0.00 4.0 20.0 2:10p S 18 80.2 97.6 3:40p 57.2 6:30a 0.5 15.7 0.00 3.0 19.0 4:05p W 19 80.7 92.9 2:55p 64.9 4:45a 0.0 15.7 0.00 5.0 23.0 3:25p SSW 20 74.0 85.8 4:00p 58.8 6:20a 0.6 9.6 0.00 4.6 23.0 3:25p WSW 21 70.2 83.9 4:15p 52.3 5:25a 2.7 7.9 0.00 5.5 29.0 3:25p W 22 72.5 87.8 4:00p 51.2 6:10a 2.6 10.1 0.00 3.8 21.0 5:45p WSW 23 75.7 88.4 3:35p 61.8 5:40a 0.3 11.0 0.00 5.4 25.0 5:05p WSW 24 73.5 85.6 4:10p 60.0 6:35a 0.7 9.1 0.00 6.0 27.0 5:45p WSW 25 71.7 85.9 5:10p 54.8 6:40a 1.6 8.3 0.00 6.8 26.0 5:55p E 26 72.8 87.7 6:05p 55.3 6:25a 1.4 9.3 0.00 3.2 21.0 11:15a SE 27 80.7 96.0 3:50p 59.0 6:30a 0.6 16.3 0.00 4.3 22.0 3:00p NNW 28 82.9 99.0 2:45p 62.9 6:20a 0.0 18.0 0.06 4.7 30.0 11:20p E 29 81.7 94.4 5:30p 64.3 6:45a 0.0 16.7 0.00 5.4 29.0 1:25a S 30 81.2 94.0 4:05p 65.3 6:55a 0.0 16.2 0.00 4.7 23.0 2:20p ESE 31 81.5 92.6 4:25p 67.3 6:20a 0.0 16.5 0.00 5.4 24.0 2:20a ESE ------------------------------------------------------------------------------------- 76.0 99.0 28 51.2 22 24.9 367.4 0.06 4.5 35.0 9 WSW Max >= 90.0: 16 Max <= 32.0: 0 Min <= 32.0: 0 Min <= 0.0: 0 Max Rain: 0.06 ON 05/28/20 Days of Rain: 1 (>.01 in) 0 (>.1 in) 0 (>1 in) Heat Base: 65.0 Cool Base: 65.0 Method: Integration