NOAA-style Climate Reports

- as reported from this site (LasCruces-Weather.com) beginning 04-03-07

2023: Jan | Feb | Mar | Apr | May | Jun | Jul | Aug | Sep | Oct | Nov | Dec 
2022: Jan | Feb | Mar | Apr | May | Jun | Jul | Aug | Sep | Oct | Nov | Dec 
2021: Jan | Feb | Mar | Apr | May | Jun | Jul | Aug | Sep | Oct | Nov | Dec 
2020: Jan | Feb | Mar | Apr | May | Jun | Jul | Aug | Sep | Oct | Nov | Dec 
2019: Jan | Feb | Mar | Apr | May | Jun | Jul | Aug | Sep | Oct | Nov | Dec 
2018: Jan | Feb | Mar | Apr | May | Jun | Jul | Aug | Sep | Oct | Nov | Dec 
2017: Jan | Feb | Mar | Apr | May | Jun | Jul | Aug | Sep | Oct | Nov | Dec 
2016: Jan | Feb | Mar | Apr | May | Jun | Jul | Aug | Sep | Oct | Nov | Dec 
2015: Jan | Feb | Mar | Apr | May | Jun | Jul | Aug | Sep | Oct | Nov | Dec 
2014: Jan | Feb | Mar | Apr | May | Jun | Jul | Aug | Sep | Oct | Nov | Dec 
2013: Jan | Feb | Mar | Apr | May | Jun | Jul | Aug | Sep | Oct | Nov | Dec 
2012: Jan | Feb | Mar | Apr | May | Jun | Jul | Aug | Sep | Oct | Nov | Dec 
2011: Jan | Feb | Mar | Apr | May | Jun | Jul | Aug | Sep | Oct | Nov | Dec 
2010: Jan | Feb | Mar | Apr | May | Jun | Jul | Aug | Sep | Oct | Nov | Dec 
2009: Jan | Feb | Mar | Apr | May | Jun | Jul | Aug | Sep | Oct | Nov | Dec 
2008: Jan | Feb | Mar | Apr | May | Jun | Jul | Aug | Sep | Oct | Nov | Dec 
2007: Jan | Feb | Mar | Apr | May | Jun | Jul | Aug | Sep | Oct | Nov | Dec 

Report for 2020 04
MONTHLY CLIMATOLOGICAL SUMMARY for APR. 2020 NAME: C32 CITY: Las Cruces|East Mesa STATE: NM ELEV: 4474 ft LAT: 32 24' 08" N LONG: 106 41' 01" W TEMPERATURE (F), RAIN (in), WIND SPEED (mph) HEAT COOL AVG MEAN DEG DEG WIND DOM DAY TEMP HIGH TIME LOW TIME DAYS DAYS RAIN SPEED HIGH TIME DIR ------------------------------------------------------------------------------------ 1 67.1 79.0 4:15p 57.4 5:35a 2.4 4.6 0.00 5.9 27.0 3:50p WSW 2 64.2 76.4 4:40p 50.1 6:40a 3.9 3.1 0.00 6.7 28.0 4:05p WSW 3 62.8 75.1 3:30p 47.8 7:25a 4.9 2.6 0.00 4.0 20.0 3:45p S 4 63.5 76.1 5:00p 49.3 6:45a 4.7 3.3 0.00 5.2 24.0 4:30p SW 5 63.0 76.3 3:35p 49.8 6:10a 4.8 2.8 0.00 4.5 21.0 4:00p S 6 64.1 73.4 3:05p 54.2 7:15a 3.5 2.5 0.00 4.0 21.0 12:50p SSW 7 64.4 77.5 3:55p 48.9 7:05a 4.5 3.9 0.00 3.4 19.0 3:10p WSW 8 65.5 77.8 5:05p 52.9 6:35a 3.5 4.0 0.00 3.8 18.0 2:00p WSW 9 65.4 76.4 2:30p 51.7 11:55p 2.9 3.2 0.00 4.2 25.0 1:55p WSW 10 62.1 75.7 4:00p 47.5 7:15a 6.1 3.2 0.00 3.8 22.0 4:30p WSW 11 59.8 70.6 2:25p 45.6 7:00a 6.4 1.2 0.00 5.9 27.0 8:15p WSW 12 57.2 69.5 4:15p 42.3 7:10a 8.6 0.8 0.00 9.6 32.0 4:20p WSW 13 60.4 71.4 5:50p 48.3 6:55a 5.8 1.2 0.00 7.1 31.0 2:20p W 14 57.7 70.8 5:55p 43.1 7:10a 8.1 0.8 0.00 4.8 22.0 11:00p N 15 59.4 72.8 3:25p 41.1 7:10a 7.0 1.4 0.00 4.6 26.0 1:10a WSW 16 64.0 78.5 4:35p 47.5 6:55a 5.3 4.2 0.00 4.9 25.0 12:40p WSW 17 65.4 77.1 5:40p 52.7 6:35a 3.5 3.9 0.00 4.4 22.0 4:05p WSW 18 65.0 76.8 3:45p 51.6 6:55a 3.7 3.7 0.00 6.0 26.0 4:45p WSW 19 63.4 75.6 4:35p 44.0 6:55a 4.5 2.9 0.00 5.4 23.0 3:40p WSW 20 66.8 79.4 3:45p 55.8 4:55a 3.0 4.8 0.00 5.0 42.0 2:20p WSW 21 68.7 81.9 4:35p 53.1 6:55a 2.8 6.5 0.00 6.1 23.0 5:35p SW 22 64.2 77.4 4:05p 48.8 6:30a 4.0 3.2 0.00 4.8 22.0 7:25p NNW 23 67.6 82.9 5:00p 48.0 6:55a 4.3 6.9 0.00 5.2 23.0 4:45p WSW 24 73.5 86.5 4:20p 55.7 7:00a 1.3 9.7 0.00 5.3 21.0 10:45a SW 25 70.7 84.4 4:10p 55.4 6:45a 1.5 7.2 0.00 3.4 18.0 9:00a SE 26 73.3 92.0 4:25p 52.6 6:00a 2.6 11.0 0.00 3.8 23.0 11:00a SW 27 75.0 91.3 2:05p 55.7 7:15a 1.3 11.4 0.00 3.9 25.0 4:25p W 28 75.7 91.5 3:45p 55.8 6:25a 1.7 12.5 0.00 3.3 17.0 1:20p NNW 29 72.6 86.4 5:40p 57.6 6:20a 0.7 8.3 0.00 4.6 23.0 11:15a E 30 74.0 92.0 4:50p 54.8 6:40a 2.0 11.0 0.00 3.0 18.0 1:25p SSW ------------------------------------------------------------------------------------- 65.9 92.0 26 41.1 15 119.3 145.8 0.00 4.9 42.0 20 WSW Max >= 90.0: 4 Max <= 32.0: 0 Min <= 32.0: 0 Min <= 0.0: 0 Max Rain: 0.00 ON 04/01/20 Days of Rain: 0 (>.01 in) 0 (>.1 in) 0 (>1 in) Heat Base: 65.0 Cool Base: 65.0 Method: Integration