NOAA-style Climate Reports

- as reported from this site (LasCruces-Weather.com) beginning 04-03-07

2023: Jan | Feb | Mar | Apr | May | Jun | Jul | Aug | Sep | Oct | Nov | Dec 
2022: Jan | Feb | Mar | Apr | May | Jun | Jul | Aug | Sep | Oct | Nov | Dec 
2021: Jan | Feb | Mar | Apr | May | Jun | Jul | Aug | Sep | Oct | Nov | Dec 
2020: Jan | Feb | Mar | Apr | May | Jun | Jul | Aug | Sep | Oct | Nov | Dec 
2019: Jan | Feb | Mar | Apr | May | Jun | Jul | Aug | Sep | Oct | Nov | Dec 
2018: Jan | Feb | Mar | Apr | May | Jun | Jul | Aug | Sep | Oct | Nov | Dec 
2017: Jan | Feb | Mar | Apr | May | Jun | Jul | Aug | Sep | Oct | Nov | Dec 
2016: Jan | Feb | Mar | Apr | May | Jun | Jul | Aug | Sep | Oct | Nov | Dec 
2015: Jan | Feb | Mar | Apr | May | Jun | Jul | Aug | Sep | Oct | Nov | Dec 
2014: Jan | Feb | Mar | Apr | May | Jun | Jul | Aug | Sep | Oct | Nov | Dec 
2013: Jan | Feb | Mar | Apr | May | Jun | Jul | Aug | Sep | Oct | Nov | Dec 
2012: Jan | Feb | Mar | Apr | May | Jun | Jul | Aug | Sep | Oct | Nov | Dec 
2011: Jan | Feb | Mar | Apr | May | Jun | Jul | Aug | Sep | Oct | Nov | Dec 
2010: Jan | Feb | Mar | Apr | May | Jun | Jul | Aug | Sep | Oct | Nov | Dec 
2009: Jan | Feb | Mar | Apr | May | Jun | Jul | Aug | Sep | Oct | Nov | Dec 
2008: Jan | Feb | Mar | Apr | May | Jun | Jul | Aug | Sep | Oct | Nov | Dec 
2007: Jan | Feb | Mar | Apr | May | Jun | Jul | Aug | Sep | Oct | Nov | Dec 

Report for 2020 03
MONTHLY CLIMATOLOGICAL SUMMARY for MAR. 2020 NAME: C32 CITY: Las Cruces|East Mesa STATE: NM ELEV: 4474 ft LAT: 32 24' 08" N LONG: 106 41' 01" W TEMPERATURE (F), RAIN (in), WIND SPEED (mph) HEAT COOL AVG MEAN DEG DEG WIND DOM DAY TEMP HIGH TIME LOW TIME DAYS DAYS RAIN SPEED HIGH TIME DIR ------------------------------------------------------------------------------------ 1 54.5 63.0 3:10p 47.9 7:15a 10.5 0.0 0.00 4.9 23.0 3:45p WSW 2 54.9 63.4 1:20p 46.2 6:50a 10.1 0.0 0.00 4.0 24.0 1:40p WSW 3 48.4 60.5 11:45a 41.1 5:05p 16.6 0.0 0.95 3.9 20.0 1:05p SSE 4 49.8 60.7 2:55p 41.9 12:25a 15.2 0.0 0.24 2.8 18.0 9:35p S 5 52.0 66.4 3:40p 36.5 6:25a 13.1 0.0 0.00 3.6 27.0 11:35p ESE 6 57.1 65.7 3:10p 50.0 6:20a 7.9 0.0 0.00 7.9 29.0 4:35a ESE 7 58.7 72.8 3:55p 40.3 6:50a 7.9 1.7 0.00 2.7 21.0 3:05p S 8 53.8 62.5 12:05a 49.1 12:00m 10.8 0.0 0.25 4.4 17.0 7:00a S 9 54.6 66.1 5:20p 43.3 7:15a 10.4 0.1 0.00 3.5 18.0 2:25p S 10 59.5 69.7 4:30p 48.5 7:50a 6.3 0.8 0.00 2.6 15.0 1:15p SW 11 62.6 72.5 2:40p 54.8 3:15a 4.3 1.9 0.00 2.6 16.0 2:25p SW 12 60.3 66.4 12:55p 54.4 11:40p 4.7 0.0 0.08 3.3 16.0 11:25p SSW 13 58.1 66.6 1:55p 53.4 4:40a 6.9 0.0 0.05 6.2 28.0 2:10p S 14 57.0 69.4 5:00p 43.3 5:05a 8.6 0.6 0.00 3.1 17.0 4:20p E 15 57.5 74.7 4:40p 42.8 7:15a 9.3 1.8 0.00 2.2 16.0 2:05p N 16 61.2 76.0 4:55p 46.4 7:30a 6.7 2.9 0.00 3.6 21.0 4:45p SE 17 58.8 64.9 5:05p 52.7 2:55a 6.2 0.0 0.00 5.1 31.0 3:35p S 18 52.2 59.3 9:45a 44.0 11:55p 12.8 0.0 0.72 4.7 26.0 11:00p S 19 48.9 59.8 5:50p 38.9 7:45a 16.1 0.0 0.00 5.1 23.0 10:30a WSW 20 53.3 65.8 3:05p 39.9 5:05a 11.7 0.0 0.00 3.7 22.0 2:15p E 21 56.7 71.1 4:50p 44.6 7:25a 9.2 0.9 0.00 3.2 25.0 4:00p SSW 22 58.1 71.2 4:30p 45.9 7:20a 7.9 1.0 0.00 4.3 19.0 2:25p SW 23 62.0 74.9 3:25p 48.9 7:40a 5.4 2.3 0.00 6.2 30.0 3:10p W 24 59.2 72.1 4:10p 42.7 6:40a 7.3 1.5 0.00 3.5 19.0 4:50p WSW 25 65.0 80.7 5:40p 50.7 6:25a 4.5 4.5 0.00 4.2 20.0 5:00p SW 26 66.4 77.4 4:40p 58.7 3:20a 2.1 3.5 0.00 6.2 24.0 4:45p SW 27 58.2 70.0 1:50p 44.3 12:00m 7.4 0.5 0.00 10.2 41.0 2:45p W 28 48.1 62.1 4:30p 31.4 7:35a 16.9 0.0 0.00 4.4 20.0 11:10a WNW 29 55.3 68.4 1:25p 44.0 8:00a 10.3 0.6 0.00 3.4 18.0 5:40p S 30 59.4 71.3 5:15p 45.2 7:30a 6.8 1.2 0.00 4.7 21.0 12:30p S 31 58.9 75.5 3:55p 38.7 7:15a 8.7 2.6 0.00 3.5 15.0 3:00p S ------------------------------------------------------------------------------------- 56.8 80.7 25 31.4 28 282.6 28.4 2.29 4.3 41.0 27 S Max >= 90.0: 0 Max <= 32.0: 0 Min <= 32.0: 1 Min <= 0.0: 0 Max Rain: 0.95 ON 03/03/20 Days of Rain: 6 (>.01 in) 4 (>.1 in) 0 (>1 in) Heat Base: 65.0 Cool Base: 65.0 Method: Integration