NOAA-style Climate Reports

- as reported from this site (LasCruces-Weather.com) beginning 04-03-07

2023: Jan | Feb | Mar | Apr | May | Jun | Jul | Aug | Sep | Oct | Nov | Dec 
2022: Jan | Feb | Mar | Apr | May | Jun | Jul | Aug | Sep | Oct | Nov | Dec 
2021: Jan | Feb | Mar | Apr | May | Jun | Jul | Aug | Sep | Oct | Nov | Dec 
2020: Jan | Feb | Mar | Apr | May | Jun | Jul | Aug | Sep | Oct | Nov | Dec 
2019: Jan | Feb | Mar | Apr | May | Jun | Jul | Aug | Sep | Oct | Nov | Dec 
2018: Jan | Feb | Mar | Apr | May | Jun | Jul | Aug | Sep | Oct | Nov | Dec 
2017: Jan | Feb | Mar | Apr | May | Jun | Jul | Aug | Sep | Oct | Nov | Dec 
2016: Jan | Feb | Mar | Apr | May | Jun | Jul | Aug | Sep | Oct | Nov | Dec 
2015: Jan | Feb | Mar | Apr | May | Jun | Jul | Aug | Sep | Oct | Nov | Dec 
2014: Jan | Feb | Mar | Apr | May | Jun | Jul | Aug | Sep | Oct | Nov | Dec 
2013: Jan | Feb | Mar | Apr | May | Jun | Jul | Aug | Sep | Oct | Nov | Dec 
2012: Jan | Feb | Mar | Apr | May | Jun | Jul | Aug | Sep | Oct | Nov | Dec 
2011: Jan | Feb | Mar | Apr | May | Jun | Jul | Aug | Sep | Oct | Nov | Dec 
2010: Jan | Feb | Mar | Apr | May | Jun | Jul | Aug | Sep | Oct | Nov | Dec 
2009: Jan | Feb | Mar | Apr | May | Jun | Jul | Aug | Sep | Oct | Nov | Dec 
2008: Jan | Feb | Mar | Apr | May | Jun | Jul | Aug | Sep | Oct | Nov | Dec 
2007: Jan | Feb | Mar | Apr | May | Jun | Jul | Aug | Sep | Oct | Nov | Dec 

Report for 2020 02
MONTHLY CLIMATOLOGICAL SUMMARY for FEB. 2020 NAME: C32 CITY: Las Cruces|East Mesa STATE: NM ELEV: 4474 ft LAT: 32 24' 08" N LONG: 106 41' 01" W TEMPERATURE (F), RAIN (in), WIND SPEED (mph) HEAT COOL AVG MEAN DEG DEG WIND DOM DAY TEMP HIGH TIME LOW TIME DAYS DAYS RAIN SPEED HIGH TIME DIR ------------------------------------------------------------------------------------ 1 46.0 64.1 3:40p 31.5 3:50a 19.0 0.0 0.00 2.1 9.0 8:50a SE 2 48.3 65.7 3:30p 33.9 5:35a 16.7 0.0 0.00 3.2 14.0 4:35p S 3 54.8 65.8 2:55p 45.5 7:45a 10.2 0.0 0.00 8.0 30.0 2:50p SSW 4 44.0 51.1 12:05a 33.3 11:50p 21.0 0.0 0.15 4.6 19.0 3:30p WSW 5 31.8 39.7 2:50p 23.5 7:20a 33.2 0.0 0.07 3.5 18.0 3:20p NNW 6 39.0 53.9 3:20p 24.2 5:40a 26.0 0.0 0.00 4.7 21.0 3:50p WSW 7 49.5 65.5 4:05p 34.9 7:35a 15.5 0.0 0.00 4.4 17.0 2:30p S 8 52.1 68.0 3:25p 32.9 6:20a 13.2 0.4 0.00 3.8 18.0 4:50p S 9 56.1 68.0 2:45p 40.8 7:00a 9.2 0.3 0.00 4.3 18.0 2:00p S 10 53.8 62.2 3:40p 46.3 7:20a 11.2 0.0 0.38 2.4 25.0 11:20p S 11 39.4 51.7 12:15a 29.6 9:10p 25.6 0.0 0.18 3.4 18.0 7:30a NNW 12 37.3 48.1 5:30p 30.1 4:40a 27.7 0.0 0.18 1.6 10.0 10:15a N 13 43.7 56.6 4:15p 32.3 6:00a 21.3 0.0 0.00 2.1 17.0 12:10p SW 14 47.0 63.5 3:25p 31.5 6:10a 18.0 0.0 0.00 2.9 18.0 3:10p S 15 52.3 65.2 3:55p 40.1 7:55a 12.7 0.0 0.00 3.9 19.0 2:00p SE 16 55.1 70.0 4:00p 41.5 7:05a 10.6 0.7 0.00 4.8 19.0 3:55p SSW 17 58.4 68.9 2:35p 46.7 7:25a 7.1 0.5 0.00 5.8 24.0 12:35p S 18 55.9 70.4 3:50p 40.2 7:25a 9.9 0.9 0.00 3.4 19.0 3:25p SSE 19 50.6 63.2 2:50p 38.5 6:25a 14.4 0.0 0.00 2.2 13.0 4:15p SSW 20 48.2 59.1 2:30p 38.7 6:05a 16.8 0.0 0.00 5.1 26.0 12:45p E 21 42.7 49.2 4:50p 34.8 2:55a 22.3 0.0 0.00 1.3 16.0 12:15a WSW 22 50.9 60.1 3:25p 41.7 7:20a 14.1 0.0 0.00 1.4 9.0 2:30p WSW 23 53.0 57.8 3:30p 41.8 12:00m 12.0 0.0 0.00 9.6 34.0 4:15p W 24 50.2 66.6 4:10p 35.6 3:15a 14.9 0.1 0.00 3.3 21.0 4:05p ENE 25 42.3 49.5 10:55a 34.0 10:45p 22.7 0.0 0.00 8.4 32.0 2:25p N 26 36.5 50.1 5:05p 24.9 4:05a 28.5 0.0 0.00 1.9 11.0 1:15p SE 27 44.1 64.0 4:35p 25.5 7:00a 20.9 0.0 0.00 2.3 12.0 4:00p E 28 48.5 63.5 3:30p 30.2 6:30a 16.5 0.0 0.00 1.9 9.0 8:20a SE 29 54.9 70.6 3:50p 41.0 5:50a 11.1 1.0 0.00 4.7 30.0 4:00p WSW ------------------------------------------------------------------------------------- 47.8 70.6 29 23.5 5 502.3 3.9 0.96 3.8 34.0 23 S Max >= 90.0: 0 Max <= 32.0: 0 Min <= 32.0: 9 Min <= 0.0: 0 Max Rain: 0.38 ON 02/10/20 Days of Rain: 5 (>.01 in) 4 (>.1 in) 0 (>1 in) Heat Base: 65.0 Cool Base: 65.0 Method: Integration