NOAA-style Climate Reports

- as reported from this site (LasCruces-Weather.com) beginning 04-03-07

2023: Jan | Feb | Mar | Apr | May | Jun | Jul | Aug | Sep | Oct | Nov | Dec 
2022: Jan | Feb | Mar | Apr | May | Jun | Jul | Aug | Sep | Oct | Nov | Dec 
2021: Jan | Feb | Mar | Apr | May | Jun | Jul | Aug | Sep | Oct | Nov | Dec 
2020: Jan | Feb | Mar | Apr | May | Jun | Jul | Aug | Sep | Oct | Nov | Dec 
2019: Jan | Feb | Mar | Apr | May | Jun | Jul | Aug | Sep | Oct | Nov | Dec 
2018: Jan | Feb | Mar | Apr | May | Jun | Jul | Aug | Sep | Oct | Nov | Dec 
2017: Jan | Feb | Mar | Apr | May | Jun | Jul | Aug | Sep | Oct | Nov | Dec 
2016: Jan | Feb | Mar | Apr | May | Jun | Jul | Aug | Sep | Oct | Nov | Dec 
2015: Jan | Feb | Mar | Apr | May | Jun | Jul | Aug | Sep | Oct | Nov | Dec 
2014: Jan | Feb | Mar | Apr | May | Jun | Jul | Aug | Sep | Oct | Nov | Dec 
2013: Jan | Feb | Mar | Apr | May | Jun | Jul | Aug | Sep | Oct | Nov | Dec 
2012: Jan | Feb | Mar | Apr | May | Jun | Jul | Aug | Sep | Oct | Nov | Dec 
2011: Jan | Feb | Mar | Apr | May | Jun | Jul | Aug | Sep | Oct | Nov | Dec 
2010: Jan | Feb | Mar | Apr | May | Jun | Jul | Aug | Sep | Oct | Nov | Dec 
2009: Jan | Feb | Mar | Apr | May | Jun | Jul | Aug | Sep | Oct | Nov | Dec 
2008: Jan | Feb | Mar | Apr | May | Jun | Jul | Aug | Sep | Oct | Nov | Dec 
2007: Jan | Feb | Mar | Apr | May | Jun | Jul | Aug | Sep | Oct | Nov | Dec 

Report for 2020 01
MONTHLY CLIMATOLOGICAL SUMMARY for JAN. 2020 NAME: C32 CITY: Las Cruces|East Mesa STATE: NM ELEV: 4474 ft LAT: 32 24' 08" N LONG: 106 41' 01" W TEMPERATURE (F), RAIN (in), WIND SPEED (mph) HEAT COOL AVG MEAN DEG DEG WIND DOM DAY TEMP HIGH TIME LOW TIME DAYS DAYS RAIN SPEED HIGH TIME DIR ------------------------------------------------------------------------------------ 1 42.4 57.4 3:25p 29.4 5:40a 22.6 0.0 0.00 4.5 19.0 3:20p S 2 41.2 47.0 3:35p 32.7 10:40p 23.8 0.0 0.00 4.1 14.0 3:55a NNE 3 37.3 50.8 4:15p 26.1 6:50a 27.7 0.0 0.00 2.9 14.0 1:35p NE 4 40.7 58.6 3:50p 24.9 5:00a 24.3 0.0 0.00 2.6 10.0 8:50a SE 5 44.6 62.3 4:05p 27.1 6:45a 20.4 0.0 0.00 2.0 11.0 12:55p S 6 43.1 58.3 3:15p 27.3 6:30a 21.9 0.0 0.00 6.1 26.0 12:50p N 7 39.5 58.7 3:50p 26.4 6:50a 25.5 0.0 0.00 3.3 12.0 8:25a NE 8 43.5 60.0 2:50p 26.1 2:25a 21.5 0.0 0.00 3.8 17.0 12:00p S 9 50.4 62.2 3:25p 39.3 6:35a 14.6 0.0 0.00 4.2 23.0 1:30p SSW 10 42.2 49.4 12:15a 32.1 11:20p 22.8 0.0 0.01 6.3 27.0 1:30p NNW 11 38.0 51.2 3:35p 22.9 7:30a 27.0 0.0 0.00 3.9 17.0 2:15p S 12 46.0 59.3 3:40p 34.2 2:30a 19.0 0.0 0.00 3.5 17.0 2:10p S 13 51.7 65.4 3:25p 39.4 12:45a 13.3 0.0 0.00 4.8 22.0 3:30p SSW 14 52.7 67.3 3:10p 40.9 7:15a 12.5 0.2 0.00 3.0 16.0 1:50p SE 15 53.4 63.9 1:40p 46.2 3:25a 11.6 0.0 0.00 1.1 7.0 3:50a ESE 16 46.7 52.9 12:00p 40.0 9:00a 18.3 0.0 0.02 3.3 17.0 8:20a NNW 17 49.0 62.5 3:40p 36.9 6:35a 16.0 0.0 0.00 4.3 21.0 3:40p SW 18 44.3 61.5 4:30p 30.6 7:35a 20.7 0.0 0.00 2.8 14.0 8:40a ESE 19 45.4 63.2 3:35p 29.6 7:40a 19.6 0.0 0.00 3.2 19.0 1:25p NNE 20 46.7 59.6 4:10p 34.5 7:35a 18.3 0.0 0.00 1.7 13.0 11:45a SSW 21 44.0 46.7 12:05a 41.9 3:40a 21.0 0.0 0.12 2.3 14.0 2:25p S 22 49.2 59.9 2:45p 41.5 11:35p 15.8 0.0 0.00 4.1 16.0 3:20p S 23 45.9 61.6 3:45p 35.1 7:40a 19.1 0.0 0.00 2.8 13.0 8:45a NNE 24 46.9 63.1 2:45p 34.0 2:50a 18.1 0.0 0.00 2.6 12.0 3:35p NE 25 49.3 64.6 4:00p 33.9 7:05a 15.7 0.0 0.00 2.2 12.0 9:35a SE 26 49.8 65.7 2:45p 36.0 1:55a 15.2 0.0 0.00 3.4 12.0 9:45a NNE 27 50.1 60.3 3:00p 43.1 7:30a 14.9 0.0 0.00 6.0 28.0 4:40p S 28 44.2 57.0 5:35p 32.5 5:10a 20.8 0.0 0.00 3.0 14.0 12:05p NNW 29 46.2 61.3 3:35p 28.6 7:50a 18.8 0.0 0.00 3.1 19.0 11:15p E 30 46.1 57.6 4:15p 33.8 7:40a 18.9 0.0 0.00 3.0 17.0 2:45p N 31 43.5 56.7 4:25p 32.0 7:00a 21.5 0.0 0.00 4.6 18.0 11:05a NNW ------------------------------------------------------------------------------------- 45.6 67.3 14 22.9 11 601.2 0.2 0.15 3.5 28.0 27 SSW Max >= 90.0: 0 Max <= 32.0: 0 Min <= 32.0: 12 Min <= 0.0: 0 Max Rain: 0.12 ON 01/21/20 Days of Rain: 2 (>.01 in) 1 (>.1 in) 0 (>1 in) Heat Base: 65.0 Cool Base: 65.0 Method: Integration