NOAA-style Climate Reports

- as reported from this site (LasCruces-Weather.com) beginning 04-03-07

2023: Jan | Feb | Mar | Apr | May | Jun | Jul | Aug | Sep | Oct | Nov | Dec 
2022: Jan | Feb | Mar | Apr | May | Jun | Jul | Aug | Sep | Oct | Nov | Dec 
2021: Jan | Feb | Mar | Apr | May | Jun | Jul | Aug | Sep | Oct | Nov | Dec 
2020: Jan | Feb | Mar | Apr | May | Jun | Jul | Aug | Sep | Oct | Nov | Dec 
2019: Jan | Feb | Mar | Apr | May | Jun | Jul | Aug | Sep | Oct | Nov | Dec 
2018: Jan | Feb | Mar | Apr | May | Jun | Jul | Aug | Sep | Oct | Nov | Dec 
2017: Jan | Feb | Mar | Apr | May | Jun | Jul | Aug | Sep | Oct | Nov | Dec 
2016: Jan | Feb | Mar | Apr | May | Jun | Jul | Aug | Sep | Oct | Nov | Dec 
2015: Jan | Feb | Mar | Apr | May | Jun | Jul | Aug | Sep | Oct | Nov | Dec 
2014: Jan | Feb | Mar | Apr | May | Jun | Jul | Aug | Sep | Oct | Nov | Dec 
2013: Jan | Feb | Mar | Apr | May | Jun | Jul | Aug | Sep | Oct | Nov | Dec 
2012: Jan | Feb | Mar | Apr | May | Jun | Jul | Aug | Sep | Oct | Nov | Dec 
2011: Jan | Feb | Mar | Apr | May | Jun | Jul | Aug | Sep | Oct | Nov | Dec 
2010: Jan | Feb | Mar | Apr | May | Jun | Jul | Aug | Sep | Oct | Nov | Dec 
2009: Jan | Feb | Mar | Apr | May | Jun | Jul | Aug | Sep | Oct | Nov | Dec 
2008: Jan | Feb | Mar | Apr | May | Jun | Jul | Aug | Sep | Oct | Nov | Dec 
2007: Jan | Feb | Mar | Apr | May | Jun | Jul | Aug | Sep | Oct | Nov | Dec 

Report for 2019 12
MONTHLY CLIMATOLOGICAL SUMMARY for DEC. 2019 NAME: C32 CITY: Las Cruces|East Mesa STATE: NM ELEV: 4474 ft LAT: 32 24' 08" N LONG: 106 41' 01" W TEMPERATURE (F), RAIN (in), WIND SPEED (mph) HEAT COOL AVG MEAN DEG DEG WIND DOM DAY TEMP HIGH TIME LOW TIME DAYS DAYS RAIN SPEED HIGH TIME DIR ------------------------------------------------------------------------------------ 1 39.6 53.3 3:35p 28.0 7:30a 25.4 0.0 0.00 4.0 14.0 11:05a N 2 42.7 60.2 2:15p 29.0 4:00a 22.3 0.0 0.00 2.4 11.0 9:30a NNE 3 46.2 62.7 2:55p 31.6 6:40a 18.8 0.0 0.00 3.1 13.0 10:10a NNE 4 51.0 61.9 3:55p 44.3 5:50a 14.0 0.0 0.00 2.6 13.0 12:35a SSW 5 53.2 64.2 1:35p 42.5 12:00m 11.8 0.0 0.00 4.5 22.0 2:20p WSW 6 48.0 64.3 3:35p 36.1 6:10a 17.0 0.0 0.00 2.4 10.0 4:55a NE 7 51.2 65.4 2:45p 37.8 7:15a 13.8 0.0 0.00 2.5 11.0 8:40a SSW 8 55.8 63.4 1:50p 51.1 7:10a 9.2 0.0 0.00 5.4 22.0 3:35p WSW 9 46.6 52.3 12:25a 39.8 11:30p 18.4 0.0 0.47 2.6 21.0 3:15a SSW 10 45.4 56.1 3:15p 37.9 2:45a 19.6 0.0 0.01 2.0 11.0 1:15p SW 11 43.6 54.4 2:45p 35.1 5:45a 21.4 0.0 0.00 1.8 12.0 3:55p SE 12 45.9 59.5 3:00p 34.8 7:05a 19.1 0.0 0.00 1.8 9.0 3:15p SE 13 51.6 67.4 3:40p 36.6 6:30a 13.6 0.2 0.00 3.2 16.0 2:55p SSW 14 57.2 66.0 3:55p 50.2 5:00a 7.9 0.1 0.00 7.4 29.0 2:35p SSW 15 55.2 66.3 2:25p 46.0 7:35a 9.9 0.1 0.00 7.7 28.0 11:45a WSW 16 42.9 49.9 12:05a 28.3 12:00m 22.1 0.0 0.00 6.0 19.0 12:10p N 17 33.2 46.0 3:15p 23.6 7:40a 31.8 0.0 0.00 3.8 15.0 2:15p N 18 32.5 49.0 4:00p 19.6 7:35a 32.5 0.0 0.00 2.2 11.0 12:25p SE 19 36.4 51.2 2:45p 22.8 4:35a 28.6 0.0 0.00 2.8 12.0 7:50p SSW 20 38.3 55.9 2:55p 24.9 4:20a 26.7 0.0 0.00 3.6 16.0 1:10p NNE 21 39.7 58.6 3:45p 25.6 7:15a 25.3 0.0 0.00 2.9 13.0 10:05a E 22 39.7 57.5 4:10p 28.8 4:55a 25.3 0.0 0.00 1.7 9.0 9:25a E 23 42.2 59.9 2:20p 28.3 5:20a 22.8 0.0 0.00 2.5 11.0 1:25p NE 24 43.9 53.0 1:40p 38.9 3:55a 21.1 0.0 0.03 2.6 27.0 2:40p S 25 45.1 55.2 2:40p 39.4 8:00a 19.9 0.0 0.00 3.6 20.0 1:25p S 26 47.1 61.7 3:05p 34.1 7:00a 17.9 0.0 0.00 2.8 17.0 3:10p E 27 45.6 59.1 12:40p 34.7 6:35a 19.4 0.0 0.00 4.0 21.0 3:20p SSW 28 36.6 44.1 12:45p 32.8 1:30a 28.4 0.0 0.01 5.9 29.0 3:15p WSW 29 32.8 42.8 4:25p 24.7 7:30a 32.2 0.0 0.00 3.5 22.0 2:00p NNW 30 33.2 49.5 3:30p 21.3 6:35a 31.8 0.0 0.00 2.7 11.0 8:45a NNE 31 36.6 52.6 4:25p 24.3 6:45a 28.4 0.0 0.00 3.4 12.0 2:40a NNE ------------------------------------------------------------------------------------- 43.8 67.4 13 19.6 18 656.4 0.4 0.52 3.5 29.0 14 SSW Max >= 90.0: 0 Max <= 32.0: 0 Min <= 32.0: 14 Min <= 0.0: 0 Max Rain: 0.47 ON 12/09/19 Days of Rain: 2 (>.01 in) 1 (>.1 in) 0 (>1 in) Heat Base: 65.0 Cool Base: 65.0 Method: Integration