NOAA-style Climate Reports

- as reported from this site (LasCruces-Weather.com) beginning 04-03-07

2023: Jan | Feb | Mar | Apr | May | Jun | Jul | Aug | Sep | Oct | Nov | Dec 
2022: Jan | Feb | Mar | Apr | May | Jun | Jul | Aug | Sep | Oct | Nov | Dec 
2021: Jan | Feb | Mar | Apr | May | Jun | Jul | Aug | Sep | Oct | Nov | Dec 
2020: Jan | Feb | Mar | Apr | May | Jun | Jul | Aug | Sep | Oct | Nov | Dec 
2019: Jan | Feb | Mar | Apr | May | Jun | Jul | Aug | Sep | Oct | Nov | Dec 
2018: Jan | Feb | Mar | Apr | May | Jun | Jul | Aug | Sep | Oct | Nov | Dec 
2017: Jan | Feb | Mar | Apr | May | Jun | Jul | Aug | Sep | Oct | Nov | Dec 
2016: Jan | Feb | Mar | Apr | May | Jun | Jul | Aug | Sep | Oct | Nov | Dec 
2015: Jan | Feb | Mar | Apr | May | Jun | Jul | Aug | Sep | Oct | Nov | Dec 
2014: Jan | Feb | Mar | Apr | May | Jun | Jul | Aug | Sep | Oct | Nov | Dec 
2013: Jan | Feb | Mar | Apr | May | Jun | Jul | Aug | Sep | Oct | Nov | Dec 
2012: Jan | Feb | Mar | Apr | May | Jun | Jul | Aug | Sep | Oct | Nov | Dec 
2011: Jan | Feb | Mar | Apr | May | Jun | Jul | Aug | Sep | Oct | Nov | Dec 
2010: Jan | Feb | Mar | Apr | May | Jun | Jul | Aug | Sep | Oct | Nov | Dec 
2009: Jan | Feb | Mar | Apr | May | Jun | Jul | Aug | Sep | Oct | Nov | Dec 
2008: Jan | Feb | Mar | Apr | May | Jun | Jul | Aug | Sep | Oct | Nov | Dec 
2007: Jan | Feb | Mar | Apr | May | Jun | Jul | Aug | Sep | Oct | Nov | Dec 

Report for 2019 11
MONTHLY CLIMATOLOGICAL SUMMARY for NOV. 2019 NAME: C32 CITY: Las Cruces|East Mesa STATE: NM ELEV: 4474 ft LAT: 32 24' 08" N LONG: 106 41' 01" W TEMPERATURE (F), RAIN (in), WIND SPEED (mph) HEAT COOL AVG MEAN DEG DEG WIND DOM DAY TEMP HIGH TIME LOW TIME DAYS DAYS RAIN SPEED HIGH TIME DIR ------------------------------------------------------------------------------------ 1 47.1 68.4 4:15p 28.3 4:35a 18.3 0.4 0.00 2.2 11.0 1:10p E 2 48.5 65.9 3:30p 32.7 6:20a 16.6 0.0 0.00 1.6 10.0 12:45p ESE 3 56.2 74.5 3:35p 38.3 4:10a 10.5 1.7 0.00 2.6 12.0 7:40p S 4 62.4 79.4 2:15p 44.3 7:00a 6.0 3.4 0.00 2.6 18.0 4:45p SSE 5 62.9 80.5 3:30p 42.0 7:00a 6.0 3.9 0.00 2.2 13.0 10:35a ESE 6 59.0 68.9 1:55p 52.1 10:25p 6.3 0.4 0.04 5.0 22.0 10:20a NNW 7 56.1 67.6 11:40a 47.2 12:00m 9.0 0.1 0.00 4.1 15.0 12:00p N 8 49.4 63.7 5:00p 40.6 6:20a 15.6 0.0 0.00 1.6 9.0 1:10a SSW 9 54.0 72.1 3:10p 38.2 6:55a 11.9 0.9 0.00 1.4 9.0 3:55p WSW 10 63.2 77.2 2:45p 49.2 6:25a 4.9 3.2 0.00 3.5 20.0 2:25p SW 11 57.5 67.4 11:25a 44.4 11:30p 7.7 0.3 0.00 4.2 21.0 8:15p E 12 43.0 51.5 12:40p 35.5 12:00m 22.0 0.0 0.00 3.1 16.0 12:35p SSW 13 45.7 63.6 3:50p 30.8 7:00a 19.3 0.0 0.00 1.5 11.0 2:35p ESE 14 50.2 67.5 2:45p 35.0 7:15a 15.0 0.1 0.00 1.8 21.0 3:50p ENE 15 47.8 64.6 3:00p 33.4 7:15a 17.2 0.0 0.00 1.5 11.0 11:50a E 16 52.3 68.1 4:05p 38.9 7:00a 13.0 0.3 0.00 1.9 12.0 2:45p SE 17 51.3 67.9 3:30p 37.6 5:55a 13.9 0.2 0.00 2.9 12.0 8:25a SE 18 54.5 73.4 3:20p 36.9 6:15a 11.9 1.4 0.00 2.4 14.0 1:55p N 19 59.5 73.7 1:15p 45.0 5:50a 7.4 1.9 0.17 3.6 29.0 6:20p SSW 20 57.3 62.3 3:55p 54.1 6:05a 7.7 0.0 0.20 7.4 28.0 12:45p SW 21 50.9 60.2 12:25p 43.3 10:30p 14.1 0.0 0.28 3.6 24.0 12:50p S 22 48.2 56.9 1:50p 40.0 12:00m 16.8 0.0 0.00 3.6 15.0 12:30p WSW 23 45.2 59.7 3:00p 33.8 7:10a 19.8 0.0 0.00 3.7 15.0 10:55a N 24 47.5 62.4 3:45p 33.9 5:40a 17.5 0.0 0.00 3.1 11.0 9:35a NE 25 52.7 64.3 1:50p 39.6 2:55a 12.3 0.0 0.00 5.0 25.0 8:45p SSW 26 49.5 55.7 1:45p 38.9 12:00m 15.5 0.0 0.00 9.1 39.0 1:55p W 27 39.8 49.6 12:30p 34.0 7:35a 25.2 0.0 0.42 3.4 16.0 11:00p NNW 28 40.3 45.5 3:20p 37.0 2:50a 24.7 0.0 0.53 6.3 19.0 8:55a N 29 46.9 64.9 12:00p 38.8 2:50a 18.1 0.0 0.01 7.2 39.0 1:15p SSW 30 44.4 53.5 2:40p 33.9 12:00m 20.6 0.0 0.00 5.1 26.0 9:25a SSW ------------------------------------------------------------------------------------- 51.4 80.5 5 28.3 1 424.8 18.2 1.65 3.6 39.0 26 SSW Max >= 90.0: 0 Max <= 32.0: 0 Min <= 32.0: 2 Min <= 0.0: 0 Max Rain: 0.53 ON 11/28/19 Days of Rain: 6 (>.01 in) 5 (>.1 in) 0 (>1 in) Heat Base: 65.0 Cool Base: 65.0 Method: Integration