NOAA-style Climate Reports

- as reported from this site (LasCruces-Weather.com) beginning 04-03-07

2023: Jan | Feb | Mar | Apr | May | Jun | Jul | Aug | Sep | Oct | Nov | Dec 
2022: Jan | Feb | Mar | Apr | May | Jun | Jul | Aug | Sep | Oct | Nov | Dec 
2021: Jan | Feb | Mar | Apr | May | Jun | Jul | Aug | Sep | Oct | Nov | Dec 
2020: Jan | Feb | Mar | Apr | May | Jun | Jul | Aug | Sep | Oct | Nov | Dec 
2019: Jan | Feb | Mar | Apr | May | Jun | Jul | Aug | Sep | Oct | Nov | Dec 
2018: Jan | Feb | Mar | Apr | May | Jun | Jul | Aug | Sep | Oct | Nov | Dec 
2017: Jan | Feb | Mar | Apr | May | Jun | Jul | Aug | Sep | Oct | Nov | Dec 
2016: Jan | Feb | Mar | Apr | May | Jun | Jul | Aug | Sep | Oct | Nov | Dec 
2015: Jan | Feb | Mar | Apr | May | Jun | Jul | Aug | Sep | Oct | Nov | Dec 
2014: Jan | Feb | Mar | Apr | May | Jun | Jul | Aug | Sep | Oct | Nov | Dec 
2013: Jan | Feb | Mar | Apr | May | Jun | Jul | Aug | Sep | Oct | Nov | Dec 
2012: Jan | Feb | Mar | Apr | May | Jun | Jul | Aug | Sep | Oct | Nov | Dec 
2011: Jan | Feb | Mar | Apr | May | Jun | Jul | Aug | Sep | Oct | Nov | Dec 
2010: Jan | Feb | Mar | Apr | May | Jun | Jul | Aug | Sep | Oct | Nov | Dec 
2009: Jan | Feb | Mar | Apr | May | Jun | Jul | Aug | Sep | Oct | Nov | Dec 
2008: Jan | Feb | Mar | Apr | May | Jun | Jul | Aug | Sep | Oct | Nov | Dec 
2007: Jan | Feb | Mar | Apr | May | Jun | Jul | Aug | Sep | Oct | Nov | Dec 

Report for 2019 10
MONTHLY CLIMATOLOGICAL SUMMARY for OCT. 2019 NAME: C32 CITY: Las Cruces|East Mesa STATE: NM ELEV: 4474 ft LAT: 32 24' 08" N LONG: 106 41' 01" W TEMPERATURE (F), RAIN (in), WIND SPEED (mph) HEAT COOL AVG MEAN DEG DEG WIND DOM DAY TEMP HIGH TIME LOW TIME DAYS DAYS RAIN SPEED HIGH TIME DIR ------------------------------------------------------------------------------------ 1 72.2 80.0 3:55p 64.6 11:50p 0.0 7.2 0.00 5.1 20.0 12:55a SSW 2 70.5 81.8 3:00p 60.7 6:15a 0.7 6.2 0.01 3.4 16.0 3:50p SSW 3 72.4 84.0 2:40p 63.2 7:40a 0.1 7.5 0.00 4.3 28.0 5:55p E 4 69.6 78.3 4:20p 62.8 7:25a 0.3 4.9 0.27 4.4 23.0 1:25a S 5 72.2 85.2 4:10p 61.1 7:35a 0.5 7.7 0.00 2.9 15.0 1:15p SE 6 72.5 85.5 5:10p 59.0 7:30a 0.7 8.2 0.00 3.4 21.0 11:20p E 7 68.0 79.1 4:30p 54.1 7:35a 1.7 4.7 0.00 3.1 18.0 12:05a WSW 8 68.1 80.0 5:10p 56.8 6:50a 2.0 5.1 0.10 3.1 20.0 9:40p SSW 9 70.3 81.5 3:10p 59.5 4:25a 0.9 6.2 0.00 5.5 25.0 1:20p WSW 10 68.8 80.1 3:05p 56.6 7:35a 1.6 5.4 0.00 4.7 25.0 2:00p SW 11 57.6 69.9 4:20p 46.1 7:50a 8.1 0.7 0.00 4.7 19.0 1:50a N 12 57.0 72.9 4:35p 41.5 5:45a 9.4 1.4 0.00 2.2 14.0 2:30p SW 13 65.2 81.4 4:00p 50.5 6:20a 4.7 4.9 0.00 2.2 13.0 2:05p WSW 14 67.1 80.1 4:05p 53.7 6:55a 2.4 4.6 0.00 4.8 23.0 5:00p S 15 68.4 82.3 4:25p 56.5 7:35a 1.5 4.9 0.00 3.4 18.0 11:40p NNW 16 65.5 79.6 3:45p 49.6 8:00a 3.4 3.9 0.00 2.8 22.0 3:55a SE 17 64.5 80.8 5:00p 46.3 6:30a 5.5 5.0 0.00 3.4 19.0 5:05p SW 18 68.7 76.7 2:45p 60.5 11:50p 0.5 4.2 0.00 7.1 28.0 12:30p WSW 19 63.0 77.2 4:45p 48.9 6:45a 4.9 2.9 0.00 2.8 15.0 4:35p E 20 64.6 77.6 4:00p 53.9 2:55a 4.1 3.7 0.00 5.8 29.0 3:40p WSW 21 58.1 74.2 4:20p 42.2 7:25a 8.6 1.8 0.00 4.1 14.0 11:25p NNE 22 58.9 76.7 4:15p 40.9 7:50a 8.9 2.8 0.00 3.5 14.0 1:35a NNE 23 62.0 80.6 3:50p 43.2 6:30a 6.7 3.8 0.00 2.7 13.0 2:35p SE 24 54.7 67.0 1:05p 43.4 11:10p 10.4 0.1 0.00 5.8 22.0 1:40p N 25 45.3 61.0 5:05p 30.3 7:30a 19.7 0.0 0.00 1.5 12.0 2:05p SSE 26 53.1 71.5 4:30p 35.4 7:25a 12.8 0.9 0.00 3.3 14.0 11:45p S 27 64.4 78.4 4:30p 49.7 6:20a 4.2 3.6 0.00 5.3 21.0 5:35p S 28 63.4 71.5 4:15p 54.9 12:00m 3.0 1.4 0.00 7.4 31.0 1:15p S 29 60.7 74.3 4:35p 48.5 3:45a 6.1 1.8 0.00 5.7 25.0 3:25p SW 30 49.5 56.3 1:10a 31.7 11:55p 15.5 0.0 0.00 8.2 26.0 11:00a N 31 39.6 57.4 4:40p 24.2 7:50a 25.4 0.0 0.00 2.8 16.0 3:00p ENE ------------------------------------------------------------------------------------- 63.1 85.5 6 24.2 31 174.3 115.5 0.38 4.2 31.0 28 SSW Max >= 90.0: 0 Max <= 32.0: 0 Min <= 32.0: 3 Min <= 0.0: 0 Max Rain: 0.27 ON 10/04/19 Days of Rain: 2 (>.01 in) 1 (>.1 in) 0 (>1 in) Heat Base: 65.0 Cool Base: 65.0 Method: Integration