NOAA-style Climate Reports

- as reported from this site (LasCruces-Weather.com) beginning 04-03-07

2023: Jan | Feb | Mar | Apr | May | Jun | Jul | Aug | Sep | Oct | Nov | Dec 
2022: Jan | Feb | Mar | Apr | May | Jun | Jul | Aug | Sep | Oct | Nov | Dec 
2021: Jan | Feb | Mar | Apr | May | Jun | Jul | Aug | Sep | Oct | Nov | Dec 
2020: Jan | Feb | Mar | Apr | May | Jun | Jul | Aug | Sep | Oct | Nov | Dec 
2019: Jan | Feb | Mar | Apr | May | Jun | Jul | Aug | Sep | Oct | Nov | Dec 
2018: Jan | Feb | Mar | Apr | May | Jun | Jul | Aug | Sep | Oct | Nov | Dec 
2017: Jan | Feb | Mar | Apr | May | Jun | Jul | Aug | Sep | Oct | Nov | Dec 
2016: Jan | Feb | Mar | Apr | May | Jun | Jul | Aug | Sep | Oct | Nov | Dec 
2015: Jan | Feb | Mar | Apr | May | Jun | Jul | Aug | Sep | Oct | Nov | Dec 
2014: Jan | Feb | Mar | Apr | May | Jun | Jul | Aug | Sep | Oct | Nov | Dec 
2013: Jan | Feb | Mar | Apr | May | Jun | Jul | Aug | Sep | Oct | Nov | Dec 
2012: Jan | Feb | Mar | Apr | May | Jun | Jul | Aug | Sep | Oct | Nov | Dec 
2011: Jan | Feb | Mar | Apr | May | Jun | Jul | Aug | Sep | Oct | Nov | Dec 
2010: Jan | Feb | Mar | Apr | May | Jun | Jul | Aug | Sep | Oct | Nov | Dec 
2009: Jan | Feb | Mar | Apr | May | Jun | Jul | Aug | Sep | Oct | Nov | Dec 
2008: Jan | Feb | Mar | Apr | May | Jun | Jul | Aug | Sep | Oct | Nov | Dec 
2007: Jan | Feb | Mar | Apr | May | Jun | Jul | Aug | Sep | Oct | Nov | Dec 

Report for 2019 09
MONTHLY CLIMATOLOGICAL SUMMARY for SEP. 2019 NAME: C32 CITY: Las Cruces|East Mesa STATE: NM ELEV: 4474 ft LAT: 32 24' 08" N LONG: 106 41' 01" W TEMPERATURE (F), RAIN (in), WIND SPEED (mph) HEAT COOL AVG MEAN DEG DEG WIND DOM DAY TEMP HIGH TIME LOW TIME DAYS DAYS RAIN SPEED HIGH TIME DIR ------------------------------------------------------------------------------------ 1 81.1 95.5 4:30p 70.6 7:10a 0.0 16.1 0.02 3.0 23.0 4:55p S 2 82.0 95.4 4:55p 64.7 7:00a 0.0 17.0 0.00 3.3 14.0 2:50p ESE 3 84.0 96.7 5:40p 66.3 7:00a 0.0 19.0 0.00 3.8 16.0 11:15a E 4 83.1 91.2 3:10p 70.7 7:20a 0.0 18.1 0.00 6.5 25.0 12:35p SE 5 80.3 91.7 2:25p 65.9 7:10a 0.0 15.3 0.00 2.9 16.0 12:55p SW 6 83.0 96.9 3:35p 71.1 6:35a 0.0 18.0 0.00 3.0 21.0 4:40p E 7 83.7 98.3 3:40p 69.8 7:20a 0.0 18.7 0.02 5.1 30.0 11:40p SSW 8 79.4 92.5 4:45p 68.0 7:05a 0.0 14.4 0.00 4.4 22.0 9:55p S 9 79.6 91.0 3:50p 71.9 6:05a 0.0 14.6 0.00 5.5 19.0 12:40p S 10 79.0 91.1 4:40p 68.7 7:00a 0.0 14.0 0.00 5.0 16.0 11:30a SSW 11 80.1 90.8 5:20p 69.2 6:35a 0.0 15.1 0.00 4.5 21.0 4:30p SW 12 81.1 94.0 6:05p 66.8 7:10a 0.0 16.1 0.00 3.5 18.0 2:05p SE 13 78.2 87.5 1:40p 68.2 7:50a 0.0 13.2 0.00 5.7 26.0 10:50a E 14 73.6 81.7 10:55a 65.6 12:00m 0.0 8.6 0.04 3.1 16.0 12:05p N 15 68.0 76.9 3:45p 61.4 4:40a 1.1 4.1 0.14 3.8 17.0 12:55p NNE 16 73.0 85.1 5:10p 63.4 6:40a 0.2 8.1 0.00 2.6 15.0 1:20p SSW 17 75.8 88.6 5:55p 63.7 5:15a 0.1 10.9 0.00 2.6 17.0 3:30p N 18 78.1 92.6 5:05p 62.2 7:15a 0.2 13.3 0.00 2.9 17.0 2:10p SSE 19 78.6 92.9 3:35p 66.3 7:50a 0.0 13.6 0.00 3.6 17.0 3:15p S 20 78.8 90.6 4:10p 67.5 5:00a 0.0 13.8 0.00 4.0 18.0 1:35p WSW 21 70.2 78.1 10:20a 66.4 8:05p 0.0 5.2 0.00 4.9 26.0 12:05p S 22 72.9 85.9 3:40p 60.2 7:20a 0.6 8.5 0.00 3.1 14.0 1:55p S 23 77.1 89.5 5:00p 64.0 6:15a 0.0 12.1 0.00 4.0 26.0 12:00m SSE 24 70.0 80.0 5:15p 59.9 7:35a 1.0 6.0 0.00 5.0 22.0 12:05a NNW 25 73.8 88.8 4:40p 58.3 7:30a 1.1 9.9 0.00 2.7 15.0 3:25p W 26 75.6 87.1 4:30p 62.4 7:25a 0.1 10.7 0.00 4.0 21.0 4:15p WSW 27 71.5 85.6 4:25p 62.4 7:30a 0.2 6.8 0.11 4.2 30.0 6:15p SSE 28 71.1 84.6 4:40p 57.7 7:40a 1.6 7.7 0.00 3.6 22.0 3:50p SSW 29 74.1 88.8 3:35p 58.6 7:30a 0.6 9.7 0.00 4.0 22.0 11:45a SE 30 76.6 91.0 2:35p 66.2 1:45a 0.0 11.6 0.00 6.0 29.0 7:05p S ------------------------------------------------------------------------------------- 77.1 98.3 7 57.7 28 6.8 370.2 0.33 4.0 30.0 7 S Max >= 90.0: 16 Max <= 32.0: 0 Min <= 32.0: 0 Min <= 0.0: 0 Max Rain: 0.14 ON 09/15/19 Days of Rain: 5 (>.01 in) 2 (>.1 in) 0 (>1 in) Heat Base: 65.0 Cool Base: 65.0 Method: Integration