NOAA-style Climate Reports

- as reported from this site (LasCruces-Weather.com) beginning 04-03-07

2023: Jan | Feb | Mar | Apr | May | Jun | Jul | Aug | Sep | Oct | Nov | Dec 
2022: Jan | Feb | Mar | Apr | May | Jun | Jul | Aug | Sep | Oct | Nov | Dec 
2021: Jan | Feb | Mar | Apr | May | Jun | Jul | Aug | Sep | Oct | Nov | Dec 
2020: Jan | Feb | Mar | Apr | May | Jun | Jul | Aug | Sep | Oct | Nov | Dec 
2019: Jan | Feb | Mar | Apr | May | Jun | Jul | Aug | Sep | Oct | Nov | Dec 
2018: Jan | Feb | Mar | Apr | May | Jun | Jul | Aug | Sep | Oct | Nov | Dec 
2017: Jan | Feb | Mar | Apr | May | Jun | Jul | Aug | Sep | Oct | Nov | Dec 
2016: Jan | Feb | Mar | Apr | May | Jun | Jul | Aug | Sep | Oct | Nov | Dec 
2015: Jan | Feb | Mar | Apr | May | Jun | Jul | Aug | Sep | Oct | Nov | Dec 
2014: Jan | Feb | Mar | Apr | May | Jun | Jul | Aug | Sep | Oct | Nov | Dec 
2013: Jan | Feb | Mar | Apr | May | Jun | Jul | Aug | Sep | Oct | Nov | Dec 
2012: Jan | Feb | Mar | Apr | May | Jun | Jul | Aug | Sep | Oct | Nov | Dec 
2011: Jan | Feb | Mar | Apr | May | Jun | Jul | Aug | Sep | Oct | Nov | Dec 
2010: Jan | Feb | Mar | Apr | May | Jun | Jul | Aug | Sep | Oct | Nov | Dec 
2009: Jan | Feb | Mar | Apr | May | Jun | Jul | Aug | Sep | Oct | Nov | Dec 
2008: Jan | Feb | Mar | Apr | May | Jun | Jul | Aug | Sep | Oct | Nov | Dec 
2007: Jan | Feb | Mar | Apr | May | Jun | Jul | Aug | Sep | Oct | Nov | Dec 

Report for 2019 08
MONTHLY CLIMATOLOGICAL SUMMARY for AUG. 2019 NAME: C32 CITY: Las Cruces|East Mesa STATE: NM ELEV: 4474 ft LAT: 32 24' 08" N LONG: 106 41' 01" W TEMPERATURE (F), RAIN (in), WIND SPEED (mph) HEAT COOL AVG MEAN DEG DEG WIND DOM DAY TEMP HIGH TIME LOW TIME DAYS DAYS RAIN SPEED HIGH TIME DIR ------------------------------------------------------------------------------------ 1 82.8 99.1 4:05p 72.7 6:25a 0.0 17.8 0.08 4.1 37.0 6:55p SSW 2 85.5 101.9 4:25p 70.3 6:45a 0.0 20.5 0.00 4.0 33.0 10:50p E 3 85.5 99.6 5:15p 73.1 6:45a 0.0 20.5 0.19 4.1 21.0 6:10p NNW 4 81.2 96.2 6:15p 68.6 3:10a 0.0 16.2 0.03 3.8 21.0 8:20p NNE 5 85.9 100.5 5:00p 70.8 6:45a 0.0 20.9 0.00 2.8 13.0 12:45p E 6 85.1 93.8 2:25p 77.3 5:45a 0.0 20.1 0.00 4.4 18.0 4:15p NNW 7 87.5 100.0 4:05p 76.7 7:15a 0.0 22.5 0.00 4.5 23.0 4:55p NNW 8 84.0 95.8 5:05p 72.8 6:50a 0.0 19.0 0.00 3.8 25.0 4:50a S 9 84.3 98.0 5:05p 71.3 6:20a 0.0 19.3 0.00 4.7 28.0 11:50p E 10 78.0 89.9 4:50p 64.1 5:25a 0.1 13.0 0.44 6.0 42.0 2:40a SSW 11 80.5 90.6 2:05p 69.3 6:50a 0.0 15.5 0.00 4.9 21.0 3:15p S 12 82.8 97.3 3:55p 70.1 6:10a 0.0 17.8 0.00 3.7 16.0 1:25p NNW 13 84.7 101.2 3:25p 70.7 7:15a 0.0 19.7 0.00 4.6 32.0 5:20p NE 14 81.7 96.2 3:55p 68.3 7:05p 0.0 16.7 0.26 5.4 33.0 6:25p E 15 80.2 95.1 4:55p 65.7 7:35a 0.0 15.2 0.00 2.9 15.0 8:05p NE 16 84.8 98.9 3:35p 68.8 6:50a 0.0 19.8 0.00 3.6 18.0 11:55p S 17 86.0 100.5 4:20p 70.5 6:55a 0.0 21.0 0.00 4.4 21.0 3:15p S 18 85.5 101.6 4:00p 71.5 6:10a 0.0 20.5 0.00 3.1 14.0 3:00p E 19 85.8 99.3 5:05p 77.7 6:30a 0.0 20.8 0.00 3.7 19.0 1:40p S 20 85.2 97.9 2:00p 74.2 6:50a 0.0 20.1 0.00 4.5 22.0 2:30p E 21 82.0 99.9 3:05p 69.7 7:00a 0.0 17.0 0.01 4.1 43.0 5:55p NNE 22 80.8 95.5 5:20p 65.6 6:40a 0.0 15.8 0.01 2.5 14.0 2:45p SSE 23 81.2 97.3 3:25p 67.9 9:40p 0.0 16.2 0.12 6.1 31.0 9:30p S 24 80.2 94.7 4:50p 67.1 6:50a 0.0 15.2 0.00 4.2 16.0 11:35a S 25 85.6 99.8 4:10p 70.4 7:05a 0.0 20.6 0.00 3.9 26.0 3:35p S 26 88.1 102.7 2:40p 70.8 7:05a 0.0 23.1 0.00 3.5 24.0 2:40p SE 27 87.0 103.5 3:45p 72.7 6:45a 0.0 22.0 0.00 5.2 26.0 9:50p E 28 84.5 97.6 4:35p 70.9 10:15p 0.0 19.5 0.00 4.8 29.0 7:45p SSW 29 83.4 99.5 4:10p 70.1 7:00a 0.0 18.4 0.00 3.6 22.0 11:45p SSW 30 82.2 96.0 4:05p 68.1 7:15a 0.0 17.2 0.00 5.0 25.0 10:05p S 31 83.5 97.2 4:00p 69.5 7:05a 0.0 18.5 0.00 3.8 19.0 5:00p E ------------------------------------------------------------------------------------- 83.7 103.5 27 64.1 10 0.1 580.4 1.14 4.2 43.0 21 S Max >= 90.0: 30 Max <= 32.0: 0 Min <= 32.0: 0 Min <= 0.0: 0 Max Rain: 0.44 ON 08/10/19 Days of Rain: 6 (>.01 in) 4 (>.1 in) 0 (>1 in) Heat Base: 65.0 Cool Base: 65.0 Method: Integration