NOAA-style Climate Reports

- as reported from this site (LasCruces-Weather.com) beginning 04-03-07

2023: Jan | Feb | Mar | Apr | May | Jun | Jul | Aug | Sep | Oct | Nov | Dec 
2022: Jan | Feb | Mar | Apr | May | Jun | Jul | Aug | Sep | Oct | Nov | Dec 
2021: Jan | Feb | Mar | Apr | May | Jun | Jul | Aug | Sep | Oct | Nov | Dec 
2020: Jan | Feb | Mar | Apr | May | Jun | Jul | Aug | Sep | Oct | Nov | Dec 
2019: Jan | Feb | Mar | Apr | May | Jun | Jul | Aug | Sep | Oct | Nov | Dec 
2018: Jan | Feb | Mar | Apr | May | Jun | Jul | Aug | Sep | Oct | Nov | Dec 
2017: Jan | Feb | Mar | Apr | May | Jun | Jul | Aug | Sep | Oct | Nov | Dec 
2016: Jan | Feb | Mar | Apr | May | Jun | Jul | Aug | Sep | Oct | Nov | Dec 
2015: Jan | Feb | Mar | Apr | May | Jun | Jul | Aug | Sep | Oct | Nov | Dec 
2014: Jan | Feb | Mar | Apr | May | Jun | Jul | Aug | Sep | Oct | Nov | Dec 
2013: Jan | Feb | Mar | Apr | May | Jun | Jul | Aug | Sep | Oct | Nov | Dec 
2012: Jan | Feb | Mar | Apr | May | Jun | Jul | Aug | Sep | Oct | Nov | Dec 
2011: Jan | Feb | Mar | Apr | May | Jun | Jul | Aug | Sep | Oct | Nov | Dec 
2010: Jan | Feb | Mar | Apr | May | Jun | Jul | Aug | Sep | Oct | Nov | Dec 
2009: Jan | Feb | Mar | Apr | May | Jun | Jul | Aug | Sep | Oct | Nov | Dec 
2008: Jan | Feb | Mar | Apr | May | Jun | Jul | Aug | Sep | Oct | Nov | Dec 
2007: Jan | Feb | Mar | Apr | May | Jun | Jul | Aug | Sep | Oct | Nov | Dec 

Report for 2019 07
MONTHLY CLIMATOLOGICAL SUMMARY for JUL. 2019 NAME: C32 CITY: Las Cruces|East Mesa STATE: NM ELEV: 4474 ft LAT: 32 24' 08" N LONG: 106 41' 01" W TEMPERATURE (F), RAIN (in), WIND SPEED (mph) HEAT COOL AVG MEAN DEG DEG WIND DOM DAY TEMP HIGH TIME LOW TIME DAYS DAYS RAIN SPEED HIGH TIME DIR ------------------------------------------------------------------------------------ 1 82.8 101.0 4:05p 67.6 5:35a 0.0 17.8 0.00 3.6 25.0 4:55p SE 2 85.3 98.5 3:45p 73.7 6:40a 0.0 20.3 0.00 4.3 23.0 7:45p E 3 85.6 98.6 3:40p 67.8 6:30a 0.0 20.6 0.00 4.5 24.0 3:50p WSW 4 84.9 97.6 5:00p 67.7 6:25a 0.0 19.9 0.00 5.0 23.0 5:05p SE 5 85.3 99.8 3:50p 71.4 6:40a 0.0 20.3 0.00 4.5 25.0 4:40p S 6 80.4 90.1 4:20p 72.2 6:10a 0.0 15.4 0.00 6.7 26.0 9:35p E 7 78.4 92.5 4:50p 67.3 10:05p 0.0 13.4 0.10 4.4 24.0 9:05p SSW 8 79.6 93.8 5:55p 62.9 6:15a 0.2 14.8 0.00 4.1 21.0 2:20p W 9 84.0 99.2 3:45p 66.5 4:35a 0.0 19.0 0.00 3.7 17.0 2:25p ENE 10 87.3 101.5 4:40p 71.3 4:05a 0.0 22.3 0.00 4.1 25.0 12:00m E 11 85.3 99.3 3:15p 71.7 5:30p 0.0 20.3 0.00 9.0 33.0 1:05a E 12 82.7 97.5 4:30p 66.3 6:25a 0.0 17.7 0.00 4.0 20.0 5:00p S 13 86.6 100.8 3:45p 69.6 6:40a 0.0 21.6 0.00 3.8 25.0 4:35p SSE 14 86.1 101.9 4:20p 73.6 6:50a 0.0 21.1 0.06 3.9 31.0 6:35p NE 15 86.5 101.8 6:00p 67.9 6:50a 0.0 21.5 0.00 2.8 18.0 2:35p SW 16 88.6 102.6 3:55p 73.5 6:40a 0.0 23.6 0.00 5.5 27.0 5:15p N 17 86.7 100.1 5:15p 74.7 6:05a 0.0 21.7 0.00 4.5 27.0 6:00p S 18 84.2 101.3 4:45p 73.1 6:50a 0.0 19.2 0.07 5.2 18.0 5:40p S 19 85.3 101.3 5:25p 72.3 6:45a 0.0 20.3 0.00 5.8 26.0 9:55p SSW 20 87.0 102.4 4:40p 73.4 3:50a 0.0 22.0 0.00 3.8 16.0 5:15p E 21 88.0 103.0 4:55p 73.7 6:50a 0.0 23.0 0.00 4.0 26.0 5:55p S 22 85.0 92.7 3:50p 77.9 5:50a 0.0 20.0 0.00 7.0 26.0 11:50p E 23 78.8 87.9 2:10p 68.9 6:40a 0.0 13.8 0.03 5.8 26.0 3:20a E 24 82.6 92.9 2:50p 73.1 7:10a 0.0 17.6 0.00 4.0 16.0 2:50p S 25 84.0 97.9 4:10p 67.5 6:40a 0.0 19.0 0.00 3.2 15.0 11:55a S 26 84.4 100.7 4:10p 69.7 7:00a 0.0 19.4 0.00 3.7 23.0 6:15p NNE 27 85.1 100.3 4:25p 73.4 7:10a 0.0 20.1 0.00 4.0 26.0 6:30p N 28 86.2 101.7 4:30p 75.3 6:00a 0.0 21.2 0.00 3.5 23.0 6:25p NNE 29 81.9 95.7 3:20p 69.8 6:40a 0.0 16.9 0.04 5.8 38.0 4:40p S 30 84.3 96.1 4:50p 71.1 6:55a 0.0 19.3 0.00 4.4 20.0 3:55p ESE 31 85.3 97.7 4:50p 72.8 6:40a 0.0 20.3 0.00 5.0 20.0 7:45p WSW ------------------------------------------------------------------------------------- 84.5 103.0 21 62.9 8 0.2 603.4 0.30 4.6 38.0 29 S Max >= 90.0: 30 Max <= 32.0: 0 Min <= 32.0: 0 Min <= 0.0: 0 Max Rain: 0.10 ON 07/07/19 Days of Rain: 5 (>.01 in) 0 (>.1 in) 0 (>1 in) Heat Base: 65.0 Cool Base: 65.0 Method: Integration