NOAA-style Climate Reports

- as reported from this site (LasCruces-Weather.com) beginning 04-03-07

2023: Jan | Feb | Mar | Apr | May | Jun | Jul | Aug | Sep | Oct | Nov | Dec 
2022: Jan | Feb | Mar | Apr | May | Jun | Jul | Aug | Sep | Oct | Nov | Dec 
2021: Jan | Feb | Mar | Apr | May | Jun | Jul | Aug | Sep | Oct | Nov | Dec 
2020: Jan | Feb | Mar | Apr | May | Jun | Jul | Aug | Sep | Oct | Nov | Dec 
2019: Jan | Feb | Mar | Apr | May | Jun | Jul | Aug | Sep | Oct | Nov | Dec 
2018: Jan | Feb | Mar | Apr | May | Jun | Jul | Aug | Sep | Oct | Nov | Dec 
2017: Jan | Feb | Mar | Apr | May | Jun | Jul | Aug | Sep | Oct | Nov | Dec 
2016: Jan | Feb | Mar | Apr | May | Jun | Jul | Aug | Sep | Oct | Nov | Dec 
2015: Jan | Feb | Mar | Apr | May | Jun | Jul | Aug | Sep | Oct | Nov | Dec 
2014: Jan | Feb | Mar | Apr | May | Jun | Jul | Aug | Sep | Oct | Nov | Dec 
2013: Jan | Feb | Mar | Apr | May | Jun | Jul | Aug | Sep | Oct | Nov | Dec 
2012: Jan | Feb | Mar | Apr | May | Jun | Jul | Aug | Sep | Oct | Nov | Dec 
2011: Jan | Feb | Mar | Apr | May | Jun | Jul | Aug | Sep | Oct | Nov | Dec 
2010: Jan | Feb | Mar | Apr | May | Jun | Jul | Aug | Sep | Oct | Nov | Dec 
2009: Jan | Feb | Mar | Apr | May | Jun | Jul | Aug | Sep | Oct | Nov | Dec 
2008: Jan | Feb | Mar | Apr | May | Jun | Jul | Aug | Sep | Oct | Nov | Dec 
2007: Jan | Feb | Mar | Apr | May | Jun | Jul | Aug | Sep | Oct | Nov | Dec 

Report for 2019 06
MONTHLY CLIMATOLOGICAL SUMMARY for JUN. 2019 NAME: C32 CITY: Las Cruces|East Mesa STATE: NM ELEV: 4474 ft LAT: 32 24' 08" N LONG: 106 41' 01" W TEMPERATURE (F), RAIN (in), WIND SPEED (mph) HEAT COOL AVG MEAN DEG DEG WIND DOM DAY TEMP HIGH TIME LOW TIME DAYS DAYS RAIN SPEED HIGH TIME DIR ------------------------------------------------------------------------------------ 1 80.5 93.9 4:25p 66.2 6:40a 0.0 15.5 0.00 5.1 24.0 1:10p SSW 2 80.8 93.8 4:15p 65.2 5:55a 0.0 15.8 0.00 5.1 28.0 1:55p SSW 3 79.7 95.0 4:35p 66.2 6:50a 0.0 14.7 0.00 5.9 33.0 6:35p S 4 73.5 93.3 2:55p 61.5 6:30a 0.3 8.8 0.20 4.9 32.0 5:35p E 5 70.3 84.8 4:50p 55.3 6:25a 2.2 7.5 0.00 3.9 20.0 2:35p W 6 77.0 94.1 4:20p 57.6 6:30a 1.0 13.0 0.00 2.8 16.0 2:45p NNW 7 82.4 96.9 2:45p 62.5 6:30a 0.1 17.5 0.00 4.1 23.0 6:00p WSW 8 81.7 93.1 4:45p 68.9 6:05a 0.0 16.7 0.00 5.6 23.0 2:50p WSW 9 79.5 96.0 3:50p 56.8 6:25a 0.6 15.1 0.00 5.9 30.0 9:35p E 10 63.0 76.9 12:45a 57.3 5:55p 4.1 2.1 1.11 4.9 29.0 6:05a S 11 68.8 82.5 6:05p 56.4 5:35a 2.8 6.6 0.00 3.4 15.0 4:55p S 12 78.1 91.4 5:10p 62.1 6:00a 0.2 13.3 0.00 5.2 25.0 9:55p S 13 81.3 96.8 5:00p 64.0 6:50a 0.0 16.3 0.00 4.5 24.0 11:50p S 14 84.1 94.8 4:15p 73.2 6:45a 0.0 19.1 0.00 8.5 29.0 1:15a WSW 15 80.2 91.3 5:15p 66.7 6:05a 0.0 15.2 0.00 6.4 28.0 5:20p SW 16 80.8 95.5 3:30p 62.5 6:20a 0.1 15.9 0.00 3.0 16.0 3:45p S 17 81.4 94.2 4:20p 69.3 5:55a 0.0 16.4 0.00 5.3 27.0 4:35p SW 18 79.7 95.1 4:40p 60.5 6:00a 0.3 15.1 0.00 4.2 19.0 6:50p WSW 19 81.5 94.9 3:45p 65.7 5:50a 0.0 16.5 0.00 5.1 25.0 5:10p SW 20 82.0 95.5 2:35p 68.1 5:40a 0.0 17.0 0.00 5.6 24.0 5:30p SW 21 80.8 93.9 5:30p 67.7 6:30a 0.0 15.8 0.00 6.5 26.0 4:10p SW 22 78.7 91.4 5:00p 66.3 6:05a 0.0 13.7 0.00 6.0 24.0 2:40p SW 23 77.8 90.3 4:55p 61.6 6:15a 0.2 13.0 0.00 5.0 26.0 4:00p SW 24 78.0 94.5 5:05p 58.3 5:50a 0.8 13.8 0.00 4.0 17.0 2:35p N 25 82.4 99.2 4:55p 59.6 6:15a 0.2 17.6 0.00 3.9 18.0 2:30p SE 26 87.0 99.6 4:00p 74.5 2:00a 0.0 22.0 0.00 6.8 25.0 3:00p S 27 89.5 100.7 3:55p 76.1 6:55a 0.0 24.5 0.00 5.9 29.0 6:00p SSW 28 86.5 98.1 3:50p 74.9 7:40a 0.0 21.5 0.02 6.7 27.0 3:55a E 29 85.2 98.2 4:25p 70.9 6:35a 0.0 20.2 0.00 4.2 21.0 3:25p E 30 84.7 99.1 3:35p 68.5 6:20a 0.0 19.7 0.00 3.4 24.0 6:05p SE ------------------------------------------------------------------------------------- 79.9 100.7 27 55.3 5 12.9 459.9 1.33 5.1 33.0 3 SW Max >= 90.0: 27 Max <= 32.0: 0 Min <= 32.0: 0 Min <= 0.0: 0 Max Rain: 1.11 ON 06/10/19 Days of Rain: 3 (>.01 in) 2 (>.1 in) 1 (>1 in) Heat Base: 65.0 Cool Base: 65.0 Method: Integration