NOAA-style Climate Reports

- as reported from this site (LasCruces-Weather.com) beginning 04-03-07

2023: Jan | Feb | Mar | Apr | May | Jun | Jul | Aug | Sep | Oct | Nov | Dec 
2022: Jan | Feb | Mar | Apr | May | Jun | Jul | Aug | Sep | Oct | Nov | Dec 
2021: Jan | Feb | Mar | Apr | May | Jun | Jul | Aug | Sep | Oct | Nov | Dec 
2020: Jan | Feb | Mar | Apr | May | Jun | Jul | Aug | Sep | Oct | Nov | Dec 
2019: Jan | Feb | Mar | Apr | May | Jun | Jul | Aug | Sep | Oct | Nov | Dec 
2018: Jan | Feb | Mar | Apr | May | Jun | Jul | Aug | Sep | Oct | Nov | Dec 
2017: Jan | Feb | Mar | Apr | May | Jun | Jul | Aug | Sep | Oct | Nov | Dec 
2016: Jan | Feb | Mar | Apr | May | Jun | Jul | Aug | Sep | Oct | Nov | Dec 
2015: Jan | Feb | Mar | Apr | May | Jun | Jul | Aug | Sep | Oct | Nov | Dec 
2014: Jan | Feb | Mar | Apr | May | Jun | Jul | Aug | Sep | Oct | Nov | Dec 
2013: Jan | Feb | Mar | Apr | May | Jun | Jul | Aug | Sep | Oct | Nov | Dec 
2012: Jan | Feb | Mar | Apr | May | Jun | Jul | Aug | Sep | Oct | Nov | Dec 
2011: Jan | Feb | Mar | Apr | May | Jun | Jul | Aug | Sep | Oct | Nov | Dec 
2010: Jan | Feb | Mar | Apr | May | Jun | Jul | Aug | Sep | Oct | Nov | Dec 
2009: Jan | Feb | Mar | Apr | May | Jun | Jul | Aug | Sep | Oct | Nov | Dec 
2008: Jan | Feb | Mar | Apr | May | Jun | Jul | Aug | Sep | Oct | Nov | Dec 
2007: Jan | Feb | Mar | Apr | May | Jun | Jul | Aug | Sep | Oct | Nov | Dec 

Report for 2019 05
MONTHLY CLIMATOLOGICAL SUMMARY for MAY. 2019 NAME: C32 CITY: Las Cruces|East Mesa STATE: NM ELEV: 4474 ft LAT: 32 24' 08" N LONG: 106 41' 01" W TEMPERATURE (F), RAIN (in), WIND SPEED (mph) HEAT COOL AVG MEAN DEG DEG WIND DOM DAY TEMP HIGH TIME LOW TIME DAYS DAYS RAIN SPEED HIGH TIME DIR ------------------------------------------------------------------------------------ 1 68.3 82.9 4:45p 52.8 6:20a 3.2 6.4 0.00 4.7 23.0 2:20p WSW 2 68.9 83.3 3:00p 51.8 6:20a 3.1 7.0 0.00 4.2 24.0 3:25p SW 3 72.7 86.0 4:40p 58.2 6:45a 0.6 8.3 0.00 3.2 22.0 3:25p SSW 4 71.5 87.4 4:25p 51.6 6:40a 2.3 8.8 0.00 4.0 28.0 4:20p WSW 5 72.6 88.3 3:10p 54.1 6:40a 2.4 10.0 0.00 3.9 24.0 2:10p WSW 6 73.4 88.1 3:45p 59.9 6:45a 0.8 9.2 0.00 5.4 29.0 2:25p S 7 68.7 79.6 3:45p 59.3 4:00a 1.0 4.7 0.00 6.9 31.0 12:20p WSW 8 63.4 75.7 2:45p 48.1 6:40a 4.3 2.8 0.00 6.9 32.0 3:30p W 9 64.8 79.6 4:25p 47.7 6:40a 4.8 4.5 0.00 4.6 33.0 9:25p E 10 60.5 70.2 5:45p 53.8 12:00m 5.1 0.6 0.02 7.5 29.0 12:50a E 11 61.3 72.2 1:10p 50.7 6:50a 5.4 1.7 0.00 3.4 20.0 4:50p NNW 12 61.0 77.0 2:30p 50.9 6:45a 6.2 2.2 0.11 4.9 25.0 4:45p NNE 13 64.1 78.7 5:10p 50.1 6:50a 4.3 3.4 0.00 2.8 16.0 6:10p S 14 71.9 88.4 5:05p 53.0 6:35a 2.3 9.2 0.00 3.2 15.0 7:10p SSE 15 76.3 90.9 4:35p 57.5 6:40a 0.9 12.2 0.00 3.9 21.0 2:40p SSW 16 81.3 93.4 4:15p 67.7 6:10a 0.0 16.3 0.00 7.8 27.0 5:35p SSW 17 72.7 80.8 4:50p 62.1 12:00m 0.0 7.7 0.00 9.3 33.0 2:15p WSW 18 66.1 77.1 4:00p 55.0 6:30a 2.9 4.0 0.00 6.7 28.0 3:55p WSW 19 68.9 83.0 5:40p 51.9 6:10a 3.4 7.3 0.00 4.5 24.0 12:25p SSW 20 65.4 75.4 3:15p 51.8 12:00m 2.5 2.9 0.00 9.5 35.0 5:40p SW 21 60.8 74.8 7:10p 44.5 6:05a 6.7 2.5 0.00 9.1 29.0 2:25p WSW 22 71.1 86.2 5:15p 51.9 5:45a 2.4 8.4 0.00 8.8 41.0 1:55p SW 23 70.1 80.4 4:00p 59.1 5:30a 0.9 6.1 0.00 7.0 31.0 2:55p WSW 24 69.2 86.5 3:50p 49.1 6:25a 3.9 8.1 0.00 3.9 26.0 1:45p E 25 75.2 90.9 6:10p 57.1 6:20a 1.4 11.6 0.00 5.4 34.0 4:15p SE 26 73.7 87.8 1:30p 61.1 6:25a 0.3 9.0 0.03 7.0 37.0 4:50p SSW 27 72.5 87.0 4:30p 54.7 5:50a 1.5 9.0 0.00 9.2 37.0 3:05p SSW 28 67.9 80.9 5:45p 53.1 6:25a 2.2 5.2 0.00 5.1 24.0 3:05p WSW 29 69.9 84.4 4:25p 52.0 6:20a 2.6 7.5 0.00 3.5 31.0 1:40p S 30 72.0 87.2 5:45p 53.6 6:05a 2.7 9.7 0.00 4.0 23.0 2:40p E 31 75.3 91.3 4:50p 54.8 6:20a 1.6 11.9 0.00 3.1 20.0 3:25p E ------------------------------------------------------------------------------------- 69.4 93.4 16 44.5 21 81.7 218.2 0.16 5.6 41.0 22 WSW Max >= 90.0: 4 Max <= 32.0: 0 Min <= 32.0: 0 Min <= 0.0: 0 Max Rain: 0.11 ON 05/12/19 Days of Rain: 3 (>.01 in) 1 (>.1 in) 0 (>1 in) Heat Base: 65.0 Cool Base: 65.0 Method: Integration