NOAA-style Climate Reports

- as reported from this site (LasCruces-Weather.com) beginning 04-03-07

2023: Jan | Feb | Mar | Apr | May | Jun | Jul | Aug | Sep | Oct | Nov | Dec 
2022: Jan | Feb | Mar | Apr | May | Jun | Jul | Aug | Sep | Oct | Nov | Dec 
2021: Jan | Feb | Mar | Apr | May | Jun | Jul | Aug | Sep | Oct | Nov | Dec 
2020: Jan | Feb | Mar | Apr | May | Jun | Jul | Aug | Sep | Oct | Nov | Dec 
2019: Jan | Feb | Mar | Apr | May | Jun | Jul | Aug | Sep | Oct | Nov | Dec 
2018: Jan | Feb | Mar | Apr | May | Jun | Jul | Aug | Sep | Oct | Nov | Dec 
2017: Jan | Feb | Mar | Apr | May | Jun | Jul | Aug | Sep | Oct | Nov | Dec 
2016: Jan | Feb | Mar | Apr | May | Jun | Jul | Aug | Sep | Oct | Nov | Dec 
2015: Jan | Feb | Mar | Apr | May | Jun | Jul | Aug | Sep | Oct | Nov | Dec 
2014: Jan | Feb | Mar | Apr | May | Jun | Jul | Aug | Sep | Oct | Nov | Dec 
2013: Jan | Feb | Mar | Apr | May | Jun | Jul | Aug | Sep | Oct | Nov | Dec 
2012: Jan | Feb | Mar | Apr | May | Jun | Jul | Aug | Sep | Oct | Nov | Dec 
2011: Jan | Feb | Mar | Apr | May | Jun | Jul | Aug | Sep | Oct | Nov | Dec 
2010: Jan | Feb | Mar | Apr | May | Jun | Jul | Aug | Sep | Oct | Nov | Dec 
2009: Jan | Feb | Mar | Apr | May | Jun | Jul | Aug | Sep | Oct | Nov | Dec 
2008: Jan | Feb | Mar | Apr | May | Jun | Jul | Aug | Sep | Oct | Nov | Dec 
2007: Jan | Feb | Mar | Apr | May | Jun | Jul | Aug | Sep | Oct | Nov | Dec 

Report for 2019 04
MONTHLY CLIMATOLOGICAL SUMMARY for APR. 2019 NAME: C32 CITY: Las Cruces|East Mesa STATE: NM ELEV: 4474 ft LAT: 32 24' 08" N LONG: 106 41' 01" W TEMPERATURE (F), RAIN (in), WIND SPEED (mph) HEAT COOL AVG MEAN DEG DEG WIND DOM DAY TEMP HIGH TIME LOW TIME DAYS DAYS RAIN SPEED HIGH TIME DIR ------------------------------------------------------------------------------------ 1 51.0 67.0 5:30p 34.6 7:00a 14.1 0.1 0.00 3.4 16.0 12:10a SE 2 61.7 78.4 4:45p 43.6 7:15a 6.9 3.6 0.00 5.1 26.0 5:05p SSE 3 62.9 74.0 3:30p 49.1 6:35a 4.5 2.4 0.00 7.4 31.0 6:15p W 4 60.9 75.5 3:05p 45.0 7:00a 6.8 2.7 0.00 3.6 16.0 3:30p SE 5 62.7 75.4 4:25p 49.5 6:40a 4.9 2.6 0.00 4.8 27.0 12:50p WSW 6 60.8 74.3 4:45p 47.8 7:05a 6.3 2.1 0.00 3.8 20.0 2:15p S 7 64.0 81.5 5:25p 46.5 4:30a 6.1 5.1 0.00 4.8 25.0 1:10p NNW 8 68.0 85.6 5:40p 48.2 7:20a 4.3 7.3 0.00 4.0 18.0 4:10p NNW 9 71.6 88.4 2:45p 49.3 6:40a 2.7 9.4 0.00 5.6 27.0 3:05p WSW 10 63.8 72.2 9:45a 44.3 12:00m 2.7 1.5 0.00 13.4 46.0 2:20p W 11 54.5 64.4 3:20p 39.5 6:50a 10.5 0.0 0.00 7.3 27.0 3:15p WSW 12 53.6 61.2 12:05p 46.0 11:55p 11.4 0.0 0.00 3.5 23.0 3:50p WSW 13 51.5 65.2 4:40p 36.8 5:55a 13.5 0.0 0.00 3.4 21.0 5:00p E 14 58.6 77.7 5:10p 37.8 4:45a 9.7 3.2 0.00 4.6 23.0 2:00p SSE 15 68.6 85.3 3:45p 51.9 4:10a 3.8 7.5 0.00 4.2 30.0 5:50p SSE 16 69.8 80.6 3:35p 56.5 7:20a 0.9 5.8 0.00 6.3 27.0 2:55p WSW 17 56.2 65.6 12:05a 48.8 8:00a 8.8 0.0 0.06 7.0 34.0 3:40p WSW 18 60.5 77.5 6:55p 42.6 6:50a 8.0 3.5 0.00 2.9 18.0 11:35a E 19 67.0 83.9 5:20p 47.9 5:30a 4.4 6.4 0.00 3.2 14.0 2:20p SE 20 73.1 88.3 4:25p 49.9 7:05a 1.6 9.7 0.00 6.7 30.0 4:10p WSW 21 70.7 83.6 5:30p 56.6 5:55a 1.4 7.1 0.00 5.5 23.0 1:30p WSW 22 64.5 79.8 3:40p 53.6 12:00m 3.3 2.7 0.06 4.4 30.0 4:35p SE 23 60.5 72.5 3:05p 49.8 2:05a 6.0 1.6 0.14 6.2 32.0 6:40p E 24 61.7 76.4 5:40p 46.3 6:40a 6.0 2.7 0.00 3.9 21.0 1:05p NNW 25 71.0 87.5 5:50p 52.0 6:30a 2.8 8.8 0.00 3.6 27.0 11:30p ESE 26 76.3 90.2 4:55p 60.0 6:15a 0.6 11.9 0.00 5.1 24.0 12:05a SSW 27 74.2 89.0 4:15p 54.6 6:45a 1.4 10.6 0.00 4.9 36.0 4:40p WSW 28 72.5 87.2 4:15p 54.1 6:40a 1.9 9.4 0.00 4.7 24.0 2:05p WSW 29 72.3 87.1 3:05p 54.8 6:00a 1.6 9.0 0.00 4.5 23.0 1:55p S 30 69.0 76.6 4:25p 59.3 11:35p 0.7 4.6 0.00 8.5 28.0 12:50p WSW ------------------------------------------------------------------------------------- 64.4 90.2 26 34.6 1 157.6 141.3 0.26 5.2 46.0 10 WSW Max >= 90.0: 1 Max <= 32.0: 0 Min <= 32.0: 0 Min <= 0.0: 0 Max Rain: 0.14 ON 04/23/19 Days of Rain: 3 (>.01 in) 1 (>.1 in) 0 (>1 in) Heat Base: 65.0 Cool Base: 65.0 Method: Integration