NOAA-style Climate Reports

- as reported from this site (LasCruces-Weather.com) beginning 04-03-07

2023: Jan | Feb | Mar | Apr | May | Jun | Jul | Aug | Sep | Oct | Nov | Dec 
2022: Jan | Feb | Mar | Apr | May | Jun | Jul | Aug | Sep | Oct | Nov | Dec 
2021: Jan | Feb | Mar | Apr | May | Jun | Jul | Aug | Sep | Oct | Nov | Dec 
2020: Jan | Feb | Mar | Apr | May | Jun | Jul | Aug | Sep | Oct | Nov | Dec 
2019: Jan | Feb | Mar | Apr | May | Jun | Jul | Aug | Sep | Oct | Nov | Dec 
2018: Jan | Feb | Mar | Apr | May | Jun | Jul | Aug | Sep | Oct | Nov | Dec 
2017: Jan | Feb | Mar | Apr | May | Jun | Jul | Aug | Sep | Oct | Nov | Dec 
2016: Jan | Feb | Mar | Apr | May | Jun | Jul | Aug | Sep | Oct | Nov | Dec 
2015: Jan | Feb | Mar | Apr | May | Jun | Jul | Aug | Sep | Oct | Nov | Dec 
2014: Jan | Feb | Mar | Apr | May | Jun | Jul | Aug | Sep | Oct | Nov | Dec 
2013: Jan | Feb | Mar | Apr | May | Jun | Jul | Aug | Sep | Oct | Nov | Dec 
2012: Jan | Feb | Mar | Apr | May | Jun | Jul | Aug | Sep | Oct | Nov | Dec 
2011: Jan | Feb | Mar | Apr | May | Jun | Jul | Aug | Sep | Oct | Nov | Dec 
2010: Jan | Feb | Mar | Apr | May | Jun | Jul | Aug | Sep | Oct | Nov | Dec 
2009: Jan | Feb | Mar | Apr | May | Jun | Jul | Aug | Sep | Oct | Nov | Dec 
2008: Jan | Feb | Mar | Apr | May | Jun | Jul | Aug | Sep | Oct | Nov | Dec 
2007: Jan | Feb | Mar | Apr | May | Jun | Jul | Aug | Sep | Oct | Nov | Dec 

Report for 2019 03
MONTHLY CLIMATOLOGICAL SUMMARY for MAR. 2019 NAME: C32 CITY: Las Cruces|East Mesa STATE: NM ELEV: 4474 ft LAT: 32 24' 08" N LONG: 106 41' 01" W TEMPERATURE (F), RAIN (in), WIND SPEED (mph) HEAT COOL AVG MEAN DEG DEG WIND DOM DAY TEMP HIGH TIME LOW TIME DAYS DAYS RAIN SPEED HIGH TIME DIR ------------------------------------------------------------------------------------ 1 61.2 77.0 2:25p 39.7 6:45a 6.6 2.8 0.00 4.8 20.0 4:35p SSE 2 63.8 74.1 4:00p 55.8 6:25a 3.5 2.2 0.00 7.1 27.0 3:05p WSW 3 60.7 71.7 3:45p 49.0 6:20a 5.5 1.3 0.00 7.4 32.0 2:20p WSW 4 53.4 64.3 2:50p 40.0 7:25a 11.6 0.0 0.00 5.1 19.0 2:55p S 5 49.8 70.4 3:55p 32.1 6:50a 15.6 0.5 0.00 2.0 18.0 4:45p SSW 6 57.7 75.0 3:50p 41.5 6:55a 9.4 2.0 0.00 3.9 21.0 3:15p W 7 63.8 76.9 2:45p 50.7 6:00a 4.3 3.0 0.00 7.1 30.0 1:50p S 8 59.0 72.2 11:35a 44.1 12:00m 7.0 1.0 0.02 9.6 40.0 7:10p SSW 9 49.5 61.7 2:45p 34.3 5:30a 15.5 0.0 0.00 3.5 19.0 2:50p SW 10 56.0 66.4 1:45p 47.6 7:30a 8.6 0.0 0.00 5.0 24.0 3:35p S 11 60.4 70.3 2:10p 47.1 7:40a 5.6 1.1 0.00 5.9 26.0 10:05p S 12 57.0 73.1 11:50a 39.9 12:00m 9.2 1.1 0.26 9.1 35.0 2:30p SSE 13 46.0 54.5 1:45p 38.8 12:40a 19.0 0.0 0.01 15.0 45.0 3:10p WSW 14 46.9 58.8 5:20p 34.6 7:55a 18.1 0.0 0.00 3.9 19.0 12:50a W 15 48.3 57.0 4:40p 41.3 7:10a 16.7 0.0 0.00 10.5 31.0 2:30a E 16 40.8 46.3 12:05a 35.9 10:40a 24.2 0.0 0.23 2.5 21.0 1:25a ESE 17 47.5 64.4 4:45p 32.2 7:50a 17.5 0.0 0.00 2.2 11.0 4:00p N 18 52.4 65.3 5:35p 38.1 7:30a 12.6 0.0 0.00 3.3 27.0 12:05p ESE 19 53.2 69.3 5:20p 36.3 7:30a 12.5 0.7 0.00 2.7 15.0 1:00p ESE 20 55.7 70.5 3:30p 39.6 7:30a 10.1 0.7 0.00 4.9 22.0 8:25p E 21 59.8 72.4 5:40p 47.2 7:50a 6.6 1.4 0.00 4.7 25.0 3:10p S 22 59.9 67.5 3:30p 48.4 7:05a 5.5 0.4 0.00 7.1 27.0 4:40p WSW 23 56.5 70.6 4:35p 38.2 7:45a 9.4 1.0 0.00 4.9 23.0 5:05p WSW 24 60.9 74.2 5:15p 47.9 7:15a 6.2 2.1 0.00 4.6 20.0 12:50p SSE 25 60.5 79.6 5:10p 41.2 6:20a 8.2 3.7 0.00 3.6 17.0 12:05p SSE 26 66.1 81.2 5:00p 46.7 5:25a 4.8 5.9 0.00 4.1 26.0 1:50p S 27 69.0 84.2 3:30p 53.6 7:30a 2.2 6.2 0.00 3.1 18.0 3:25p SSW 28 67.6 83.2 3:20p 50.8 7:30a 3.9 6.4 0.00 5.2 23.0 5:00p WSW 29 66.4 79.1 3:00p 52.1 6:20a 3.1 4.5 0.00 6.9 27.0 3:55p WSW 30 56.2 68.0 2:00p 44.7 6:15a 9.0 0.2 0.00 8.1 36.0 11:45p E 31 51.9 62.7 5:35p 41.2 7:30a 13.1 0.0 0.00 8.4 31.0 1:25a E ------------------------------------------------------------------------------------- 56.7 84.2 27 32.1 5 305.1 48.2 0.52 5.7 45.0 13 S Max >= 90.0: 0 Max <= 32.0: 0 Min <= 32.0: 0 Min <= 0.0: 0 Max Rain: 0.26 ON 03/12/19 Days of Rain: 3 (>.01 in) 2 (>.1 in) 0 (>1 in) Heat Base: 65.0 Cool Base: 65.0 Method: Integration