NOAA-style Climate Reports

- as reported from this site (LasCruces-Weather.com) beginning 04-03-07

2023: Jan | Feb | Mar | Apr | May | Jun | Jul | Aug | Sep | Oct | Nov | Dec 
2022: Jan | Feb | Mar | Apr | May | Jun | Jul | Aug | Sep | Oct | Nov | Dec 
2021: Jan | Feb | Mar | Apr | May | Jun | Jul | Aug | Sep | Oct | Nov | Dec 
2020: Jan | Feb | Mar | Apr | May | Jun | Jul | Aug | Sep | Oct | Nov | Dec 
2019: Jan | Feb | Mar | Apr | May | Jun | Jul | Aug | Sep | Oct | Nov | Dec 
2018: Jan | Feb | Mar | Apr | May | Jun | Jul | Aug | Sep | Oct | Nov | Dec 
2017: Jan | Feb | Mar | Apr | May | Jun | Jul | Aug | Sep | Oct | Nov | Dec 
2016: Jan | Feb | Mar | Apr | May | Jun | Jul | Aug | Sep | Oct | Nov | Dec 
2015: Jan | Feb | Mar | Apr | May | Jun | Jul | Aug | Sep | Oct | Nov | Dec 
2014: Jan | Feb | Mar | Apr | May | Jun | Jul | Aug | Sep | Oct | Nov | Dec 
2013: Jan | Feb | Mar | Apr | May | Jun | Jul | Aug | Sep | Oct | Nov | Dec 
2012: Jan | Feb | Mar | Apr | May | Jun | Jul | Aug | Sep | Oct | Nov | Dec 
2011: Jan | Feb | Mar | Apr | May | Jun | Jul | Aug | Sep | Oct | Nov | Dec 
2010: Jan | Feb | Mar | Apr | May | Jun | Jul | Aug | Sep | Oct | Nov | Dec 
2009: Jan | Feb | Mar | Apr | May | Jun | Jul | Aug | Sep | Oct | Nov | Dec 
2008: Jan | Feb | Mar | Apr | May | Jun | Jul | Aug | Sep | Oct | Nov | Dec 
2007: Jan | Feb | Mar | Apr | May | Jun | Jul | Aug | Sep | Oct | Nov | Dec 

Report for 2019 02
MONTHLY CLIMATOLOGICAL SUMMARY for FEB. 2019 NAME: C32 CITY: Las Cruces|East Mesa STATE: NM ELEV: 4474 ft LAT: 32 24' 08" N LONG: 106 41' 01" W TEMPERATURE (F), RAIN (in), WIND SPEED (mph) HEAT COOL AVG MEAN DEG DEG WIND DOM DAY TEMP HIGH TIME LOW TIME DAYS DAYS RAIN SPEED HIGH TIME DIR ------------------------------------------------------------------------------------ 1 51.8 61.6 4:05p 43.6 12:00m 13.2 0.0 0.00 2.0 16.0 5:35p SSW 2 51.3 64.0 2:25p 38.2 7:25a 13.7 0.0 0.00 4.5 19.0 1:50p S 3 54.3 65.6 3:10p 44.1 3:55a 10.7 0.0 0.00 4.6 23.0 3:10p SSW 4 56.0 66.6 12:35p 44.9 7:00a 9.0 0.1 0.00 5.4 25.0 1:15p ESE 5 55.6 62.9 3:10p 48.8 11:55p 9.4 0.0 0.00 6.3 21.0 1:25p SSW 6 48.5 61.6 1:10p 37.7 11:40p 16.5 0.0 0.00 7.9 31.0 12:45p WSW 7 37.2 48.8 4:30p 26.8 10:45p 27.8 0.0 0.00 4.2 18.0 1:25a N 8 37.7 58.2 3:30p 19.5 7:35a 27.3 0.0 0.00 3.1 16.0 3:55p NNW 9 44.7 59.9 1:10p 30.3 6:15a 20.3 0.0 0.00 3.1 19.0 3:55p NNW 10 49.2 55.1 9:25a 41.6 11:25p 15.8 0.0 0.00 3.5 20.0 7:15p SSW 11 44.4 55.8 4:10p 31.3 10:00p 20.5 0.0 0.00 6.6 37.0 12:35p SSW 12 38.9 58.7 4:40p 19.9 6:55a 26.0 0.0 0.00 3.2 13.0 1:20a SW 13 46.8 64.3 4:00p 29.8 2:50a 18.2 0.0 0.00 3.3 15.0 11:20a SW 14 58.0 69.3 2:25p 48.2 2:45a 7.5 0.5 0.00 5.1 19.0 1:55p S 15 60.3 68.3 2:50p 52.6 12:00m 5.1 0.4 0.00 9.0 27.0 1:10p WSW 16 50.6 59.3 2:20p 41.2 12:00m 14.4 0.0 0.00 8.7 35.0 3:00p SSW 17 41.9 53.3 3:25p 29.0 5:45a 23.1 0.0 0.00 5.4 28.0 2:05p W 18 44.5 59.4 2:55p 27.8 7:20a 20.5 0.0 0.00 4.4 27.0 1:40p SSW 19 35.6 43.2 2:55p 28.0 5:50a 29.4 0.0 0.00 5.5 29.0 4:10p WNW 20 38.5 51.6 3:40p 27.2 6:00a 26.5 0.0 0.00 4.3 19.0 1:30p S 21 48.1 60.9 4:20p 33.5 6:50a 16.9 0.0 0.00 7.1 31.0 5:50p SW 22 46.7 61.6 1:40p 32.8 12:00m 18.3 0.0 0.05 9.0 35.0 11:20a S 23 39.6 53.1 3:50p 30.1 6:20a 25.4 0.0 0.00 6.2 25.0 1:15a SW 24 42.1 63.0 3:15p 21.7 7:00a 22.9 0.0 0.00 3.4 20.0 4:05p SSW 25 50.0 68.3 2:20p 29.9 6:00a 15.2 0.3 0.00 3.7 18.0 2:40p SSW 26 56.8 72.9 4:25p 41.5 7:10a 9.4 1.2 0.00 3.3 14.0 4:50p SSW 27 57.8 69.0 4:00p 47.0 6:10a 7.6 0.5 0.00 3.1 16.0 4:30p SSW 28 58.6 75.3 1:55p 39.2 6:10a 8.6 2.2 0.00 5.0 33.0 1:40p SSE ------------------------------------------------------------------------------------- 48.1 75.3 28 19.5 8 479.2 5.2 0.05 5.0 37.0 11 SSW Max >= 90.0: 0 Max <= 32.0: 0 Min <= 32.0: 13 Min <= 0.0: 0 Max Rain: 0.05 ON 02/22/19 Days of Rain: 1 (>.01 in) 0 (>.1 in) 0 (>1 in) Heat Base: 65.0 Cool Base: 65.0 Method: Integration