NOAA-style Climate Reports

- as reported from this site (LasCruces-Weather.com) beginning 04-03-07

2023: Jan | Feb | Mar | Apr | May | Jun | Jul | Aug | Sep | Oct | Nov | Dec 
2022: Jan | Feb | Mar | Apr | May | Jun | Jul | Aug | Sep | Oct | Nov | Dec 
2021: Jan | Feb | Mar | Apr | May | Jun | Jul | Aug | Sep | Oct | Nov | Dec 
2020: Jan | Feb | Mar | Apr | May | Jun | Jul | Aug | Sep | Oct | Nov | Dec 
2019: Jan | Feb | Mar | Apr | May | Jun | Jul | Aug | Sep | Oct | Nov | Dec 
2018: Jan | Feb | Mar | Apr | May | Jun | Jul | Aug | Sep | Oct | Nov | Dec 
2017: Jan | Feb | Mar | Apr | May | Jun | Jul | Aug | Sep | Oct | Nov | Dec 
2016: Jan | Feb | Mar | Apr | May | Jun | Jul | Aug | Sep | Oct | Nov | Dec 
2015: Jan | Feb | Mar | Apr | May | Jun | Jul | Aug | Sep | Oct | Nov | Dec 
2014: Jan | Feb | Mar | Apr | May | Jun | Jul | Aug | Sep | Oct | Nov | Dec 
2013: Jan | Feb | Mar | Apr | May | Jun | Jul | Aug | Sep | Oct | Nov | Dec 
2012: Jan | Feb | Mar | Apr | May | Jun | Jul | Aug | Sep | Oct | Nov | Dec 
2011: Jan | Feb | Mar | Apr | May | Jun | Jul | Aug | Sep | Oct | Nov | Dec 
2010: Jan | Feb | Mar | Apr | May | Jun | Jul | Aug | Sep | Oct | Nov | Dec 
2009: Jan | Feb | Mar | Apr | May | Jun | Jul | Aug | Sep | Oct | Nov | Dec 
2008: Jan | Feb | Mar | Apr | May | Jun | Jul | Aug | Sep | Oct | Nov | Dec 
2007: Jan | Feb | Mar | Apr | May | Jun | Jul | Aug | Sep | Oct | Nov | Dec 

Report for 2019 01
MONTHLY CLIMATOLOGICAL SUMMARY for JAN. 2019 NAME: C32 CITY: Las Cruces|East Mesa STATE: NM ELEV: 4474 ft LAT: 32 24' 08" N LONG: 106 41' 01" W TEMPERATURE (F), RAIN (in), WIND SPEED (mph) HEAT COOL AVG MEAN DEG DEG WIND DOM DAY TEMP HIGH TIME LOW TIME DAYS DAYS RAIN SPEED HIGH TIME DIR ------------------------------------------------------------------------------------ 1 39.9 52.1 2:45p 28.4 12:00m 25.1 0.0 0.00 3.3 20.0 12:05p S 2 29.9 36.0 3:20p 22.7 7:05a 35.1 0.0 0.00 2.8 12.0 6:05p NNW 3 33.2 47.9 4:15p 22.5 5:20a 31.8 0.0 0.00 3.5 12.0 12:10p N 4 35.1 54.2 4:00p 22.4 5:30a 29.9 0.0 0.00 4.0 15.0 8:45a NNE 5 40.3 58.4 3:00p 23.7 6:55a 24.7 0.0 0.00 2.8 10.0 10:30a NNE 6 47.5 55.8 12:10p 40.5 12:00m 17.5 0.0 0.00 4.3 17.0 2:30p SSW 7 45.2 59.3 3:25p 36.9 7:40a 19.8 0.0 0.00 3.6 17.0 2:35a SSW 8 42.6 54.3 3:35p 33.0 3:30a 22.4 0.0 0.00 3.4 14.0 2:00p N 9 44.0 52.6 3:50p 31.8 7:05a 21.0 0.0 0.00 1.8 11.0 2:50a NNE 10 45.6 55.1 12:45p 36.6 6:40a 19.4 0.0 0.06 2.7 10.0 4:15p N 11 47.5 57.0 1:30p 37.7 11:20p 17.5 0.0 0.00 5.0 25.0 3:35p S 12 42.9 56.6 3:45p 29.9 7:45a 22.1 0.0 0.00 2.3 12.0 4:30p NE 13 46.5 59.6 2:15p 36.6 5:30a 18.5 0.0 0.00 2.5 16.0 1:40p SW 14 44.3 58.3 2:45p 32.2 7:40a 20.7 0.0 0.00 2.0 8.0 2:50p E 15 47.5 62.5 3:25p 34.3 7:25a 17.5 0.0 0.00 3.0 12.0 9:00a SSW 16 51.7 63.0 4:05p 44.0 7:25a 13.3 0.0 0.00 4.0 20.0 12:55p SSW 17 48.3 64.3 3:20p 32.4 7:45a 16.7 0.0 0.00 2.7 12.0 1:10p SSE 18 50.3 62.9 1:30p 38.5 11:40p 14.7 0.0 0.00 8.7 29.0 1:35p S 19 42.9 58.4 4:30p 28.4 7:55a 22.1 0.0 0.00 3.3 15.0 10:10a ENE 20 44.6 61.9 3:30p 28.4 6:20a 20.4 0.0 0.00 2.7 11.0 3:05p E 21 55.2 70.2 2:50p 37.9 6:15a 10.4 0.7 0.00 7.7 29.0 2:55p SSW 22 42.9 50.2 2:00p 32.4 7:35a 22.1 0.0 0.00 4.8 21.0 12:15a N 23 38.0 51.8 3:30p 24.7 7:30a 27.0 0.0 0.00 3.0 15.0 11:20a NNE 24 40.7 55.9 4:35p 26.6 6:35a 24.3 0.0 0.00 4.3 20.0 1:05p E 25 41.2 58.4 3:10p 25.4 3:00a 23.8 0.0 0.00 2.9 13.0 1:50p ENE 26 41.6 57.0 4:25p 27.2 7:35a 23.4 0.0 0.00 4.4 16.0 1:40p ENE 27 44.3 59.7 3:25p 27.4 6:55a 20.7 0.0 0.00 3.7 17.0 1:05p S 28 47.8 65.3 4:05p 29.3 7:30a 17.2 0.0 0.00 4.3 21.0 9:05p ESE 29 42.2 50.8 2:05p 35.2 8:35a 22.8 0.0 0.00 2.4 19.0 12:15a SSW 30 45.4 59.3 4:30p 35.4 7:15a 19.6 0.0 0.00 2.4 11.0 6:40a SSW 31 50.6 67.5 3:30p 34.9 4:45a 14.5 0.1 0.00 2.3 15.0 1:35p SSW ------------------------------------------------------------------------------------- 43.9 70.2 21 22.4 4 656.0 0.8 0.06 3.6 29.0 18 SSW Max >= 90.0: 0 Max <= 32.0: 0 Min <= 32.0: 15 Min <= 0.0: 0 Max Rain: 0.06 ON 01/10/19 Days of Rain: 1 (>.01 in) 0 (>.1 in) 0 (>1 in) Heat Base: 65.0 Cool Base: 65.0 Method: Integration