NOAA-style Climate Reports

- as reported from this site (LasCruces-Weather.com) beginning 04-03-07

2023: Jan | Feb | Mar | Apr | May | Jun | Jul | Aug | Sep | Oct | Nov | Dec 
2022: Jan | Feb | Mar | Apr | May | Jun | Jul | Aug | Sep | Oct | Nov | Dec 
2021: Jan | Feb | Mar | Apr | May | Jun | Jul | Aug | Sep | Oct | Nov | Dec 
2020: Jan | Feb | Mar | Apr | May | Jun | Jul | Aug | Sep | Oct | Nov | Dec 
2019: Jan | Feb | Mar | Apr | May | Jun | Jul | Aug | Sep | Oct | Nov | Dec 
2018: Jan | Feb | Mar | Apr | May | Jun | Jul | Aug | Sep | Oct | Nov | Dec 
2017: Jan | Feb | Mar | Apr | May | Jun | Jul | Aug | Sep | Oct | Nov | Dec 
2016: Jan | Feb | Mar | Apr | May | Jun | Jul | Aug | Sep | Oct | Nov | Dec 
2015: Jan | Feb | Mar | Apr | May | Jun | Jul | Aug | Sep | Oct | Nov | Dec 
2014: Jan | Feb | Mar | Apr | May | Jun | Jul | Aug | Sep | Oct | Nov | Dec 
2013: Jan | Feb | Mar | Apr | May | Jun | Jul | Aug | Sep | Oct | Nov | Dec 
2012: Jan | Feb | Mar | Apr | May | Jun | Jul | Aug | Sep | Oct | Nov | Dec 
2011: Jan | Feb | Mar | Apr | May | Jun | Jul | Aug | Sep | Oct | Nov | Dec 
2010: Jan | Feb | Mar | Apr | May | Jun | Jul | Aug | Sep | Oct | Nov | Dec 
2009: Jan | Feb | Mar | Apr | May | Jun | Jul | Aug | Sep | Oct | Nov | Dec 
2008: Jan | Feb | Mar | Apr | May | Jun | Jul | Aug | Sep | Oct | Nov | Dec 
2007: Jan | Feb | Mar | Apr | May | Jun | Jul | Aug | Sep | Oct | Nov | Dec 

Report for 2018 12
MONTHLY CLIMATOLOGICAL SUMMARY for DEC. 2018 NAME: C32 CITY: Las Cruces|East Mesa STATE: NM ELEV: 4474 ft LAT: 32 24' 08" N LONG: 106 41' 01" W TEMPERATURE (F), RAIN (in), WIND SPEED (mph) HEAT COOL AVG MEAN DEG DEG WIND DOM DAY TEMP HIGH TIME LOW TIME DAYS DAYS RAIN SPEED HIGH TIME DIR ------------------------------------------------------------------------------------ 1 47.6 56.0 2:05p 40.5 7:35a 17.4 0.0 0.00 7.7 25.0 2:05p WSW 2 48.7 55.3 1:30p 44.5 12:55a 16.3 0.0 0.00 6.5 24.0 1:05p W 3 41.7 53.5 2:50p 29.9 7:20a 23.3 0.0 0.00 2.7 12.0 8:55a WNW 4 41.2 56.4 2:25p 28.1 6:35a 23.8 0.0 0.00 3.9 14.0 9:50a N 5 44.0 58.7 2:40p 30.8 6:00a 21.0 0.0 0.00 3.3 14.0 2:50p N 6 51.1 62.9 4:00p 42.0 3:10a 13.9 0.0 0.06 2.3 22.0 7:50p SSW 7 48.1 50.5 12:05a 46.0 5:35a 16.9 0.0 0.29 3.3 20.0 4:45p E 8 46.6 55.2 3:50p 41.6 7:50a 18.4 0.0 0.14 2.3 12.0 6:55p SSW 9 43.9 56.7 3:05p 33.7 7:30a 21.1 0.0 0.00 2.4 10.0 8:45a N 10 42.0 56.8 3:10p 29.8 6:25a 23.0 0.0 0.00 2.6 11.0 9:05a N 11 45.7 56.0 1:40p 37.8 5:15a 19.3 0.0 0.00 1.6 9.0 12:35p SW 12 49.1 63.3 2:40p 36.4 7:25a 15.9 0.0 0.00 5.9 25.0 9:20p SSW 13 41.7 50.5 3:05p 32.1 9:40p 23.3 0.0 0.00 8.4 35.0 12:45a NNW 14 39.3 55.9 3:20p 27.5 6:20a 25.6 0.0 0.00 3.0 12.0 8:55a NW 15 41.6 57.0 3:35p 26.3 4:05a 23.4 0.0 0.00 1.7 6.0 8:35a NNW 16 46.1 54.7 2:55p 39.3 6:30a 18.9 0.0 0.00 2.3 12.0 5:10a NNE 17 49.1 55.6 2:50p 43.9 2:40a 15.9 0.0 0.01 1.8 11.0 12:20p SW 18 48.3 58.2 3:40p 42.2 11:25p 16.7 0.0 0.06 3.4 16.0 2:25p NE 19 48.4 63.8 4:10p 36.2 4:10a 16.6 0.0 0.00 5.2 22.0 11:05a N 20 47.1 60.2 4:00p 35.2 7:30a 17.9 0.0 0.00 2.3 10.0 12:25p SW 21 49.1 58.9 12:35p 34.7 7:05a 15.9 0.0 0.00 3.9 15.0 3:10p SW 22 54.8 68.0 3:05p 44.2 7:30a 10.6 0.4 0.00 5.1 20.0 3:05p S 23 45.8 62.2 4:15p 33.5 7:15a 19.2 0.0 0.00 2.7 11.0 4:25a SSW 24 50.5 66.3 3:20p 35.7 4:40a 14.6 0.1 0.00 3.1 16.0 4:00p SSW 25 52.8 61.3 2:40p 41.7 5:30a 12.2 0.0 0.00 3.8 21.0 11:50a S 26 43.8 51.1 12:05a 39.3 12:00m 21.2 0.0 0.32 8.5 27.0 1:20p WSW 27 42.2 49.5 4:25p 36.1 5:00a 22.8 0.0 0.00 5.9 25.0 12:25p SSW 28 35.3 42.2 1:05a 28.0 11:05p 29.7 0.0 0.14 4.8 19.0 12:55a ESE 29 28.5 34.7 1:10p 23.7 4:20a 36.5 0.0 0.00 5.7 17.0 11:50a NNW 30 30.1 41.0 3:45p 20.4 6:25a 34.9 0.0 0.01 3.5 17.0 10:10p NNW 31 40.3 48.9 3:45p 32.1 1:05a 24.7 0.0 0.01 6.2 21.0 3:35a SSW ------------------------------------------------------------------------------------- 44.7 68.0 22 20.4 30 630.9 0.5 1.04 4.1 35.0 13 SSW Max >= 90.0: 0 Max <= 32.0: 0 Min <= 32.0: 9 Min <= 0.0: 0 Max Rain: 0.32 ON 12/26/18 Days of Rain: 6 (>.01 in) 4 (>.1 in) 0 (>1 in) Heat Base: 65.0 Cool Base: 65.0 Method: Integration