NOAA-style Climate Reports

- as reported from this site (LasCruces-Weather.com) beginning 04-03-07

2023: Jan | Feb | Mar | Apr | May | Jun | Jul | Aug | Sep | Oct | Nov | Dec 
2022: Jan | Feb | Mar | Apr | May | Jun | Jul | Aug | Sep | Oct | Nov | Dec 
2021: Jan | Feb | Mar | Apr | May | Jun | Jul | Aug | Sep | Oct | Nov | Dec 
2020: Jan | Feb | Mar | Apr | May | Jun | Jul | Aug | Sep | Oct | Nov | Dec 
2019: Jan | Feb | Mar | Apr | May | Jun | Jul | Aug | Sep | Oct | Nov | Dec 
2018: Jan | Feb | Mar | Apr | May | Jun | Jul | Aug | Sep | Oct | Nov | Dec 
2017: Jan | Feb | Mar | Apr | May | Jun | Jul | Aug | Sep | Oct | Nov | Dec 
2016: Jan | Feb | Mar | Apr | May | Jun | Jul | Aug | Sep | Oct | Nov | Dec 
2015: Jan | Feb | Mar | Apr | May | Jun | Jul | Aug | Sep | Oct | Nov | Dec 
2014: Jan | Feb | Mar | Apr | May | Jun | Jul | Aug | Sep | Oct | Nov | Dec 
2013: Jan | Feb | Mar | Apr | May | Jun | Jul | Aug | Sep | Oct | Nov | Dec 
2012: Jan | Feb | Mar | Apr | May | Jun | Jul | Aug | Sep | Oct | Nov | Dec 
2011: Jan | Feb | Mar | Apr | May | Jun | Jul | Aug | Sep | Oct | Nov | Dec 
2010: Jan | Feb | Mar | Apr | May | Jun | Jul | Aug | Sep | Oct | Nov | Dec 
2009: Jan | Feb | Mar | Apr | May | Jun | Jul | Aug | Sep | Oct | Nov | Dec 
2008: Jan | Feb | Mar | Apr | May | Jun | Jul | Aug | Sep | Oct | Nov | Dec 
2007: Jan | Feb | Mar | Apr | May | Jun | Jul | Aug | Sep | Oct | Nov | Dec 

Report for 2018 11
MONTHLY CLIMATOLOGICAL SUMMARY for NOV. 2018 NAME: C32 CITY: Las Cruces|East Mesa STATE: NM ELEV: 4474 ft LAT: 32 24' 08" N LONG: 106 41' 01" W TEMPERATURE (F), RAIN (in), WIND SPEED (mph) HEAT COOL AVG MEAN DEG DEG WIND DOM DAY TEMP HIGH TIME LOW TIME DAYS DAYS RAIN SPEED HIGH TIME DIR ------------------------------------------------------------------------------------ 1 50.0 63.1 5:10p 40.2 5:30a 15.0 0.0 0.00 3.2 18.0 1:25p NNE 2 53.3 67.2 4:25p 38.5 5:25a 11.9 0.2 0.00 2.7 13.0 4:00p E 3 57.6 71.1 4:35p 45.6 6:20a 8.6 1.3 0.00 3.9 18.0 1:10p S 4 54.9 67.8 2:20p 40.0 6:55a 10.4 0.3 0.00 3.3 13.0 1:20p NE 5 63.3 73.8 2:25p 53.7 6:25a 3.9 2.2 0.00 6.9 25.0 3:05p S 6 63.9 74.9 2:45p 52.6 5:50a 3.9 2.8 0.00 6.1 21.0 3:35p SSW 7 62.4 75.1 2:50p 51.6 6:00a 5.2 2.6 0.00 3.9 18.0 12:50p WSW 8 61.1 73.4 2:30p 49.6 6:35a 5.9 2.0 0.00 5.3 20.0 3:30p SW 9 50.1 59.4 2:15p 41.1 12:00m 14.9 0.0 0.00 4.5 19.0 12:30p E 10 48.8 60.8 3:50p 37.0 3:40a 16.2 0.0 0.00 2.5 13.0 2:30p NNW 11 53.7 66.3 2:35p 43.6 3:55a 11.4 0.1 0.00 5.5 24.0 3:30p S 12 37.4 48.3 11:55a 26.0 12:00m 27.6 0.0 0.00 5.2 19.0 2:30p N 13 33.1 47.0 4:45p 20.3 5:20a 31.9 0.0 0.00 2.0 13.0 2:20p NE 14 39.0 56.2 3:05p 23.8 4:55a 26.0 0.0 0.00 2.1 10.0 9:10a NNW 15 43.9 62.2 4:30p 26.6 7:10a 21.1 0.0 0.00 2.3 11.0 8:55a NNE 16 46.3 63.7 3:15p 30.1 5:05a 18.7 0.0 0.00 2.6 10.0 11:50a SSW 17 50.7 67.0 2:55p 34.8 7:15a 14.4 0.1 0.00 2.9 17.0 1:55p SSW 18 52.4 65.2 2:40p 42.5 6:40a 12.6 0.0 0.00 3.6 19.0 10:55a S 19 47.3 63.6 3:10p 32.9 7:20a 17.7 0.0 0.00 3.5 12.0 10:45a N 20 46.6 63.6 2:20p 27.8 7:05a 18.4 0.0 0.00 2.9 12.0 3:30p E 21 49.5 66.2 4:05p 36.2 6:50a 15.5 0.1 0.00 2.2 9.0 2:20p NE 22 51.3 60.7 12:05p 40.0 7:30a 13.7 0.0 0.00 3.6 18.0 12:25p ENE 23 51.0 64.0 3:30p 36.2 6:55a 14.0 0.0 0.00 3.1 23.0 12:25a NE 24 53.2 64.8 1:25p 40.2 5:25a 11.8 0.0 0.00 5.7 24.0 3:35p S 25 49.0 59.1 2:45p 39.0 12:00m 16.0 0.0 0.00 4.6 17.0 9:10a N 26 42.4 59.1 3:00p 27.8 6:55a 22.6 0.0 0.00 2.2 10.0 2:20p NNW 27 44.3 62.9 4:05p 29.1 6:35a 20.7 0.0 0.00 2.9 12.0 8:55a S 28 53.4 69.2 2:50p 36.3 5:25a 12.0 0.4 0.00 4.4 18.0 5:20p S 29 56.9 68.4 1:55p 46.9 4:35a 8.6 0.5 0.00 4.0 16.0 2:15p S 30 50.4 57.3 12:50a 42.9 9:45a 14.6 0.0 0.02 9.1 34.0 12:35p W ------------------------------------------------------------------------------------- 50.6 75.1 7 20.3 13 445.2 12.6 0.02 3.9 34.0 30 S Max >= 90.0: 0 Max <= 32.0: 0 Min <= 32.0: 8 Min <= 0.0: 0 Max Rain: 0.02 ON 11/30/18 Days of Rain: 1 (>.01 in) 0 (>.1 in) 0 (>1 in) Heat Base: 65.0 Cool Base: 65.0 Method: Integration