NOAA-style Climate Reports

- as reported from this site (LasCruces-Weather.com) beginning 04-03-07

2023: Jan | Feb | Mar | Apr | May | Jun | Jul | Aug | Sep | Oct | Nov | Dec 
2022: Jan | Feb | Mar | Apr | May | Jun | Jul | Aug | Sep | Oct | Nov | Dec 
2021: Jan | Feb | Mar | Apr | May | Jun | Jul | Aug | Sep | Oct | Nov | Dec 
2020: Jan | Feb | Mar | Apr | May | Jun | Jul | Aug | Sep | Oct | Nov | Dec 
2019: Jan | Feb | Mar | Apr | May | Jun | Jul | Aug | Sep | Oct | Nov | Dec 
2018: Jan | Feb | Mar | Apr | May | Jun | Jul | Aug | Sep | Oct | Nov | Dec 
2017: Jan | Feb | Mar | Apr | May | Jun | Jul | Aug | Sep | Oct | Nov | Dec 
2016: Jan | Feb | Mar | Apr | May | Jun | Jul | Aug | Sep | Oct | Nov | Dec 
2015: Jan | Feb | Mar | Apr | May | Jun | Jul | Aug | Sep | Oct | Nov | Dec 
2014: Jan | Feb | Mar | Apr | May | Jun | Jul | Aug | Sep | Oct | Nov | Dec 
2013: Jan | Feb | Mar | Apr | May | Jun | Jul | Aug | Sep | Oct | Nov | Dec 
2012: Jan | Feb | Mar | Apr | May | Jun | Jul | Aug | Sep | Oct | Nov | Dec 
2011: Jan | Feb | Mar | Apr | May | Jun | Jul | Aug | Sep | Oct | Nov | Dec 
2010: Jan | Feb | Mar | Apr | May | Jun | Jul | Aug | Sep | Oct | Nov | Dec 
2009: Jan | Feb | Mar | Apr | May | Jun | Jul | Aug | Sep | Oct | Nov | Dec 
2008: Jan | Feb | Mar | Apr | May | Jun | Jul | Aug | Sep | Oct | Nov | Dec 
2007: Jan | Feb | Mar | Apr | May | Jun | Jul | Aug | Sep | Oct | Nov | Dec 

Report for 2018 10
MONTHLY CLIMATOLOGICAL SUMMARY for OCT. 2018 NAME: C32 CITY: Las Cruces|East Mesa STATE: NM ELEV: 4474 ft LAT: 32 24' 08" N LONG: 106 41' 01" W TEMPERATURE (F), RAIN (in), WIND SPEED (mph) HEAT COOL AVG MEAN DEG DEG WIND DOM DAY TEMP HIGH TIME LOW TIME DAYS DAYS RAIN SPEED HIGH TIME DIR ------------------------------------------------------------------------------------ 1 78.4 88.5 2:50p 67.7 12:00m 0.0 13.4 0.17 5.4 22.0 3:55p S 2 75.6 87.5 4:55p 66.1 7:45a 0.0 10.6 0.00 3.4 19.0 3:35p NNE 3 75.1 87.2 4:25p 63.9 7:25a 0.0 10.1 0.00 4.1 19.0 1:15p S 4 76.0 88.3 5:25p 65.3 7:35a 0.0 11.0 0.00 3.3 17.0 5:40p S 5 75.1 87.5 3:30p 64.0 6:00a 0.1 10.1 0.00 4.1 22.0 3:40p SE 6 74.6 85.7 3:15p 63.2 7:00a 0.1 9.7 0.00 5.9 29.0 2:10p SSW 7 70.0 80.2 3:40p 62.3 12:00m 0.1 5.2 0.04 6.5 28.0 12:45p S 8 57.6 66.5 1:20p 52.0 7:10a 7.4 0.0 0.00 4.1 20.0 2:30p S 9 57.2 69.3 3:15p 47.0 7:35a 8.2 0.4 0.00 5.6 27.0 3:20p S 10 61.1 73.5 3:30p 48.1 3:00a 6.0 2.1 0.00 4.6 20.0 1:55p S 11 65.3 75.5 3:50p 54.8 2:05a 3.1 3.4 0.00 3.0 18.0 7:20p SE 12 59.6 64.9 12:05a 56.0 9:20p 5.4 0.0 0.48 2.9 12.0 5:15p N 13 60.8 68.6 3:40p 54.6 3:35a 4.7 0.5 0.02 4.1 20.0 5:35p SSW 14 61.8 71.2 3:30p 54.6 7:20a 4.4 1.2 0.00 4.5 21.0 11:00a S 15 50.9 59.3 12:30a 45.6 8:50p 14.1 0.0 0.00 4.3 19.0 3:15p WSW 16 46.6 50.1 5:20p 43.6 3:55a 18.4 0.0 0.00 3.4 15.0 12:40p SW 17 49.9 57.3 3:40p 42.7 5:45a 15.1 0.0 0.00 2.3 12.0 9:30p SE 18 50.4 52.5 12:25a 48.5 7:15a 14.6 0.0 0.16 2.3 13.0 12:15a WSW 19 57.9 68.5 4:35p 49.5 6:45a 7.5 0.4 0.00 1.8 11.0 10:00a N 20 63.6 73.9 3:15p 54.7 5:50a 3.2 1.8 0.00 7.3 32.0 8:25p E 21 60.5 68.6 4:40p 53.7 3:30a 5.0 0.5 0.00 2.1 10.0 11:35a WNW 22 62.1 72.3 4:15p 52.1 7:50a 4.3 1.4 0.01 2.3 13.0 4:05p SSW 23 58.2 63.4 11:05a 53.8 9:10p 6.8 0.0 1.48 3.5 21.0 8:40p SSW 24 60.0 69.5 5:25p 52.3 5:35a 5.8 0.8 0.22 3.5 21.0 2:40a SW 25 60.0 71.6 6:10p 48.6 7:50a 6.4 1.4 0.00 2.7 15.0 3:10p SSE 26 58.9 72.1 5:05p 47.6 7:30a 7.6 1.6 0.00 2.5 10.0 4:00p NE 27 59.6 75.5 3:55p 47.0 5:30a 7.7 2.4 0.00 2.5 11.0 9:45a NE 28 61.8 77.1 4:30p 47.0 8:00a 6.2 3.1 0.00 2.2 9.0 12:55p S 29 65.2 78.5 3:30p 52.1 4:50a 3.7 3.9 0.00 4.1 17.0 5:20p SSE 30 63.4 71.7 3:15p 54.6 7:30a 2.7 1.2 0.00 3.9 15.0 3:20p SSW 31 54.7 64.0 3:30p 43.2 11:50p 10.3 0.0 0.05 5.1 29.0 4:30p N ------------------------------------------------------------------------------------- 62.3 88.5 1 42.7 17 178.9 96.2 2.63 3.8 32.0 20 S Max >= 90.0: 0 Max <= 32.0: 0 Min <= 32.0: 0 Min <= 0.0: 0 Max Rain: 1.48 ON 10/23/18 Days of Rain: 8 (>.01 in) 5 (>.1 in) 1 (>1 in) Heat Base: 65.0 Cool Base: 65.0 Method: Integration