NOAA-style Climate Reports

- as reported from this site (LasCruces-Weather.com) beginning 04-03-07

2023: Jan | Feb | Mar | Apr | May | Jun | Jul | Aug | Sep | Oct | Nov | Dec 
2022: Jan | Feb | Mar | Apr | May | Jun | Jul | Aug | Sep | Oct | Nov | Dec 
2021: Jan | Feb | Mar | Apr | May | Jun | Jul | Aug | Sep | Oct | Nov | Dec 
2020: Jan | Feb | Mar | Apr | May | Jun | Jul | Aug | Sep | Oct | Nov | Dec 
2019: Jan | Feb | Mar | Apr | May | Jun | Jul | Aug | Sep | Oct | Nov | Dec 
2018: Jan | Feb | Mar | Apr | May | Jun | Jul | Aug | Sep | Oct | Nov | Dec 
2017: Jan | Feb | Mar | Apr | May | Jun | Jul | Aug | Sep | Oct | Nov | Dec 
2016: Jan | Feb | Mar | Apr | May | Jun | Jul | Aug | Sep | Oct | Nov | Dec 
2015: Jan | Feb | Mar | Apr | May | Jun | Jul | Aug | Sep | Oct | Nov | Dec 
2014: Jan | Feb | Mar | Apr | May | Jun | Jul | Aug | Sep | Oct | Nov | Dec 
2013: Jan | Feb | Mar | Apr | May | Jun | Jul | Aug | Sep | Oct | Nov | Dec 
2012: Jan | Feb | Mar | Apr | May | Jun | Jul | Aug | Sep | Oct | Nov | Dec 
2011: Jan | Feb | Mar | Apr | May | Jun | Jul | Aug | Sep | Oct | Nov | Dec 
2010: Jan | Feb | Mar | Apr | May | Jun | Jul | Aug | Sep | Oct | Nov | Dec 
2009: Jan | Feb | Mar | Apr | May | Jun | Jul | Aug | Sep | Oct | Nov | Dec 
2008: Jan | Feb | Mar | Apr | May | Jun | Jul | Aug | Sep | Oct | Nov | Dec 
2007: Jan | Feb | Mar | Apr | May | Jun | Jul | Aug | Sep | Oct | Nov | Dec 

Report for 2018 09
MONTHLY CLIMATOLOGICAL SUMMARY for SEP. 2018 NAME: C32 CITY: Las Cruces|East Mesa STATE: NM ELEV: 4474 ft LAT: 32 24' 08" N LONG: 106 41' 01" W TEMPERATURE (F), RAIN (in), WIND SPEED (mph) HEAT COOL AVG MEAN DEG DEG WIND DOM DAY TEMP HIGH TIME LOW TIME DAYS DAYS RAIN SPEED HIGH TIME DIR ------------------------------------------------------------------------------------ 1 78.9 85.2 3:15p 70.3 12:40p 0.0 13.9 0.01 6.2 31.0 11:05a S 2 72.7 84.4 5:55p 65.0 7:25a 0.0 7.7 0.09 3.0 17.0 12:20p SSE 3 73.4 86.4 3:55p 61.6 7:15a 0.4 8.8 0.00 3.5 18.0 3:00p SSE 4 76.7 90.5 4:50p 61.3 7:15a 0.3 12.0 0.00 3.1 14.0 1:55p SE 5 77.6 94.0 5:05p 62.6 7:25a 0.2 12.8 0.02 4.3 26.0 5:30p E 6 70.7 81.4 3:55p 62.9 6:30a 0.3 6.0 0.28 3.8 19.0 12:30a N 7 71.9 80.6 4:30p 64.1 7:45a 0.0 7.0 0.00 2.8 13.0 10:10a WSW 8 73.2 85.5 3:45p 60.6 7:15a 0.5 8.7 0.00 3.1 17.0 12:20p SSW 9 76.1 89.9 5:35p 61.7 6:55a 0.3 11.5 0.00 4.2 26.0 10:30p SSW 10 79.4 93.1 4:30p 62.8 7:05a 0.1 14.5 0.00 3.4 17.0 12:40a NNE 11 78.9 91.9 4:20p 64.6 7:20a 0.0 13.9 0.00 2.5 16.0 2:00p NNE 12 82.3 95.5 4:30p 70.3 5:05a 0.0 17.3 0.00 3.4 17.0 5:45p S 13 82.6 96.4 4:00p 67.4 7:25a 0.0 17.6 0.00 3.4 14.0 1:20p SSW 14 83.0 94.9 3:25p 69.3 8:05a 0.0 18.0 0.00 3.6 14.0 3:15p S 15 79.8 92.3 4:35p 66.0 6:40a 0.0 14.8 0.00 3.3 14.0 2:15p S 16 77.5 90.9 4:30p 64.5 7:15a 0.0 12.5 0.00 2.8 16.0 3:15p SE 17 78.8 92.2 3:55p 65.0 7:10a 0.0 13.8 0.00 3.1 19.0 10:30p SW 18 80.0 93.7 4:40p 64.8 7:05a 0.0 15.0 0.00 3.6 19.0 11:00p SSW 19 80.3 91.0 3:15p 70.7 12:00m 0.0 15.3 0.00 5.4 21.0 2:55p S 20 66.8 71.8 11:40a 63.5 12:00m 0.1 1.9 0.68 3.4 15.0 12:05a S 21 70.9 85.4 4:20p 58.0 6:50a 1.7 7.6 0.01 4.6 19.0 12:55p SE 22 68.8 79.4 3:45p 57.7 7:10a 1.3 5.1 0.00 2.4 13.0 3:40p S 23 69.8 82.7 4:10p 55.7 7:15a 1.7 6.5 0.00 2.3 12.0 3:10p S 24 73.8 89.5 4:50p 56.5 7:35a 1.4 10.2 0.00 2.3 15.0 1:15p SSE 25 78.1 90.5 2:50p 66.7 7:35a 0.0 13.1 0.00 3.5 20.0 11:30p S 26 71.6 83.5 4:15p 61.6 7:20a 0.3 6.9 0.00 3.3 17.0 12:15a ENE 27 72.2 87.5 5:25p 57.3 5:50a 1.8 9.0 0.00 2.7 13.0 5:35p S 28 78.3 92.0 4:50p 67.5 6:50a 0.0 13.3 0.00 3.5 13.0 7:05a S 29 79.4 91.3 4:25p 67.1 5:15a 0.0 14.4 0.00 4.2 17.0 10:15a S 30 78.0 91.3 4:00p 62.9 7:35a 0.1 13.1 0.00 3.8 15.0 1:10p S ------------------------------------------------------------------------------------- 76.1 96.4 13 55.7 23 10.5 342.2 1.09 3.5 31.0 1 S Max >= 90.0: 16 Max <= 32.0: 0 Min <= 32.0: 0 Min <= 0.0: 0 Max Rain: 0.68 ON 09/20/18 Days of Rain: 4 (>.01 in) 2 (>.1 in) 0 (>1 in) Heat Base: 65.0 Cool Base: 65.0 Method: Integration