NOAA-style Climate Reports

- as reported from this site (LasCruces-Weather.com) beginning 04-03-07

2023: Jan | Feb | Mar | Apr | May | Jun | Jul | Aug | Sep | Oct | Nov | Dec 
2022: Jan | Feb | Mar | Apr | May | Jun | Jul | Aug | Sep | Oct | Nov | Dec 
2021: Jan | Feb | Mar | Apr | May | Jun | Jul | Aug | Sep | Oct | Nov | Dec 
2020: Jan | Feb | Mar | Apr | May | Jun | Jul | Aug | Sep | Oct | Nov | Dec 
2019: Jan | Feb | Mar | Apr | May | Jun | Jul | Aug | Sep | Oct | Nov | Dec 
2018: Jan | Feb | Mar | Apr | May | Jun | Jul | Aug | Sep | Oct | Nov | Dec 
2017: Jan | Feb | Mar | Apr | May | Jun | Jul | Aug | Sep | Oct | Nov | Dec 
2016: Jan | Feb | Mar | Apr | May | Jun | Jul | Aug | Sep | Oct | Nov | Dec 
2015: Jan | Feb | Mar | Apr | May | Jun | Jul | Aug | Sep | Oct | Nov | Dec 
2014: Jan | Feb | Mar | Apr | May | Jun | Jul | Aug | Sep | Oct | Nov | Dec 
2013: Jan | Feb | Mar | Apr | May | Jun | Jul | Aug | Sep | Oct | Nov | Dec 
2012: Jan | Feb | Mar | Apr | May | Jun | Jul | Aug | Sep | Oct | Nov | Dec 
2011: Jan | Feb | Mar | Apr | May | Jun | Jul | Aug | Sep | Oct | Nov | Dec 
2010: Jan | Feb | Mar | Apr | May | Jun | Jul | Aug | Sep | Oct | Nov | Dec 
2009: Jan | Feb | Mar | Apr | May | Jun | Jul | Aug | Sep | Oct | Nov | Dec 
2008: Jan | Feb | Mar | Apr | May | Jun | Jul | Aug | Sep | Oct | Nov | Dec 
2007: Jan | Feb | Mar | Apr | May | Jun | Jul | Aug | Sep | Oct | Nov | Dec 

Report for 2018 08
MONTHLY CLIMATOLOGICAL SUMMARY for AUG. 2018 NAME: C32 CITY: Las Cruces|East Mesa STATE: NM ELEV: 4474 ft LAT: 32 24' 08" N LONG: 106 41' 01" W TEMPERATURE (F), RAIN (in), WIND SPEED (mph) HEAT COOL AVG MEAN DEG DEG WIND DOM DAY TEMP HIGH TIME LOW TIME DAYS DAYS RAIN SPEED HIGH TIME DIR ------------------------------------------------------------------------------------ 1 82.6 95.1 4:35p 69.4 6:20a 0.0 17.6 0.00 3.2 14.0 10:50a ESE 2 84.3 98.4 4:50p 68.3 6:40a 0.0 19.3 0.00 3.3 15.0 3:10p N 3 85.4 98.0 3:20p 74.2 7:10a 0.0 20.4 0.00 4.4 25.0 6:50p SSW 4 86.2 100.1 3:25p 72.0 6:40a 0.0 21.2 0.00 4.1 22.0 6:35p S 5 89.9 101.4 5:55p 79.3 5:15a 0.0 24.9 0.00 4.1 15.0 2:15p SSW 6 86.5 99.9 4:55p 72.6 7:20a 0.0 21.5 0.00 3.8 17.0 10:30p ESE 7 87.2 99.7 4:35p 72.6 7:10a 0.0 22.2 0.00 4.5 19.0 10:50a S 8 83.6 99.4 4:10p 73.7 6:50a 0.0 18.6 0.00 5.6 37.0 5:35p S 9 77.0 84.7 4:40p 69.9 7:30a 0.0 12.0 0.00 2.5 14.0 12:35a SE 10 73.5 83.2 4:35p 65.4 8:10a 0.0 8.5 0.10 3.1 14.0 1:25a E 11 76.0 90.3 3:40p 64.5 7:00a 0.0 11.0 0.00 5.5 30.0 8:00p E 12 73.3 87.5 5:05p 61.6 6:05a 0.5 8.8 0.03 2.6 17.0 5:50p SW 13 78.5 92.7 5:05p 65.0 6:30a 0.0 13.5 0.00 3.5 17.0 1:25p S 14 83.6 97.2 3:00p 71.9 6:50a 0.0 18.6 0.00 5.4 20.0 8:55a S 15 81.9 94.0 6:15p 73.2 7:05a 0.0 16.9 0.00 4.4 30.0 1:10p S 16 80.8 96.6 5:15p 69.7 5:20a 0.0 15.8 0.08 5.0 32.0 9:20p S 17 79.2 91.4 3:25p 66.5 7:10a 0.0 14.2 0.00 3.9 19.0 12:05p ENE 18 81.7 97.0 4:20p 69.9 6:05a 0.0 16.7 0.04 3.8 23.0 9:35p ENE 19 82.7 99.2 6:10p 66.9 7:00a 0.0 17.7 0.00 2.4 13.0 5:00p S 20 83.5 95.5 3:45p 75.3 7:40a 0.0 18.5 0.06 4.3 20.0 3:40p ESE 21 84.1 95.2 4:15p 73.8 12:00m 0.0 19.1 0.00 5.9 28.0 10:05p S 22 78.2 94.8 4:55p 66.7 4:00a 0.0 13.2 0.07 5.1 20.0 4:30p N 23 75.4 89.0 4:35p 65.4 6:30a 0.0 10.4 0.03 4.2 19.0 12:20a SW 24 77.8 91.3 4:10p 66.2 5:45a 0.0 12.8 0.05 3.6 16.0 9:10p SSW 25 79.6 92.8 4:35p 67.1 6:00a 0.0 14.6 0.00 3.5 20.0 11:10a S 26 82.2 95.7 2:15p 71.6 7:00a 0.0 17.2 0.00 3.0 24.0 5:15p S 27 82.6 95.6 2:40p 70.0 7:00a 0.0 17.6 0.00 4.9 23.0 5:00p SW 28 82.8 98.1 4:30p 68.1 6:10a 0.0 17.8 0.00 3.2 16.0 2:45p SSE 29 83.8 99.7 3:55p 66.7 6:45a 0.0 18.8 0.00 3.2 17.0 9:05p SE 30 85.6 97.8 3:25p 71.7 7:05a 0.0 20.6 0.00 4.7 37.0 9:05p S 31 85.1 99.1 3:50p 68.8 6:45a 0.0 20.1 0.00 3.5 15.0 1:50p S ------------------------------------------------------------------------------------- 81.8 101.4 5 61.6 12 0.5 520.1 0.46 4.0 37.0 8 S Max >= 90.0: 27 Max <= 32.0: 0 Min <= 32.0: 0 Min <= 0.0: 0 Max Rain: 0.10 ON 08/10/18 Days of Rain: 8 (>.01 in) 0 (>.1 in) 0 (>1 in) Heat Base: 65.0 Cool Base: 65.0 Method: Integration