NOAA-style Climate Reports

- as reported from this site (LasCruces-Weather.com) beginning 04-03-07

2023: Jan | Feb | Mar | Apr | May | Jun | Jul | Aug | Sep | Oct | Nov | Dec 
2022: Jan | Feb | Mar | Apr | May | Jun | Jul | Aug | Sep | Oct | Nov | Dec 
2021: Jan | Feb | Mar | Apr | May | Jun | Jul | Aug | Sep | Oct | Nov | Dec 
2020: Jan | Feb | Mar | Apr | May | Jun | Jul | Aug | Sep | Oct | Nov | Dec 
2019: Jan | Feb | Mar | Apr | May | Jun | Jul | Aug | Sep | Oct | Nov | Dec 
2018: Jan | Feb | Mar | Apr | May | Jun | Jul | Aug | Sep | Oct | Nov | Dec 
2017: Jan | Feb | Mar | Apr | May | Jun | Jul | Aug | Sep | Oct | Nov | Dec 
2016: Jan | Feb | Mar | Apr | May | Jun | Jul | Aug | Sep | Oct | Nov | Dec 
2015: Jan | Feb | Mar | Apr | May | Jun | Jul | Aug | Sep | Oct | Nov | Dec 
2014: Jan | Feb | Mar | Apr | May | Jun | Jul | Aug | Sep | Oct | Nov | Dec 
2013: Jan | Feb | Mar | Apr | May | Jun | Jul | Aug | Sep | Oct | Nov | Dec 
2012: Jan | Feb | Mar | Apr | May | Jun | Jul | Aug | Sep | Oct | Nov | Dec 
2011: Jan | Feb | Mar | Apr | May | Jun | Jul | Aug | Sep | Oct | Nov | Dec 
2010: Jan | Feb | Mar | Apr | May | Jun | Jul | Aug | Sep | Oct | Nov | Dec 
2009: Jan | Feb | Mar | Apr | May | Jun | Jul | Aug | Sep | Oct | Nov | Dec 
2008: Jan | Feb | Mar | Apr | May | Jun | Jul | Aug | Sep | Oct | Nov | Dec 
2007: Jan | Feb | Mar | Apr | May | Jun | Jul | Aug | Sep | Oct | Nov | Dec 

Report for 2018 07
MONTHLY CLIMATOLOGICAL SUMMARY for JUL. 2018 NAME: C32 CITY: Las Cruces|East Mesa STATE: NM ELEV: 4474 ft LAT: 32 24' 08" N LONG: 106 41' 01" W TEMPERATURE (F), RAIN (in), WIND SPEED (mph) HEAT COOL AVG MEAN DEG DEG WIND DOM DAY TEMP HIGH TIME LOW TIME DAYS DAYS RAIN SPEED HIGH TIME DIR ------------------------------------------------------------------------------------ 1 84.1 100.3 5:45p 64.4 6:50a 0.0 19.2 0.00 3.6 15.0 5:10p SW 2 85.3 99.6 3:35p 70.0 7:25a 0.0 20.3 0.00 4.3 23.0 9:45p SSW 3 87.4 100.2 5:00p 74.3 6:20a 0.0 22.4 0.00 4.0 17.0 8:05a S 4 87.7 102.4 3:00p 78.5 6:55a 0.0 22.7 0.00 5.8 24.0 5:15p S 5 86.2 94.9 12:40p 79.4 12:00m 0.0 21.2 0.00 10.2 35.0 1:05p E 6 82.4 94.2 5:05p 72.4 6:10a 0.0 17.4 0.00 8.4 41.0 2:05a E 7 80.7 94.5 3:25p 73.6 11:45p 0.0 15.7 0.00 5.3 25.0 4:50p E 8 80.2 91.1 4:45p 69.5 5:25a 0.0 15.2 0.00 5.1 25.0 2:45p E 9 77.2 88.9 5:15p 66.5 10:50p 0.0 12.2 0.37 4.6 27.0 6:25p E 10 74.1 84.7 6:15p 65.0 4:10a 0.0 9.1 0.05 4.1 22.0 6:45p N 11 75.5 90.8 4:00p 65.1 11:10p 0.0 10.5 0.61 4.5 29.0 8:00p SSW 12 75.4 89.1 5:10p 65.5 1:30a 0.0 10.4 0.01 3.9 24.0 9:15p N 13 79.6 90.1 3:40p 69.8 6:35a 0.0 14.6 0.00 3.5 24.0 12:00m SSE 14 79.1 90.3 4:15p 70.8 7:00a 0.0 14.1 0.00 4.8 24.0 12:05a S 15 80.0 91.8 4:30p 69.8 12:00m 0.0 15.0 0.00 4.9 29.0 7:50p S 16 74.6 91.6 3:20p 66.3 6:00a 0.0 9.6 0.09 4.0 33.0 4:25p SSW 17 79.4 93.6 6:10p 65.3 5:00a 0.0 14.4 0.00 2.9 17.0 6:40p NE 18 85.2 99.5 4:15p 69.3 7:00a 0.0 20.2 0.00 3.2 17.0 12:30p ESE 19 88.6 103.2 3:15p 73.6 6:40a 0.0 23.6 0.00 3.6 27.0 4:15p SSE 20 89.3 103.6 4:55p 74.2 6:55a 0.0 24.3 0.01 4.4 27.0 6:10p ESE 21 89.2 101.5 5:35p 72.5 7:10a 0.0 24.2 0.00 4.3 19.0 1:40a SE 22 91.2 104.8 4:40p 71.9 6:45a 0.0 26.2 0.00 3.5 16.0 1:25p S 23 90.4 104.1 3:05p 71.2 7:00a 0.0 25.4 0.00 5.6 28.0 1:45p SE 24 87.0 98.7 3:10p 75.3 7:15a 0.0 22.0 0.00 4.0 24.0 8:35p SW 25 88.8 100.9 3:15p 78.5 7:25a 0.0 23.8 0.00 4.7 17.0 1:30a SSW 26 82.9 97.7 3:45p 70.3 11:45p 0.0 17.9 0.08 6.1 25.0 7:50p E 27 74.5 89.3 3:40p 65.1 3:00a 0.0 9.5 0.52 5.8 25.0 12:05a N 28 79.7 93.1 4:55p 67.1 6:55a 0.0 14.7 0.00 3.3 14.0 3:45a N 29 85.6 98.0 5:15p 73.2 5:00a 0.0 20.6 0.00 2.6 44.0 1:30p S 30 83.5 100.1 2:55p 72.4 6:00a 0.0 16.2 0.00 4.1 27.0 5:15p WNW 31 80.1 92.1 4:35p 70.0 4:00a 0.0 15.1 0.00 3.5 20.0 7:55a SSW ------------------------------------------------------------------------------------- 82.7 104.8 22 64.4 1 0.0 547.7 1.74 4.6 44.0 29 E Max >= 90.0: 27 Max <= 32.0: 0 Min <= 32.0: 0 Min <= 0.0: 0 Max Rain: 0.61 ON 07/11/18 Days of Rain: 6 (>.01 in) 3 (>.1 in) 0 (>1 in) Heat Base: 65.0 Cool Base: 65.0 Method: Integration