NOAA-style Climate Reports

- as reported from this site (LasCruces-Weather.com) beginning 04-03-07

2023: Jan | Feb | Mar | Apr | May | Jun | Jul | Aug | Sep | Oct | Nov | Dec 
2022: Jan | Feb | Mar | Apr | May | Jun | Jul | Aug | Sep | Oct | Nov | Dec 
2021: Jan | Feb | Mar | Apr | May | Jun | Jul | Aug | Sep | Oct | Nov | Dec 
2020: Jan | Feb | Mar | Apr | May | Jun | Jul | Aug | Sep | Oct | Nov | Dec 
2019: Jan | Feb | Mar | Apr | May | Jun | Jul | Aug | Sep | Oct | Nov | Dec 
2018: Jan | Feb | Mar | Apr | May | Jun | Jul | Aug | Sep | Oct | Nov | Dec 
2017: Jan | Feb | Mar | Apr | May | Jun | Jul | Aug | Sep | Oct | Nov | Dec 
2016: Jan | Feb | Mar | Apr | May | Jun | Jul | Aug | Sep | Oct | Nov | Dec 
2015: Jan | Feb | Mar | Apr | May | Jun | Jul | Aug | Sep | Oct | Nov | Dec 
2014: Jan | Feb | Mar | Apr | May | Jun | Jul | Aug | Sep | Oct | Nov | Dec 
2013: Jan | Feb | Mar | Apr | May | Jun | Jul | Aug | Sep | Oct | Nov | Dec 
2012: Jan | Feb | Mar | Apr | May | Jun | Jul | Aug | Sep | Oct | Nov | Dec 
2011: Jan | Feb | Mar | Apr | May | Jun | Jul | Aug | Sep | Oct | Nov | Dec 
2010: Jan | Feb | Mar | Apr | May | Jun | Jul | Aug | Sep | Oct | Nov | Dec 
2009: Jan | Feb | Mar | Apr | May | Jun | Jul | Aug | Sep | Oct | Nov | Dec 
2008: Jan | Feb | Mar | Apr | May | Jun | Jul | Aug | Sep | Oct | Nov | Dec 
2007: Jan | Feb | Mar | Apr | May | Jun | Jul | Aug | Sep | Oct | Nov | Dec 

Report for 2018 06
MONTHLY CLIMATOLOGICAL SUMMARY for JUN. 2018 NAME: C32 CITY: Las Cruces|East Mesa STATE: NM ELEV: 4474 ft LAT: 32 24' 08" N LONG: 106 41' 01" W TEMPERATURE (F), RAIN (in), WIND SPEED (mph) HEAT COOL AVG MEAN DEG DEG WIND DOM DAY TEMP HIGH TIME LOW TIME DAYS DAYS RAIN SPEED HIGH TIME DIR ------------------------------------------------------------------------------------ 1 84.6 98.0 4:25p 68.6 6:35a 0.0 19.6 0.00 5.5 27.0 4:25p SSE 2 84.2 101.5 5:05p 64.8 4:25a 0.0 19.2 0.00 7.0 40.0 11:40p E 3 83.7 95.7 2:30p 75.1 10:35p 0.0 18.7 0.00 14.3 43.0 2:15a E 4 81.7 97.2 5:25p 64.9 6:40a 0.0 16.7 0.00 4.5 28.0 12:55a WSW 5 86.7 100.3 2:15p 73.6 6:15a 0.0 21.7 0.00 6.7 28.0 7:15p S 6 86.3 99.3 3:20p 72.2 7:10a 0.0 21.3 0.00 5.1 20.0 2:25p S 7 86.2 99.6 4:15p 71.6 6:30a 0.0 21.2 0.00 4.4 17.0 4:50p SW 8 87.3 103.4 3:50p 66.7 6:30a 0.0 22.3 0.00 4.2 29.0 11:35p SSW 9 84.1 93.1 4:45p 75.8 7:00a 0.0 19.1 0.00 5.9 23.0 12:05a S 10 85.4 97.8 3:45p 72.1 7:15a 0.0 20.4 0.00 5.4 33.0 5:00p S 11 85.2 101.9 5:35p 64.3 6:10a 0.0 20.2 0.00 4.0 16.0 5:55p SSE 12 86.6 104.2 4:50p 67.6 6:05a 0.0 21.6 0.00 3.4 22.0 4:20p SE 13 87.4 98.8 2:45p 76.9 6:35a 0.0 22.4 0.00 7.6 34.0 6:05p SE 14 85.1 100.4 5:10p 73.4 4:35a 0.0 20.1 0.02 5.6 23.0 8:25p SSW 15 82.8 97.3 3:35p 71.7 6:55a 0.0 17.8 0.00 4.8 23.0 4:55p SW 16 70.3 78.8 6:35p 62.7 6:15a 0.3 5.6 0.44 6.0 20.0 5:05p SSW 17 73.6 86.3 4:55p 59.5 5:30a 0.8 9.4 0.00 5.2 24.0 6:00p SSW 18 81.6 95.4 5:50p 66.8 6:05a 0.0 16.6 0.00 3.5 19.0 2:25p SE 19 84.5 98.8 4:45p 68.5 5:20a 0.0 19.5 0.00 4.7 22.0 7:05p ESE 20 85.6 101.2 3:50p 68.5 4:30a 0.0 20.6 0.00 4.9 19.0 5:45p NNW 21 87.0 102.0 5:30p 68.8 5:45a 0.0 22.0 0.00 3.2 23.0 3:30p W 22 91.1 104.7 3:45p 77.1 4:50a 0.0 26.1 0.00 7.0 26.0 2:30p SSW 23 88.5 104.0 3:00p 66.1 6:25a 0.0 23.5 0.00 5.1 21.0 5:50p WSW 24 87.0 100.0 4:20p 73.0 6:25a 0.0 22.0 0.00 6.6 28.0 5:30p S 25 85.2 100.4 5:25p 66.5 7:00a 0.0 20.2 0.00 3.5 17.0 2:00p SSW 26 90.4 104.6 3:50p 75.0 4:20a 0.0 25.4 0.00 5.0 33.0 7:55p S 27 90.4 104.5 5:25p 76.8 3:20a 0.0 25.4 0.00 5.2 27.0 8:45p S 28 92.2 103.3 2:55p 79.9 7:25a 0.0 27.2 0.00 6.6 27.0 12:00m S 29 83.5 96.4 2:20p 73.9 12:00m 0.0 18.5 0.00 6.6 25.0 12:15a S 30 80.3 93.4 4:35p 66.3 6:20a 0.0 15.3 0.00 4.8 22.0 6:55p E ------------------------------------------------------------------------------------- 84.9 104.7 22 59.5 17 1.1 599.6 0.46 5.5 43.0 3 S Max >= 90.0: 28 Max <= 32.0: 0 Min <= 32.0: 0 Min <= 0.0: 0 Max Rain: 0.44 ON 06/16/18 Days of Rain: 2 (>.01 in) 1 (>.1 in) 0 (>1 in) Heat Base: 65.0 Cool Base: 65.0 Method: Integration