NOAA-style Climate Reports

- as reported from this site (LasCruces-Weather.com) beginning 04-03-07

2023: Jan | Feb | Mar | Apr | May | Jun | Jul | Aug | Sep | Oct | Nov | Dec 
2022: Jan | Feb | Mar | Apr | May | Jun | Jul | Aug | Sep | Oct | Nov | Dec 
2021: Jan | Feb | Mar | Apr | May | Jun | Jul | Aug | Sep | Oct | Nov | Dec 
2020: Jan | Feb | Mar | Apr | May | Jun | Jul | Aug | Sep | Oct | Nov | Dec 
2019: Jan | Feb | Mar | Apr | May | Jun | Jul | Aug | Sep | Oct | Nov | Dec 
2018: Jan | Feb | Mar | Apr | May | Jun | Jul | Aug | Sep | Oct | Nov | Dec 
2017: Jan | Feb | Mar | Apr | May | Jun | Jul | Aug | Sep | Oct | Nov | Dec 
2016: Jan | Feb | Mar | Apr | May | Jun | Jul | Aug | Sep | Oct | Nov | Dec 
2015: Jan | Feb | Mar | Apr | May | Jun | Jul | Aug | Sep | Oct | Nov | Dec 
2014: Jan | Feb | Mar | Apr | May | Jun | Jul | Aug | Sep | Oct | Nov | Dec 
2013: Jan | Feb | Mar | Apr | May | Jun | Jul | Aug | Sep | Oct | Nov | Dec 
2012: Jan | Feb | Mar | Apr | May | Jun | Jul | Aug | Sep | Oct | Nov | Dec 
2011: Jan | Feb | Mar | Apr | May | Jun | Jul | Aug | Sep | Oct | Nov | Dec 
2010: Jan | Feb | Mar | Apr | May | Jun | Jul | Aug | Sep | Oct | Nov | Dec 
2009: Jan | Feb | Mar | Apr | May | Jun | Jul | Aug | Sep | Oct | Nov | Dec 
2008: Jan | Feb | Mar | Apr | May | Jun | Jul | Aug | Sep | Oct | Nov | Dec 
2007: Jan | Feb | Mar | Apr | May | Jun | Jul | Aug | Sep | Oct | Nov | Dec 

Report for 2018 05
MONTHLY CLIMATOLOGICAL SUMMARY for MAY. 2018 NAME: C32 CITY: Las Cruces|East Mesa STATE: NM ELEV: 4474 ft LAT: 32 24' 08" N LONG: 106 41' 01" W TEMPERATURE (F), RAIN (in), WIND SPEED (mph) HEAT COOL AVG MEAN DEG DEG WIND DOM DAY TEMP HIGH TIME LOW TIME DAYS DAYS RAIN SPEED HIGH TIME DIR ------------------------------------------------------------------------------------ 1 69.6 81.6 3:45p 55.1 6:55a 1.5 6.1 0.00 8.0 30.0 1:20p SW 2 69.1 80.7 2:15p 59.1 12:00m 0.7 4.8 0.00 9.7 40.0 5:35p SW 3 61.6 75.4 5:45p 45.9 6:20a 6.0 2.7 0.00 4.3 21.0 3:00p S 4 66.2 82.7 5:00p 46.1 6:45a 5.2 6.4 0.00 5.1 27.0 11:25p E 5 71.5 85.7 4:00p 51.6 6:50a 2.1 8.6 0.00 3.7 20.0 11:10a NNW 6 74.5 90.1 5:15p 54.6 6:35a 1.6 11.1 0.00 3.3 21.0 11:35a SE 7 81.2 95.0 4:40p 61.3 6:50a 0.1 16.3 0.00 3.6 21.0 11:30a S 8 81.5 96.2 3:35p 64.1 6:05a 0.0 16.6 0.00 4.7 27.0 12:05p WSW 9 81.4 99.1 2:35p 58.8 6:40a 0.6 16.9 0.00 3.4 17.0 4:05p SSW 10 81.7 98.3 2:35p 60.9 5:55a 0.2 16.9 0.00 4.8 25.0 3:00p WSW 11 80.9 92.7 4:40p 66.3 6:00a 0.0 15.9 0.00 7.1 30.0 2:35p SW 12 77.9 90.8 2:55p 63.0 6:40a 0.1 13.0 0.00 7.4 32.0 6:20p SSW 13 75.3 87.1 3:45p 60.9 5:20a 0.4 10.7 0.00 6.0 29.0 3:10p WSW 14 76.4 90.1 4:20p 61.4 6:35a 0.4 11.8 0.00 4.2 21.0 12:20p SE 15 78.2 92.5 4:05p 60.3 6:20a 0.4 13.6 0.00 3.7 26.0 2:00p SE 16 78.4 95.6 4:35p 58.6 5:35a 0.7 14.1 0.00 3.8 23.0 4:40p WSW 17 80.8 94.7 3:20p 63.3 3:55a 0.1 15.8 0.00 5.5 26.0 4:35p SW 18 74.8 87.3 5:00p 59.0 6:30a 0.6 10.4 0.00 6.0 50.0 4:40p WSW 19 72.4 88.8 3:50p 50.2 6:30a 2.5 10.0 0.00 3.4 17.0 6:05p ESE 20 74.9 89.6 4:20p 60.0 4:55a 1.1 10.9 0.00 6.5 32.0 11:55p E 21 78.2 90.2 3:35p 63.7 5:35a 0.1 13.2 0.00 8.6 32.0 12:05a SE 22 77.6 90.0 5:10p 65.2 7:00a 0.0 12.6 0.00 5.3 23.0 5:10p SSW 23 76.9 91.7 4:20p 60.8 6:30a 0.5 12.4 0.00 4.4 21.0 4:45p ESE 24 79.3 94.6 3:25p 61.5 6:30a 0.2 14.5 0.00 3.5 22.0 2:40p SW 25 80.7 96.6 4:35p 64.1 6:25a 0.0 15.8 0.00 4.0 19.0 3:50p WSW 26 82.5 98.4 4:25p 65.6 7:00a 0.0 17.5 0.00 4.1 25.0 3:35p SSW 27 80.0 93.6 4:05p 63.7 6:30a 0.0 15.0 0.00 4.8 22.0 2:45p WSW 28 78.1 92.7 4:15p 60.6 6:15a 0.4 13.4 0.00 5.4 25.0 3:50p SE 29 79.5 96.0 3:55p 58.9 6:30a 0.8 15.3 0.00 5.0 24.0 4:20p E 30 81.7 95.6 3:50p 69.3 11:50p 0.0 16.7 0.00 6.4 24.0 2:15p W 31 83.4 98.5 3:40p 66.1 6:15a 0.0 18.4 0.00 4.6 23.0 4:10p SSW ------------------------------------------------------------------------------------- 77.0 99.1 9 45.9 3 26.3 397.4 0.00 5.2 50.0 18 SW Max >= 90.0: 22 Max <= 32.0: 0 Min <= 32.0: 0 Min <= 0.0: 0 Max Rain: 0.00 ON 05/01/18 Days of Rain: 0 (>.01 in) 0 (>.1 in) 0 (>1 in) Heat Base: 65.0 Cool Base: 65.0 Method: Integration