NOAA-style Climate Reports

- as reported from this site (LasCruces-Weather.com) beginning 04-03-07

2023: Jan | Feb | Mar | Apr | May | Jun | Jul | Aug | Sep | Oct | Nov | Dec 
2022: Jan | Feb | Mar | Apr | May | Jun | Jul | Aug | Sep | Oct | Nov | Dec 
2021: Jan | Feb | Mar | Apr | May | Jun | Jul | Aug | Sep | Oct | Nov | Dec 
2020: Jan | Feb | Mar | Apr | May | Jun | Jul | Aug | Sep | Oct | Nov | Dec 
2019: Jan | Feb | Mar | Apr | May | Jun | Jul | Aug | Sep | Oct | Nov | Dec 
2018: Jan | Feb | Mar | Apr | May | Jun | Jul | Aug | Sep | Oct | Nov | Dec 
2017: Jan | Feb | Mar | Apr | May | Jun | Jul | Aug | Sep | Oct | Nov | Dec 
2016: Jan | Feb | Mar | Apr | May | Jun | Jul | Aug | Sep | Oct | Nov | Dec 
2015: Jan | Feb | Mar | Apr | May | Jun | Jul | Aug | Sep | Oct | Nov | Dec 
2014: Jan | Feb | Mar | Apr | May | Jun | Jul | Aug | Sep | Oct | Nov | Dec 
2013: Jan | Feb | Mar | Apr | May | Jun | Jul | Aug | Sep | Oct | Nov | Dec 
2012: Jan | Feb | Mar | Apr | May | Jun | Jul | Aug | Sep | Oct | Nov | Dec 
2011: Jan | Feb | Mar | Apr | May | Jun | Jul | Aug | Sep | Oct | Nov | Dec 
2010: Jan | Feb | Mar | Apr | May | Jun | Jul | Aug | Sep | Oct | Nov | Dec 
2009: Jan | Feb | Mar | Apr | May | Jun | Jul | Aug | Sep | Oct | Nov | Dec 
2008: Jan | Feb | Mar | Apr | May | Jun | Jul | Aug | Sep | Oct | Nov | Dec 
2007: Jan | Feb | Mar | Apr | May | Jun | Jul | Aug | Sep | Oct | Nov | Dec 

Report for 2018 04
MONTHLY CLIMATOLOGICAL SUMMARY for APR. 2018 NAME: C32 CITY: Las Cruces|East Mesa STATE: NM ELEV: 4474 ft LAT: 32 24' 08" N LONG: 106 41' 01" W TEMPERATURE (F), RAIN (in), WIND SPEED (mph) HEAT COOL AVG MEAN DEG DEG WIND DOM DAY TEMP HIGH TIME LOW TIME DAYS DAYS RAIN SPEED HIGH TIME DIR ------------------------------------------------------------------------------------ 1 68.8 81.5 2:10p 57.2 7:25a 1.9 5.6 0.00 5.2 25.0 3:45p SSW 2 67.5 79.8 4:25p 53.6 6:25a 2.5 5.0 0.00 6.6 27.0 3:35p WSW 3 66.9 80.2 4:50p 52.2 4:50a 3.0 4.9 0.00 5.2 23.0 2:35p SW 4 63.3 79.0 4:30p 45.7 6:55a 5.4 3.7 0.00 3.4 20.0 3:35p S 5 67.9 82.9 4:20p 49.1 8:00a 3.7 6.6 0.00 3.8 22.0 4:50p SW 6 68.9 82.0 4:00p 54.1 4:35a 2.5 6.5 0.00 6.0 27.0 5:40p WSW 7 72.8 85.2 5:05p 61.1 7:30a 0.9 8.7 0.00 6.7 26.0 7:35p SW 8 74.4 85.4 4:05p 62.3 5:45a 0.2 9.6 0.00 9.3 33.0 3:35p WSW 9 69.8 81.8 3:25p 51.9 7:10a 2.0 6.8 0.00 4.5 30.0 11:45p N 10 68.0 81.7 5:40p 55.4 7:05a 2.0 5.1 0.00 5.1 29.0 2:20a E 11 73.7 90.3 4:30p 54.2 7:10a 1.8 10.5 0.00 5.4 25.0 4:50p SSW 12 74.0 85.6 2:35p 61.2 7:10a 0.4 9.3 0.00 10.1 35.0 3:35p WSW 13 57.2 69.8 12:05a 44.7 12:00m 7.9 0.1 0.00 14.0 38.0 10:05a W 14 52.7 68.0 6:30p 37.7 6:30a 12.6 0.3 0.00 4.0 21.0 11:55a ENE 15 62.1 78.5 4:00p 42.4 7:05a 6.7 3.9 0.00 3.9 18.0 4:10p S 16 68.3 83.6 4:00p 46.8 7:00a 4.1 7.4 0.00 5.3 23.0 3:30p SSW 17 69.8 81.8 3:40p 57.9 6:50a 1.6 6.4 0.00 8.3 32.0 1:10p WSW 18 63.8 80.0 5:25p 44.0 7:00a 5.3 4.1 0.00 3.4 17.0 4:50p NNE 19 70.5 82.7 4:05p 59.8 6:15a 0.9 6.4 0.00 9.1 33.0 12:50p ESE 20 65.5 71.0 3:35p 57.4 10:55p 1.5 2.0 0.00 10.8 38.0 1:35a W 21 60.3 74.6 5:40p 44.0 5:55a 6.8 2.0 0.00 6.1 26.0 11:45a N 22 64.9 78.4 5:50p 49.2 6:10a 4.1 4.0 0.00 3.6 24.0 1:10p S 23 70.7 86.7 4:15p 51.3 5:45a 2.9 8.7 0.00 3.2 17.0 5:35p SSE 24 74.7 90.4 4:35p 58.1 7:05a 1.1 10.7 0.00 3.6 20.0 2:55p WSW 25 66.1 78.7 5:50p 51.1 7:05a 2.9 4.0 0.00 4.1 20.0 2:25p WSW 26 68.6 86.5 5:50p 49.6 6:55a 4.3 7.9 0.00 4.5 31.0 10:30p E 27 67.6 77.7 5:00p 60.5 7:15a 0.8 3.4 0.00 5.5 34.0 12:45a S 28 70.7 86.3 3:05p 49.7 6:40a 3.1 8.8 0.00 3.3 20.0 2:30p S 29 74.3 87.3 3:05p 55.5 6:40a 1.0 10.3 0.00 5.3 26.0 3:40p SW 30 71.8 83.2 4:05p 59.3 6:50a 0.7 7.5 0.00 6.6 28.0 1:35p SW ------------------------------------------------------------------------------------- 67.9 90.4 24 37.7 14 94.6 180.2 0.00 5.9 38.0 13 WSW Max >= 90.0: 2 Max <= 32.0: 0 Min <= 32.0: 0 Min <= 0.0: 0 Max Rain: 0.00 ON 04/01/18 Days of Rain: 0 (>.01 in) 0 (>.1 in) 0 (>1 in) Heat Base: 65.0 Cool Base: 65.0 Method: Integration