NOAA-style Climate Reports

- as reported from this site (LasCruces-Weather.com) beginning 04-03-07

2023: Jan | Feb | Mar | Apr | May | Jun | Jul | Aug | Sep | Oct | Nov | Dec 
2022: Jan | Feb | Mar | Apr | May | Jun | Jul | Aug | Sep | Oct | Nov | Dec 
2021: Jan | Feb | Mar | Apr | May | Jun | Jul | Aug | Sep | Oct | Nov | Dec 
2020: Jan | Feb | Mar | Apr | May | Jun | Jul | Aug | Sep | Oct | Nov | Dec 
2019: Jan | Feb | Mar | Apr | May | Jun | Jul | Aug | Sep | Oct | Nov | Dec 
2018: Jan | Feb | Mar | Apr | May | Jun | Jul | Aug | Sep | Oct | Nov | Dec 
2017: Jan | Feb | Mar | Apr | May | Jun | Jul | Aug | Sep | Oct | Nov | Dec 
2016: Jan | Feb | Mar | Apr | May | Jun | Jul | Aug | Sep | Oct | Nov | Dec 
2015: Jan | Feb | Mar | Apr | May | Jun | Jul | Aug | Sep | Oct | Nov | Dec 
2014: Jan | Feb | Mar | Apr | May | Jun | Jul | Aug | Sep | Oct | Nov | Dec 
2013: Jan | Feb | Mar | Apr | May | Jun | Jul | Aug | Sep | Oct | Nov | Dec 
2012: Jan | Feb | Mar | Apr | May | Jun | Jul | Aug | Sep | Oct | Nov | Dec 
2011: Jan | Feb | Mar | Apr | May | Jun | Jul | Aug | Sep | Oct | Nov | Dec 
2010: Jan | Feb | Mar | Apr | May | Jun | Jul | Aug | Sep | Oct | Nov | Dec 
2009: Jan | Feb | Mar | Apr | May | Jun | Jul | Aug | Sep | Oct | Nov | Dec 
2008: Jan | Feb | Mar | Apr | May | Jun | Jul | Aug | Sep | Oct | Nov | Dec 
2007: Jan | Feb | Mar | Apr | May | Jun | Jul | Aug | Sep | Oct | Nov | Dec 

Report for 2018 03
MONTHLY CLIMATOLOGICAL SUMMARY for MAR. 2018 NAME: C32 CITY: Las Cruces|East Mesa STATE: NM ELEV: 4474 ft LAT: 32 24' 08" N LONG: 106 41' 01" W TEMPERATURE (F), RAIN (in), WIND SPEED (mph) HEAT COOL AVG MEAN DEG DEG WIND DOM DAY TEMP HIGH TIME LOW TIME DAYS DAYS RAIN SPEED HIGH TIME DIR ------------------------------------------------------------------------------------ 1 44.7 61.2 2:40p 27.0 6:50a 20.3 0.0 0.00 3.7 25.0 2:25p S 2 52.0 71.5 3:25p 30.6 6:50a 14.1 1.1 0.00 3.2 16.0 1:45p SE 3 58.4 75.1 2:40p 40.4 5:35a 9.0 2.5 0.00 4.5 25.0 3:20p SW 4 58.2 71.3 3:15p 45.4 5:15a 7.9 1.1 0.00 6.0 26.0 4:55p WSW 5 49.0 61.3 3:40p 37.0 12:00m 16.0 0.0 0.00 3.7 16.0 11:05a NE 6 47.2 64.0 3:30p 31.7 6:45a 17.8 0.0 0.00 4.7 17.0 10:35a N 7 50.7 67.6 4:00p 30.3 7:00a 14.5 0.2 0.00 2.3 10.0 11:25a NNE 8 60.4 74.5 2:10p 45.2 6:50a 6.7 2.2 0.00 3.2 16.0 1:50p SE 9 63.1 76.8 3:05p 45.6 6:30a 5.0 3.1 0.00 5.4 23.0 2:45p WSW 10 64.0 75.0 2:05p 51.2 6:55a 3.1 2.0 0.00 5.6 29.0 12:00p WSW 11 54.1 59.5 1:25a 49.1 12:00m 10.5 0.0 0.06 6.2 27.0 10:50a E 12 51.5 63.3 5:50p 37.8 7:35a 13.5 0.0 0.00 2.2 16.0 4:00p E 13 55.6 70.9 4:45p 38.9 7:55a 10.4 0.9 0.00 3.4 20.0 11:00p E 14 60.6 72.9 3:10p 46.1 7:10a 6.4 2.0 0.00 3.8 20.0 1:55p S 15 61.9 73.4 3:00p 50.3 7:35a 5.0 1.8 0.00 8.4 39.0 3:15p WSW 16 57.0 69.7 4:20p 44.2 7:55a 8.7 0.7 0.00 4.7 23.0 2:10p SW 17 60.9 70.7 3:55p 51.3 7:40a 5.2 1.1 0.00 4.6 24.0 3:25p WSW 18 55.9 64.9 2:15p 45.7 11:40p 9.1 0.0 0.00 9.7 38.0 4:15p WSW 19 50.0 63.3 4:10p 36.1 6:45a 15.0 0.0 0.00 4.5 17.0 2:20p NE 20 52.3 70.0 6:20p 33.5 6:55a 13.4 0.6 0.00 3.7 14.0 2:55p NNE 21 63.7 79.8 4:15p 41.8 7:25a 6.1 4.8 0.00 4.5 21.0 4:50p SSE 22 68.4 86.0 4:15p 48.3 7:45a 3.6 7.0 0.00 3.2 18.0 2:35p E 23 70.0 81.9 3:45p 59.7 6:05a 1.0 6.0 0.00 6.4 32.0 2:35p W 24 63.9 80.0 1:45p 53.5 5:05a 4.4 3.3 0.00 5.2 36.0 4:55p SE 25 66.0 79.7 3:05p 53.8 4:00a 3.4 4.4 0.00 8.3 31.0 3:35p S 26 60.8 65.2 3:00p 54.5 11:15p 4.2 0.0 0.00 7.1 27.0 11:45a SSW 27 55.9 66.3 2:20p 45.6 5:10a 9.1 0.1 0.00 5.2 27.0 12:10p W 28 53.4 68.0 5:40p 38.3 6:50a 12.0 0.3 0.00 5.2 22.0 3:20p WSW 29 59.4 73.5 4:00p 43.6 5:30a 7.5 1.9 0.00 3.2 15.0 4:20p SE 30 62.4 79.8 4:40p 44.2 7:50a 6.9 4.3 0.00 3.5 19.0 2:30p SE 31 66.6 83.2 5:25p 51.0 6:25a 4.0 5.6 0.00 3.6 20.0 5:40p S ------------------------------------------------------------------------------------- 58.0 86.0 22 27.0 1 273.8 57.0 0.06 4.8 39.0 15 WSW Max >= 90.0: 0 Max <= 32.0: 0 Min <= 32.0: 4 Min <= 0.0: 0 Max Rain: 0.06 ON 03/11/18 Days of Rain: 1 (>.01 in) 0 (>.1 in) 0 (>1 in) Heat Base: 65.0 Cool Base: 65.0 Method: Integration