NOAA-style Climate Reports

- as reported from this site (LasCruces-Weather.com) beginning 04-03-07

2023: Jan | Feb | Mar | Apr | May | Jun | Jul | Aug | Sep | Oct | Nov | Dec 
2022: Jan | Feb | Mar | Apr | May | Jun | Jul | Aug | Sep | Oct | Nov | Dec 
2021: Jan | Feb | Mar | Apr | May | Jun | Jul | Aug | Sep | Oct | Nov | Dec 
2020: Jan | Feb | Mar | Apr | May | Jun | Jul | Aug | Sep | Oct | Nov | Dec 
2019: Jan | Feb | Mar | Apr | May | Jun | Jul | Aug | Sep | Oct | Nov | Dec 
2018: Jan | Feb | Mar | Apr | May | Jun | Jul | Aug | Sep | Oct | Nov | Dec 
2017: Jan | Feb | Mar | Apr | May | Jun | Jul | Aug | Sep | Oct | Nov | Dec 
2016: Jan | Feb | Mar | Apr | May | Jun | Jul | Aug | Sep | Oct | Nov | Dec 
2015: Jan | Feb | Mar | Apr | May | Jun | Jul | Aug | Sep | Oct | Nov | Dec 
2014: Jan | Feb | Mar | Apr | May | Jun | Jul | Aug | Sep | Oct | Nov | Dec 
2013: Jan | Feb | Mar | Apr | May | Jun | Jul | Aug | Sep | Oct | Nov | Dec 
2012: Jan | Feb | Mar | Apr | May | Jun | Jul | Aug | Sep | Oct | Nov | Dec 
2011: Jan | Feb | Mar | Apr | May | Jun | Jul | Aug | Sep | Oct | Nov | Dec 
2010: Jan | Feb | Mar | Apr | May | Jun | Jul | Aug | Sep | Oct | Nov | Dec 
2009: Jan | Feb | Mar | Apr | May | Jun | Jul | Aug | Sep | Oct | Nov | Dec 
2008: Jan | Feb | Mar | Apr | May | Jun | Jul | Aug | Sep | Oct | Nov | Dec 
2007: Jan | Feb | Mar | Apr | May | Jun | Jul | Aug | Sep | Oct | Nov | Dec 

Report for 2018 02
MONTHLY CLIMATOLOGICAL SUMMARY for FEB. 2018 NAME: C32 CITY: Las Cruces|East Mesa STATE: NM ELEV: 4474 ft LAT: 32 24' 08" N LONG: 106 41' 01" W TEMPERATURE (F), RAIN (in), WIND SPEED (mph) HEAT COOL AVG MEAN DEG DEG WIND DOM DAY TEMP HIGH TIME LOW TIME DAYS DAYS RAIN SPEED HIGH TIME DIR ------------------------------------------------------------------------------------ 1 55.8 72.0 3:20p 35.7 7:30a 10.3 1.1 0.00 3.5 12.0 2:30a S 2 53.3 67.6 3:50p 36.9 5:35a 11.8 0.2 0.00 4.1 19.0 12:05p S 3 57.5 73.0 3:40p 45.4 5:25a 8.9 1.4 0.00 4.1 17.0 4:55p S 4 55.5 72.3 3:55p 38.2 7:10a 10.7 1.2 0.00 2.9 15.0 3:50p SW 5 59.7 74.2 3:45p 47.0 7:20a 7.1 1.8 0.00 4.8 19.0 1:05p S 6 58.9 71.1 2:10p 47.9 7:30a 7.2 1.1 0.00 7.8 32.0 11:20p WSW 7 48.7 63.7 3:35p 34.1 7:00a 16.3 0.0 0.00 3.3 27.0 12:05a N 8 48.2 66.7 3:20p 30.6 5:20a 16.9 0.1 0.00 2.4 12.0 9:40a SE 9 54.0 72.4 3:50p 33.7 7:00a 12.3 1.4 0.00 3.3 16.0 4:55p S 10 59.8 71.2 2:40p 47.2 4:10a 6.4 1.2 0.00 7.7 32.0 1:50p S 11 51.3 61.9 3:00p 39.7 12:00m 13.7 0.0 0.00 4.1 16.0 10:00a NNE 12 50.6 64.6 1:05p 32.6 6:40a 14.4 0.0 0.00 5.1 26.0 12:40p S 13 57.5 70.2 2:40p 46.5 7:45a 8.3 0.7 0.00 3.9 17.0 11:05a S 14 59.5 70.0 12:55p 50.8 6:40a 6.2 0.7 0.00 4.0 20.0 1:00p SW 15 53.9 56.5 4:40p 51.5 5:10a 11.1 0.0 0.15 2.7 13.0 12:40p S 16 51.2 54.0 1:05p 46.5 5:45p 13.8 0.0 0.59 3.1 26.0 5:30p S 17 51.5 60.6 2:40p 46.4 7:30a 13.5 0.0 0.01 1.8 10.0 5:10a SSW 18 56.0 66.7 2:45p 45.6 7:15a 9.1 0.1 0.00 4.5 22.0 2:35p WSW 19 56.4 66.0 2:55p 48.5 4:10a 8.6 0.0 0.00 10.3 33.0 12:20p SSW 20 49.9 57.5 2:55p 40.7 12:00m 15.1 0.0 0.00 4.5 22.0 1:55a WSW 21 47.9 61.8 2:35p 34.4 7:10a 17.1 0.0 0.00 4.2 26.0 1:55p S 22 45.2 56.4 3:25p 32.6 6:25a 19.8 0.0 0.00 5.0 25.0 12:20p WSW 23 50.3 63.9 4:25p 34.9 4:00a 14.7 0.0 0.00 6.1 28.0 1:45p SW 24 45.0 53.3 5:00p 38.4 3:40a 20.0 0.0 0.00 5.5 22.0 12:10p NNW 25 44.2 57.0 3:55p 29.9 7:10a 20.8 0.0 0.00 3.7 19.0 2:55p E 26 47.3 66.2 3:00p 27.5 5:40a 17.8 0.1 0.00 3.7 18.0 3:25p S 27 56.4 68.9 3:20p 40.9 5:50a 9.1 0.5 0.00 5.9 25.0 2:30p SW 28 46.2 54.4 11:25a 35.5 12:00m 18.8 0.0 0.00 7.3 34.0 3:45p WSW ------------------------------------------------------------------------------------- 52.6 74.2 5 27.5 26 359.8 11.6 0.75 4.6 34.0 28 S Max >= 90.0: 0 Max <= 32.0: 0 Min <= 32.0: 3 Min <= 0.0: 0 Max Rain: 0.59 ON 02/16/18 Days of Rain: 2 (>.01 in) 2 (>.1 in) 0 (>1 in) Heat Base: 65.0 Cool Base: 65.0 Method: Integration