NOAA-style Climate Reports

- as reported from this site (LasCruces-Weather.com) beginning 04-03-07

2023: Jan | Feb | Mar | Apr | May | Jun | Jul | Aug | Sep | Oct | Nov | Dec 
2022: Jan | Feb | Mar | Apr | May | Jun | Jul | Aug | Sep | Oct | Nov | Dec 
2021: Jan | Feb | Mar | Apr | May | Jun | Jul | Aug | Sep | Oct | Nov | Dec 
2020: Jan | Feb | Mar | Apr | May | Jun | Jul | Aug | Sep | Oct | Nov | Dec 
2019: Jan | Feb | Mar | Apr | May | Jun | Jul | Aug | Sep | Oct | Nov | Dec 
2018: Jan | Feb | Mar | Apr | May | Jun | Jul | Aug | Sep | Oct | Nov | Dec 
2017: Jan | Feb | Mar | Apr | May | Jun | Jul | Aug | Sep | Oct | Nov | Dec 
2016: Jan | Feb | Mar | Apr | May | Jun | Jul | Aug | Sep | Oct | Nov | Dec 
2015: Jan | Feb | Mar | Apr | May | Jun | Jul | Aug | Sep | Oct | Nov | Dec 
2014: Jan | Feb | Mar | Apr | May | Jun | Jul | Aug | Sep | Oct | Nov | Dec 
2013: Jan | Feb | Mar | Apr | May | Jun | Jul | Aug | Sep | Oct | Nov | Dec 
2012: Jan | Feb | Mar | Apr | May | Jun | Jul | Aug | Sep | Oct | Nov | Dec 
2011: Jan | Feb | Mar | Apr | May | Jun | Jul | Aug | Sep | Oct | Nov | Dec 
2010: Jan | Feb | Mar | Apr | May | Jun | Jul | Aug | Sep | Oct | Nov | Dec 
2009: Jan | Feb | Mar | Apr | May | Jun | Jul | Aug | Sep | Oct | Nov | Dec 
2008: Jan | Feb | Mar | Apr | May | Jun | Jul | Aug | Sep | Oct | Nov | Dec 
2007: Jan | Feb | Mar | Apr | May | Jun | Jul | Aug | Sep | Oct | Nov | Dec 

Report for 2018 01
MONTHLY CLIMATOLOGICAL SUMMARY for JAN. 2018 NAME: C32 CITY: Las Cruces|East Mesa STATE: NM ELEV: 4474 ft LAT: 32 24' 08" N LONG: 106 41' 01" W TEMPERATURE (F), RAIN (in), WIND SPEED (mph) HEAT COOL AVG MEAN DEG DEG WIND DOM DAY TEMP HIGH TIME LOW TIME DAYS DAYS RAIN SPEED HIGH TIME DIR ------------------------------------------------------------------------------------ 1 38.8 50.7 2:55p 28.0 7:45a 26.2 0.0 0.00 2.1 12.0 2:35p SW 2 39.8 60.8 3:30p 26.7 6:15a 25.2 0.0 0.00 1.5 11.0 2:00p ESE 3 39.9 55.3 2:00p 24.1 5:55a 25.1 0.0 0.00 1.8 11.0 2:45p ESE 4 44.6 55.7 4:30p 38.0 5:10a 20.4 0.0 0.00 1.7 17.0 10:45a ESE 5 44.0 62.1 3:25p 29.9 7:00a 21.0 0.0 0.00 2.2 10.0 10:05a SE 6 49.3 64.4 3:40p 31.4 7:25a 15.7 0.0 0.00 3.4 14.0 8:40p S 7 55.8 64.7 1:55p 41.8 12:00m 9.2 0.0 0.00 5.7 28.0 10:25a N 8 48.8 63.4 2:20p 32.6 7:30a 16.2 0.0 0.00 2.9 10.0 1:40p SSE 9 54.5 69.0 2:10p 39.9 7:55a 11.0 0.5 0.00 2.8 15.0 1:20p S 10 50.6 58.3 12:55a 45.0 10:40a 14.4 0.0 0.03 9.0 32.0 3:40p WSW 11 46.3 58.3 3:55p 36.8 11:35p 18.7 0.0 0.00 4.1 20.0 12:50a SE 12 43.8 62.1 3:45p 26.5 7:20a 21.2 0.0 0.00 2.5 9.0 4:00p E 13 44.9 61.6 3:00p 31.8 7:25a 20.1 0.0 0.00 3.4 11.0 2:50p NE 14 44.5 63.6 3:50p 29.3 4:30a 20.5 0.0 0.00 3.0 13.0 9:35a NNE 15 45.9 62.8 1:35p 28.8 6:55a 19.1 0.0 0.00 2.7 18.0 11:35p E 16 34.5 43.3 3:45p 24.9 11:40p 30.6 0.0 0.00 2.7 18.0 3:10a NNW 17 31.9 44.8 4:40p 20.2 5:20a 33.1 0.0 0.00 1.8 11.0 12:00p SSW 18 36.5 54.8 4:15p 20.7 5:30a 28.5 0.0 0.00 2.0 11.0 11:30a SE 19 46.2 62.0 4:20p 27.9 7:20a 18.8 0.0 0.00 3.1 13.0 1:25p SSE 20 54.2 66.7 2:35p 37.1 7:40a 10.9 0.1 0.00 6.0 31.0 10:30p SW 21 42.5 51.4 12:05a 32.1 12:00m 22.5 0.0 0.00 10.2 32.0 10:40a WSW 22 36.3 50.5 2:55p 21.5 7:15a 28.7 0.0 0.00 3.4 18.0 1:15p NE 23 36.9 56.2 3:55p 17.5 7:10a 28.1 0.0 0.00 4.0 17.0 12:50p NNE 24 40.1 59.1 3:40p 24.5 7:40a 24.9 0.0 0.00 3.1 13.0 1:55a NNE 25 43.5 59.7 2:25p 25.4 7:50a 21.5 0.0 0.00 3.9 15.0 4:05p S 26 51.4 64.6 2:55p 36.5 11:15p 13.6 0.0 0.00 5.2 27.0 2:35p WSW 27 41.7 59.0 3:40p 28.7 7:15a 23.3 0.0 0.00 3.5 15.0 4:55a NNE 28 43.7 64.9 4:25p 27.4 7:00a 21.3 0.0 0.00 3.3 13.0 8:50a NE 29 46.4 64.4 2:55p 30.7 7:40a 18.6 0.0 0.00 2.7 17.0 2:45p N 30 47.1 65.3 2:35p 27.8 7:25a 17.9 0.0 0.00 3.1 15.0 11:30a E 31 52.9 70.7 3:10p 30.8 7:15a 12.9 0.8 0.00 3.5 16.0 1:40p S ------------------------------------------------------------------------------------- 44.4 70.7 31 17.5 23 639.2 1.4 0.03 3.6 32.0 10 ESE Max >= 90.0: 0 Max <= 32.0: 0 Min <= 32.0: 22 Min <= 0.0: 0 Max Rain: 0.03 ON 01/10/18 Days of Rain: 1 (>.01 in) 0 (>.1 in) 0 (>1 in) Heat Base: 65.0 Cool Base: 65.0 Method: Integration