NOAA-style Climate Reports

- as reported from this site (LasCruces-Weather.com) beginning 04-03-07

2023: Jan | Feb | Mar | Apr | May | Jun | Jul | Aug | Sep | Oct | Nov | Dec 
2022: Jan | Feb | Mar | Apr | May | Jun | Jul | Aug | Sep | Oct | Nov | Dec 
2021: Jan | Feb | Mar | Apr | May | Jun | Jul | Aug | Sep | Oct | Nov | Dec 
2020: Jan | Feb | Mar | Apr | May | Jun | Jul | Aug | Sep | Oct | Nov | Dec 
2019: Jan | Feb | Mar | Apr | May | Jun | Jul | Aug | Sep | Oct | Nov | Dec 
2018: Jan | Feb | Mar | Apr | May | Jun | Jul | Aug | Sep | Oct | Nov | Dec 
2017: Jan | Feb | Mar | Apr | May | Jun | Jul | Aug | Sep | Oct | Nov | Dec 
2016: Jan | Feb | Mar | Apr | May | Jun | Jul | Aug | Sep | Oct | Nov | Dec 
2015: Jan | Feb | Mar | Apr | May | Jun | Jul | Aug | Sep | Oct | Nov | Dec 
2014: Jan | Feb | Mar | Apr | May | Jun | Jul | Aug | Sep | Oct | Nov | Dec 
2013: Jan | Feb | Mar | Apr | May | Jun | Jul | Aug | Sep | Oct | Nov | Dec 
2012: Jan | Feb | Mar | Apr | May | Jun | Jul | Aug | Sep | Oct | Nov | Dec 
2011: Jan | Feb | Mar | Apr | May | Jun | Jul | Aug | Sep | Oct | Nov | Dec 
2010: Jan | Feb | Mar | Apr | May | Jun | Jul | Aug | Sep | Oct | Nov | Dec 
2009: Jan | Feb | Mar | Apr | May | Jun | Jul | Aug | Sep | Oct | Nov | Dec 
2008: Jan | Feb | Mar | Apr | May | Jun | Jul | Aug | Sep | Oct | Nov | Dec 
2007: Jan | Feb | Mar | Apr | May | Jun | Jul | Aug | Sep | Oct | Nov | Dec 

Report for 2017 12
MONTHLY CLIMATOLOGICAL SUMMARY for DEC. 2017 NAME: C32 CITY: Las Cruces|East Mesa STATE: NM ELEV: 4474 ft LAT: 32 24' 08" N LONG: 106 41' 01" W TEMPERATURE (F), RAIN (in), WIND SPEED (mph) HEAT COOL AVG MEAN DEG DEG WIND DOM DAY TEMP HIGH TIME LOW TIME DAYS DAYS RAIN SPEED HIGH TIME DIR ------------------------------------------------------------------------------------ 1 53.8 62.0 1:55p 46.3 6:10a 11.2 0.0 0.00 1.4 8.0 4:10a ESE 2 56.4 70.3 2:35p 45.4 4:15a 9.2 0.6 0.00 2.6 11.0 12:10p NNW 3 58.8 72.8 2:20p 46.0 7:35a 7.5 1.3 0.00 3.3 20.0 3:00p WSW 4 57.4 68.4 2:35p 49.0 5:55a 8.0 0.4 0.00 4.7 23.0 1:40p WSW 5 47.5 55.1 12:40p 43.2 11:35p 17.5 0.0 0.00 4.1 18.0 7:30p N 6 44.5 51.0 3:25p 37.4 11:55p 20.5 0.0 0.00 3.0 15.0 12:55p NE 7 33.9 39.8 3:15p 21.6 11:40p 31.1 0.0 0.00 3.5 24.0 9:40a E 8 33.1 49.4 4:25p 19.4 5:35a 31.9 0.0 0.00 2.9 12.0 2:10p SSE 9 38.3 56.6 3:05p 24.0 6:00a 26.7 0.0 0.00 1.9 10.0 3:30p ESE 10 40.3 60.7 3:05p 23.1 7:30a 24.7 0.0 0.00 2.4 10.0 10:55a E 11 40.4 59.9 3:25p 27.2 6:30a 24.6 0.0 0.00 2.9 13.0 8:20a NNE 12 41.2 59.6 2:45p 26.6 7:35a 23.8 0.0 0.00 2.4 10.0 4:20a ESE 13 43.7 61.9 3:50p 25.2 3:50a 21.3 0.0 0.00 2.4 9.0 8:10a NE 14 47.4 61.7 3:00p 31.5 7:30a 17.6 0.0 0.00 4.3 27.0 11:40p E 15 39.0 52.1 3:30p 25.5 7:20a 26.0 0.0 0.00 2.2 16.0 12:05a SSE 16 41.0 53.9 3:10p 26.7 3:25a 24.0 0.0 0.00 3.7 17.0 3:10p S 17 43.2 49.2 9:30a 38.2 4:45a 21.8 0.0 0.09 3.1 31.0 10:10a SE 18 43.4 53.5 3:25p 35.3 11:25p 21.6 0.0 0.05 2.1 9.0 12:40a NE 19 43.3 57.3 3:15p 31.4 7:15a 21.7 0.0 0.00 3.3 16.0 3:35p S 20 48.0 61.2 3:25p 36.0 5:15a 17.0 0.0 0.00 3.9 17.0 11:10a S 21 51.3 63.7 3:25p 40.8 12:00m 13.7 0.0 0.00 5.2 21.0 1:20p S 22 38.5 47.0 4:25p 31.4 9:55p 26.5 0.0 0.00 4.7 22.0 10:55a NNW 23 39.9 54.2 2:15p 24.9 5:10a 25.1 0.0 0.00 3.0 12.0 12:25p S 24 47.7 62.5 3:10p 30.2 7:40a 17.3 0.0 0.00 2.2 12.0 12:05p S 25 54.0 71.7 3:30p 37.8 7:10a 11.7 0.8 0.00 4.8 21.0 3:25p SSW 26 56.1 68.4 2:50p 44.8 7:35a 9.2 0.3 0.00 4.2 16.0 3:00p S 27 49.3 63.8 1:20p 36.1 7:05a 15.7 0.0 0.00 2.7 10.0 8:35a SSW 28 46.4 66.0 3:35p 29.9 6:10a 18.7 0.0 0.00 2.7 11.0 3:35p E 29 48.8 69.2 3:20p 31.3 6:30a 16.6 0.5 0.00 2.5 10.0 9:30a NE 30 50.8 69.2 3:35p 29.2 6:40a 14.7 0.5 0.00 3.1 12.0 7:25p S 31 54.6 67.5 1:30p 39.5 7:20a 10.7 0.3 0.00 3.8 15.0 2:15p S ------------------------------------------------------------------------------------- 46.2 72.8 3 19.4 8 587.6 4.7 0.14 3.2 31.0 17 S Max >= 90.0: 0 Max <= 32.0: 0 Min <= 32.0: 17 Min <= 0.0: 0 Max Rain: 0.09 ON 12/17/17 Days of Rain: 2 (>.01 in) 0 (>.1 in) 0 (>1 in) Heat Base: 65.0 Cool Base: 65.0 Method: Integration