NOAA-style Climate Reports

- as reported from this site (LasCruces-Weather.com) beginning 04-03-07

2023: Jan | Feb | Mar | Apr | May | Jun | Jul | Aug | Sep | Oct | Nov | Dec 
2022: Jan | Feb | Mar | Apr | May | Jun | Jul | Aug | Sep | Oct | Nov | Dec 
2021: Jan | Feb | Mar | Apr | May | Jun | Jul | Aug | Sep | Oct | Nov | Dec 
2020: Jan | Feb | Mar | Apr | May | Jun | Jul | Aug | Sep | Oct | Nov | Dec 
2019: Jan | Feb | Mar | Apr | May | Jun | Jul | Aug | Sep | Oct | Nov | Dec 
2018: Jan | Feb | Mar | Apr | May | Jun | Jul | Aug | Sep | Oct | Nov | Dec 
2017: Jan | Feb | Mar | Apr | May | Jun | Jul | Aug | Sep | Oct | Nov | Dec 
2016: Jan | Feb | Mar | Apr | May | Jun | Jul | Aug | Sep | Oct | Nov | Dec 
2015: Jan | Feb | Mar | Apr | May | Jun | Jul | Aug | Sep | Oct | Nov | Dec 
2014: Jan | Feb | Mar | Apr | May | Jun | Jul | Aug | Sep | Oct | Nov | Dec 
2013: Jan | Feb | Mar | Apr | May | Jun | Jul | Aug | Sep | Oct | Nov | Dec 
2012: Jan | Feb | Mar | Apr | May | Jun | Jul | Aug | Sep | Oct | Nov | Dec 
2011: Jan | Feb | Mar | Apr | May | Jun | Jul | Aug | Sep | Oct | Nov | Dec 
2010: Jan | Feb | Mar | Apr | May | Jun | Jul | Aug | Sep | Oct | Nov | Dec 
2009: Jan | Feb | Mar | Apr | May | Jun | Jul | Aug | Sep | Oct | Nov | Dec 
2008: Jan | Feb | Mar | Apr | May | Jun | Jul | Aug | Sep | Oct | Nov | Dec 
2007: Jan | Feb | Mar | Apr | May | Jun | Jul | Aug | Sep | Oct | Nov | Dec 

Report for 2017 11
MONTHLY CLIMATOLOGICAL SUMMARY for NOV. 2017 NAME: C32 CITY: Las Cruces|East Mesa STATE: NM ELEV: 4474 ft LAT: 32 24' 08" N LONG: 106 41' 01" W TEMPERATURE (F), RAIN (in), WIND SPEED (mph) HEAT COOL AVG MEAN DEG DEG WIND DOM DAY TEMP HIGH TIME LOW TIME DAYS DAYS RAIN SPEED HIGH TIME DIR ------------------------------------------------------------------------------------ 1 62.2 74.1 4:50p 51.1 3:20a 5.1 2.3 0.00 6.2 30.0 11:35a WSW 2 63.1 74.0 3:25p 50.1 8:00a 4.2 2.3 0.00 5.3 25.0 12:30p WSW 3 63.2 76.6 3:15p 51.8 4:50a 4.6 2.8 0.00 4.3 20.0 12:15p SE 4 63.8 75.0 1:10p 53.3 7:45a 3.6 2.5 0.00 4.9 24.0 3:10p SSW 5 65.4 76.7 2:35p 54.9 4:10a 2.9 3.3 0.00 4.8 21.0 1:00p WSW 6 65.1 77.4 3:35p 55.6 5:40a 3.2 3.3 0.00 5.3 24.0 3:35p WSW 7 65.1 73.7 12:55p 57.5 5:20a 2.3 2.4 0.00 3.6 15.0 11:30a SSW 8 56.3 64.1 12:05a 49.2 12:00m 8.7 0.0 0.32 2.7 16.0 12:10a SSW 9 54.8 70.5 3:15p 44.3 6:25a 10.9 0.6 0.00 1.8 11.0 3:10p SSE 10 58.8 73.2 2:05p 44.9 6:55a 7.7 1.6 0.00 2.8 15.0 3:30p S 11 63.8 78.4 2:45p 52.2 7:15a 4.6 3.4 0.00 3.8 22.0 12:35p SW 12 60.1 77.8 3:00p 44.6 5:50a 7.6 2.7 0.00 2.5 13.0 5:10p ENE 13 61.7 73.3 2:00p 48.4 7:05a 5.4 2.1 0.00 3.3 17.0 11:45a SSW 14 67.1 81.9 3:45p 50.8 7:15a 3.1 5.2 0.00 4.5 21.0 4:05p SW 15 60.9 77.2 2:20p 47.1 7:20a 6.6 2.5 0.00 2.4 16.0 3:35p E 16 61.5 77.9 2:50p 44.0 4:10a 6.7 3.3 0.00 3.0 14.0 4:50p ESE 17 65.2 78.1 2:30p 54.2 5:25a 3.4 3.5 0.00 4.5 21.0 1:05p S 18 56.0 66.0 2:50p 42.3 11:35p 9.0 0.0 0.00 5.5 19.0 9:15a NNW 19 46.4 62.5 2:45p 33.6 3:15a 18.6 0.0 0.00 2.3 10.0 11:40a NE 20 49.7 66.6 4:15p 31.7 3:50a 15.4 0.1 0.00 2.6 11.0 9:10p S 21 57.4 75.8 2:20p 37.0 6:50a 9.4 1.9 0.00 6.2 33.0 6:50p E 22 53.5 66.7 2:45p 39.1 6:45a 11.7 0.2 0.00 2.2 10.0 11:55a ESE 23 53.7 73.5 3:15p 37.7 7:25a 12.6 1.3 0.00 2.5 10.0 8:15a SE 24 58.1 76.2 4:00p 39.2 6:50a 8.8 2.0 0.00 2.4 11.0 10:45a SE 25 56.8 75.8 4:25p 41.0 4:25a 10.2 2.0 0.00 2.9 11.0 6:45a E 26 57.0 74.9 3:40p 43.8 5:50a 10.1 2.1 0.00 2.3 9.0 9:30a E 27 59.6 76.3 1:45p 41.3 6:00a 7.8 2.4 0.00 3.6 17.0 1:30p S 28 60.8 70.8 2:00p 48.7 12:00m 5.3 1.2 0.00 5.0 20.0 9:35a S 29 48.7 63.5 2:50p 37.5 5:55a 16.3 0.0 0.00 1.7 7.0 1:50a NE 30 53.9 70.2 2:40p 39.5 2:55a 11.7 0.6 0.00 2.3 12.0 8:10a E ------------------------------------------------------------------------------------- 59.0 81.9 14 31.7 20 237.5 57.6 0.32 3.6 33.0 21 SSW Max >= 90.0: 0 Max <= 32.0: 0 Min <= 32.0: 1 Min <= 0.0: 0 Max Rain: 0.32 ON 11/08/17 Days of Rain: 1 (>.01 in) 1 (>.1 in) 0 (>1 in) Heat Base: 65.0 Cool Base: 65.0 Method: Integration