NOAA-style Climate Reports

- as reported from this site (LasCruces-Weather.com) beginning 04-03-07

2023: Jan | Feb | Mar | Apr | May | Jun | Jul | Aug | Sep | Oct | Nov | Dec 
2022: Jan | Feb | Mar | Apr | May | Jun | Jul | Aug | Sep | Oct | Nov | Dec 
2021: Jan | Feb | Mar | Apr | May | Jun | Jul | Aug | Sep | Oct | Nov | Dec 
2020: Jan | Feb | Mar | Apr | May | Jun | Jul | Aug | Sep | Oct | Nov | Dec 
2019: Jan | Feb | Mar | Apr | May | Jun | Jul | Aug | Sep | Oct | Nov | Dec 
2018: Jan | Feb | Mar | Apr | May | Jun | Jul | Aug | Sep | Oct | Nov | Dec 
2017: Jan | Feb | Mar | Apr | May | Jun | Jul | Aug | Sep | Oct | Nov | Dec 
2016: Jan | Feb | Mar | Apr | May | Jun | Jul | Aug | Sep | Oct | Nov | Dec 
2015: Jan | Feb | Mar | Apr | May | Jun | Jul | Aug | Sep | Oct | Nov | Dec 
2014: Jan | Feb | Mar | Apr | May | Jun | Jul | Aug | Sep | Oct | Nov | Dec 
2013: Jan | Feb | Mar | Apr | May | Jun | Jul | Aug | Sep | Oct | Nov | Dec 
2012: Jan | Feb | Mar | Apr | May | Jun | Jul | Aug | Sep | Oct | Nov | Dec 
2011: Jan | Feb | Mar | Apr | May | Jun | Jul | Aug | Sep | Oct | Nov | Dec 
2010: Jan | Feb | Mar | Apr | May | Jun | Jul | Aug | Sep | Oct | Nov | Dec 
2009: Jan | Feb | Mar | Apr | May | Jun | Jul | Aug | Sep | Oct | Nov | Dec 
2008: Jan | Feb | Mar | Apr | May | Jun | Jul | Aug | Sep | Oct | Nov | Dec 
2007: Jan | Feb | Mar | Apr | May | Jun | Jul | Aug | Sep | Oct | Nov | Dec 

Report for 2017 10
MONTHLY CLIMATOLOGICAL SUMMARY for OCT. 2017 NAME: C32 CITY: Las Cruces|East Mesa STATE: NM ELEV: 4474 ft LAT: 32 24' 08" N LONG: 106 41' 01" W TEMPERATURE (F), RAIN (in), WIND SPEED (mph) HEAT COOL AVG MEAN DEG DEG WIND DOM DAY TEMP HIGH TIME LOW TIME DAYS DAYS RAIN SPEED HIGH TIME DIR ------------------------------------------------------------------------------------ 1 76.4 88.1 4:00p 64.6 7:40a 0.0 11.4 0.00 6.8 22.0 1:55p S 2 76.0 88.5 3:50p 65.3 4:10a 0.0 11.0 0.00 6.2 26.0 2:45p S 3 75.7 88.3 4:05p 59.5 7:35a 0.5 11.2 0.00 3.9 19.0 2:45p SE 4 78.5 88.7 3:45p 68.1 7:15a 0.0 13.5 0.00 4.3 25.0 2:15p SE 5 78.8 89.7 4:10p 68.8 4:35a 0.0 13.8 0.09 5.1 24.0 10:40p S 6 74.3 88.1 4:00p 61.9 12:00m 0.1 9.4 0.47 6.0 26.0 3:45p WSW 7 64.6 82.2 4:55p 47.0 7:15a 5.0 4.6 0.00 3.6 13.0 12:45a NE 8 68.4 84.4 2:45p 52.0 8:00a 3.7 7.1 0.00 4.7 25.0 3:55p SE 9 68.6 79.6 3:35p 58.1 12:00m 1.6 5.2 0.00 5.8 25.0 1:25p WSW 10 58.5 71.0 4:40p 45.6 7:45a 7.2 0.8 0.00 3.9 15.0 1:40a N 11 62.0 78.9 4:55p 45.9 6:15a 6.7 3.7 0.00 2.3 13.0 12:55p ESE 12 71.5 86.2 3:30p 55.1 5:20a 1.9 8.4 0.00 3.2 17.0 11:25a SSW 13 73.9 85.6 5:40p 63.9 7:10a 0.0 9.0 0.00 2.7 15.0 11:05a SSW 14 75.6 88.6 3:15p 65.5 11:30p 0.0 10.6 0.00 4.5 19.0 2:05p S 15 63.8 76.3 4:45p 53.1 7:45a 4.1 2.8 0.00 3.0 18.0 4:35a N 16 61.1 77.6 4:10p 45.4 6:30a 7.2 3.3 0.00 2.0 9.0 9:00a SW 17 65.6 82.0 4:00p 50.5 5:50a 4.5 5.1 0.00 2.3 11.0 4:15p E 18 69.2 82.8 3:10p 56.6 7:45a 1.5 5.7 0.00 2.3 16.0 11:05p SSW 19 67.9 83.8 3:55p 57.9 9:30p 1.8 4.7 0.20 6.0 30.0 5:15p SSW 20 65.7 79.9 4:40p 52.6 7:35a 3.9 4.7 0.01 3.8 20.0 3:10p SSW 21 66.4 78.3 4:30p 56.4 10:55p 2.2 3.6 0.00 4.9 22.0 11:45a WSW 22 60.5 77.4 5:20p 42.9 7:05a 7.4 2.9 0.00 3.6 17.0 9:30a N 23 63.3 85.5 5:15p 43.9 5:30a 7.0 5.4 0.00 3.5 14.0 9:45a N 24 63.4 71.7 4:35p 54.7 12:00m 2.9 1.3 0.00 4.5 34.0 1:35p ESE 25 58.4 73.7 4:05p 42.8 7:10a 8.5 1.9 0.00 2.6 16.0 4:00p E 26 66.5 83.7 3:05p 50.2 8:05a 4.3 5.9 0.00 4.4 26.0 3:50p WSW 27 56.3 64.7 1:20a 45.1 7:40a 8.7 0.0 0.00 3.2 15.0 1:50a SE 28 51.5 66.0 4:20p 38.3 8:00a 13.6 0.1 0.00 1.9 10.0 1:50p E 29 57.4 73.9 5:10p 38.9 6:15a 9.4 1.7 0.00 2.8 15.0 3:55p S 30 64.4 78.2 3:15p 54.1 6:50a 4.1 3.5 0.00 3.9 17.0 12:30p S 31 57.4 67.0 4:25p 47.7 7:50a 7.7 0.1 0.00 4.1 20.0 12:40p SW ------------------------------------------------------------------------------------- 66.5 89.7 5 38.3 28 125.5 172.4 0.77 3.9 34.0 24 S Max >= 90.0: 0 Max <= 32.0: 0 Min <= 32.0: 0 Min <= 0.0: 0 Max Rain: 0.47 ON 10/06/17 Days of Rain: 3 (>.01 in) 2 (>.1 in) 0 (>1 in) Heat Base: 65.0 Cool Base: 65.0 Method: Integration