NOAA-style Climate Reports

- as reported from this site (LasCruces-Weather.com) beginning 04-03-07

2023: Jan | Feb | Mar | Apr | May | Jun | Jul | Aug | Sep | Oct | Nov | Dec 
2022: Jan | Feb | Mar | Apr | May | Jun | Jul | Aug | Sep | Oct | Nov | Dec 
2021: Jan | Feb | Mar | Apr | May | Jun | Jul | Aug | Sep | Oct | Nov | Dec 
2020: Jan | Feb | Mar | Apr | May | Jun | Jul | Aug | Sep | Oct | Nov | Dec 
2019: Jan | Feb | Mar | Apr | May | Jun | Jul | Aug | Sep | Oct | Nov | Dec 
2018: Jan | Feb | Mar | Apr | May | Jun | Jul | Aug | Sep | Oct | Nov | Dec 
2017: Jan | Feb | Mar | Apr | May | Jun | Jul | Aug | Sep | Oct | Nov | Dec 
2016: Jan | Feb | Mar | Apr | May | Jun | Jul | Aug | Sep | Oct | Nov | Dec 
2015: Jan | Feb | Mar | Apr | May | Jun | Jul | Aug | Sep | Oct | Nov | Dec 
2014: Jan | Feb | Mar | Apr | May | Jun | Jul | Aug | Sep | Oct | Nov | Dec 
2013: Jan | Feb | Mar | Apr | May | Jun | Jul | Aug | Sep | Oct | Nov | Dec 
2012: Jan | Feb | Mar | Apr | May | Jun | Jul | Aug | Sep | Oct | Nov | Dec 
2011: Jan | Feb | Mar | Apr | May | Jun | Jul | Aug | Sep | Oct | Nov | Dec 
2010: Jan | Feb | Mar | Apr | May | Jun | Jul | Aug | Sep | Oct | Nov | Dec 
2009: Jan | Feb | Mar | Apr | May | Jun | Jul | Aug | Sep | Oct | Nov | Dec 
2008: Jan | Feb | Mar | Apr | May | Jun | Jul | Aug | Sep | Oct | Nov | Dec 
2007: Jan | Feb | Mar | Apr | May | Jun | Jul | Aug | Sep | Oct | Nov | Dec 

Report for 2017 09
MONTHLY CLIMATOLOGICAL SUMMARY for SEP. 2017 NAME: C32 CITY: Las Cruces|East Mesa STATE: NM ELEV: 4474 ft LAT: 32 24' 08" N LONG: 106 41' 01" W TEMPERATURE (F), RAIN (in), WIND SPEED (mph) HEAT COOL AVG MEAN DEG DEG WIND DOM DAY TEMP HIGH TIME LOW TIME DAYS DAYS RAIN SPEED HIGH TIME DIR ------------------------------------------------------------------------------------ 1 75.9 91.5 3:15p 58.7 6:35a 0.7 11.7 0.00 2.8 30.0 2:45p E 2 75.0 87.9 3:50p 60.2 7:15a 0.4 10.4 0.00 2.6 12.0 8:30a E 3 79.1 94.2 4:15p 61.1 7:10a 0.3 14.4 0.00 3.1 17.0 2:20p E 4 78.7 93.1 3:50p 62.0 6:45a 0.2 13.9 0.00 3.2 16.0 3:50p E 5 79.1 89.8 1:55p 63.5 7:00a 0.0 14.2 0.00 5.6 24.0 3:10p E 6 76.6 88.9 4:25p 63.2 7:25a 0.1 11.7 0.00 3.5 19.0 5:40p SSW 7 79.1 92.9 4:30p 67.2 6:25a 0.0 14.1 0.00 3.3 15.0 3:15p SE 8 79.0 94.8 3:40p 65.6 7:15a 0.0 14.0 0.00 3.6 29.0 8:40p E 9 78.3 91.0 1:10p 66.8 7:30a 0.0 13.3 0.00 3.2 21.0 3:20p SE 10 77.7 90.0 4:55p 63.5 5:25a 0.1 12.7 0.00 3.7 21.0 2:35p E 11 77.1 92.3 4:05p 61.5 6:55a 0.3 12.3 0.00 2.5 15.0 2:25p SE 12 78.2 94.7 4:10p 59.2 7:15a 0.7 13.9 0.00 2.5 12.0 12:40p E 13 78.8 98.3 3:40p 61.6 7:25a 0.1 13.9 0.00 3.8 29.0 5:15p ESE 14 78.7 95.5 4:00p 63.5 7:15a 0.1 13.8 0.00 3.8 19.0 5:30p SW 15 78.3 89.9 4:05p 67.7 7:25a 0.0 13.3 0.00 4.5 24.0 5:35p WSW 16 77.4 89.7 3:55p 66.1 7:15a 0.0 12.4 0.00 3.6 17.0 2:00p S 17 78.3 91.5 3:25p 66.1 5:50a 0.0 13.3 0.00 3.9 16.0 2:10p SSW 18 78.9 92.1 3:30p 62.9 7:15a 0.1 13.9 0.00 4.0 20.0 4:50p S 19 78.2 89.1 3:40p 66.2 7:10a 0.0 13.2 0.00 6.3 25.0 2:55p S 20 77.0 89.4 3:35p 63.6 7:20a 0.1 11.7 0.00 5.1 22.0 1:40p WSW 21 78.2 91.2 4:25p 66.8 4:10a 0.0 13.2 0.00 4.7 21.0 3:25p SW 22 79.6 92.7 4:05p 67.2 7:05a 0.0 14.6 0.00 5.3 28.0 2:45p S 23 78.0 88.7 4:45p 66.3 7:15a 0.0 13.0 0.00 5.2 23.0 3:55p SSW 24 72.0 84.1 4:30p 61.6 6:00a 0.6 7.6 0.00 3.5 23.0 2:55p SE 25 70.4 85.2 3:40p 56.9 5:45a 1.7 7.0 0.00 3.4 16.0 2:10p SW 26 67.3 83.5 3:55p 52.9 7:05a 2.8 5.1 0.00 7.5 38.0 8:20p E 27 65.4 70.8 2:10p 59.3 7:40a 1.1 1.6 0.15 7.2 34.0 1:15a E 28 67.3 77.1 4:40p 59.8 7:40a 1.1 3.5 0.00 3.5 22.0 10:25p E 29 70.1 82.7 3:15p 60.0 6:05a 0.9 6.0 0.00 4.7 22.0 2:30p E 30 70.4 79.9 2:10p 59.0 6:30a 0.9 6.3 0.00 4.4 24.0 2:25p S ------------------------------------------------------------------------------------- 75.9 98.3 13 52.9 26 12.3 340.0 0.15 4.1 38.0 26 E Max >= 90.0: 15 Max <= 32.0: 0 Min <= 32.0: 0 Min <= 0.0: 0 Max Rain: 0.15 ON 09/27/17 Days of Rain: 1 (>.01 in) 1 (>.1 in) 0 (>1 in) Heat Base: 65.0 Cool Base: 65.0 Method: Integration