NOAA-style Climate Reports

- as reported from this site (LasCruces-Weather.com) beginning 04-03-07

2023: Jan | Feb | Mar | Apr | May | Jun | Jul | Aug | Sep | Oct | Nov | Dec 
2022: Jan | Feb | Mar | Apr | May | Jun | Jul | Aug | Sep | Oct | Nov | Dec 
2021: Jan | Feb | Mar | Apr | May | Jun | Jul | Aug | Sep | Oct | Nov | Dec 
2020: Jan | Feb | Mar | Apr | May | Jun | Jul | Aug | Sep | Oct | Nov | Dec 
2019: Jan | Feb | Mar | Apr | May | Jun | Jul | Aug | Sep | Oct | Nov | Dec 
2018: Jan | Feb | Mar | Apr | May | Jun | Jul | Aug | Sep | Oct | Nov | Dec 
2017: Jan | Feb | Mar | Apr | May | Jun | Jul | Aug | Sep | Oct | Nov | Dec 
2016: Jan | Feb | Mar | Apr | May | Jun | Jul | Aug | Sep | Oct | Nov | Dec 
2015: Jan | Feb | Mar | Apr | May | Jun | Jul | Aug | Sep | Oct | Nov | Dec 
2014: Jan | Feb | Mar | Apr | May | Jun | Jul | Aug | Sep | Oct | Nov | Dec 
2013: Jan | Feb | Mar | Apr | May | Jun | Jul | Aug | Sep | Oct | Nov | Dec 
2012: Jan | Feb | Mar | Apr | May | Jun | Jul | Aug | Sep | Oct | Nov | Dec 
2011: Jan | Feb | Mar | Apr | May | Jun | Jul | Aug | Sep | Oct | Nov | Dec 
2010: Jan | Feb | Mar | Apr | May | Jun | Jul | Aug | Sep | Oct | Nov | Dec 
2009: Jan | Feb | Mar | Apr | May | Jun | Jul | Aug | Sep | Oct | Nov | Dec 
2008: Jan | Feb | Mar | Apr | May | Jun | Jul | Aug | Sep | Oct | Nov | Dec 
2007: Jan | Feb | Mar | Apr | May | Jun | Jul | Aug | Sep | Oct | Nov | Dec 

Report for 2017 08
MONTHLY CLIMATOLOGICAL SUMMARY for AUG. 2017 NAME: C32 CITY: Las Cruces|East Mesa STATE: NM ELEV: 4474 ft LAT: 32 24' 08" N LONG: 106 41' 01" W TEMPERATURE (F), RAIN (in), WIND SPEED (mph) HEAT COOL AVG MEAN DEG DEG WIND DOM DAY TEMP HIGH TIME LOW TIME DAYS DAYS RAIN SPEED HIGH TIME DIR ------------------------------------------------------------------------------------ 1 75.3 88.1 5:40p 66.4 6:15a 0.0 10.3 0.03 4.0 19.0 10:05p E 2 79.7 90.3 4:10p 70.6 7:15a 0.0 14.7 0.00 4.2 20.0 12:30a NE 3 80.4 92.0 4:10p 66.5 6:25a 0.0 15.4 0.00 2.8 21.0 5:00p S 4 81.2 92.9 4:25p 68.3 7:00a 0.0 16.2 0.00 3.2 17.0 9:45p SW 5 81.4 94.0 3:50p 70.2 6:30a 0.0 16.4 0.00 4.5 18.0 7:00p S 6 81.4 95.7 4:35p 67.1 6:10a 0.0 16.4 0.00 3.7 19.0 3:50p N 7 83.1 96.0 4:00p 67.9 6:55a 0.0 18.1 0.00 3.4 21.0 11:55p E 8 82.2 94.9 5:10p 69.9 6:55a 0.0 17.2 0.00 4.3 25.0 12:35a E 9 83.5 95.1 5:40p 70.4 6:45a 0.0 18.5 0.00 4.1 19.0 1:20a S 10 85.8 96.1 5:00p 76.6 7:00a 0.0 20.8 0.00 5.4 23.0 11:50p S 11 79.6 95.2 2:40p 68.5 6:55p 0.0 14.6 0.19 5.8 26.0 8:30p E 12 75.9 88.3 4:10p 64.7 4:00a 0.0 10.9 0.06 4.1 21.0 3:25a SSW 13 77.4 92.2 2:45p 67.4 4:15p 0.0 12.4 0.27 2.8 36.0 4:05p NE 14 80.1 93.7 4:00p 67.3 5:40a 0.0 15.1 0.00 2.5 13.0 9:55p SW 15 79.1 93.4 3:30p 67.0 6:55a 0.0 14.1 0.00 4.5 21.0 2:15a SSW 16 79.8 92.5 3:50p 65.1 5:40a 0.0 14.8 0.00 3.1 20.0 3:20p WSW 17 80.6 95.9 3:30p 65.7 4:25a 0.0 15.6 0.00 3.2 18.0 1:50p ESE 18 83.1 96.4 2:05p 70.4 7:00a 0.0 18.1 0.00 4.3 20.0 3:20p S 19 77.0 86.9 3:40p 63.0 12:00m 0.1 12.0 0.12 4.2 28.0 9:40p SSW 20 67.4 76.5 6:50p 62.9 12:05a 0.4 2.8 0.79 2.2 12.0 1:10a W 21 74.8 84.6 5:00p 66.5 7:00a 0.0 9.8 0.00 2.9 15.0 11:15a S 22 79.8 92.8 4:35p 65.6 6:45a 0.0 14.8 0.00 2.4 12.0 2:45p SE 23 78.1 91.4 3:20p 62.4 10:05p 0.2 13.3 0.44 3.2 26.0 9:40p SW 24 71.7 83.6 4:40p 62.5 2:05a 0.7 7.3 0.12 2.8 17.0 4:40p SW 25 74.7 86.5 2:25p 65.6 6:40a 0.0 9.7 0.01 2.6 17.0 3:15p N 26 77.7 89.5 4:35p 65.4 6:40a 0.0 12.7 0.00 3.1 18.0 11:00p E 27 78.9 89.9 4:25p 65.9 7:05a 0.0 13.9 0.00 3.2 16.0 12:05a ESE 28 77.5 89.9 5:00p 65.9 7:15a 0.0 12.5 0.00 3.2 15.0 4:20p ESE 29 77.5 88.8 6:00p 63.8 7:00a 0.0 12.6 0.00 2.7 17.0 1:30a ESE 30 76.3 89.0 4:30p 63.1 6:30a 0.2 11.4 0.00 3.4 17.0 12:45p ESE 31 76.9 89.8 4:40p 62.8 7:05a 0.1 12.0 0.00 2.8 15.0 11:00a E ------------------------------------------------------------------------------------- 78.6 96.4 18 62.4 23 1.7 424.4 2.03 3.5 36.0 13 E Max >= 90.0: 18 Max <= 32.0: 0 Min <= 32.0: 0 Min <= 0.0: 0 Max Rain: 0.79 ON 08/20/17 Days of Rain: 8 (>.01 in) 6 (>.1 in) 0 (>1 in) Heat Base: 65.0 Cool Base: 65.0 Method: Integration