NOAA-style Climate Reports

- as reported from this site (LasCruces-Weather.com) beginning 04-03-07

2023: Jan | Feb | Mar | Apr | May | Jun | Jul | Aug | Sep | Oct | Nov | Dec 
2022: Jan | Feb | Mar | Apr | May | Jun | Jul | Aug | Sep | Oct | Nov | Dec 
2021: Jan | Feb | Mar | Apr | May | Jun | Jul | Aug | Sep | Oct | Nov | Dec 
2020: Jan | Feb | Mar | Apr | May | Jun | Jul | Aug | Sep | Oct | Nov | Dec 
2019: Jan | Feb | Mar | Apr | May | Jun | Jul | Aug | Sep | Oct | Nov | Dec 
2018: Jan | Feb | Mar | Apr | May | Jun | Jul | Aug | Sep | Oct | Nov | Dec 
2017: Jan | Feb | Mar | Apr | May | Jun | Jul | Aug | Sep | Oct | Nov | Dec 
2016: Jan | Feb | Mar | Apr | May | Jun | Jul | Aug | Sep | Oct | Nov | Dec 
2015: Jan | Feb | Mar | Apr | May | Jun | Jul | Aug | Sep | Oct | Nov | Dec 
2014: Jan | Feb | Mar | Apr | May | Jun | Jul | Aug | Sep | Oct | Nov | Dec 
2013: Jan | Feb | Mar | Apr | May | Jun | Jul | Aug | Sep | Oct | Nov | Dec 
2012: Jan | Feb | Mar | Apr | May | Jun | Jul | Aug | Sep | Oct | Nov | Dec 
2011: Jan | Feb | Mar | Apr | May | Jun | Jul | Aug | Sep | Oct | Nov | Dec 
2010: Jan | Feb | Mar | Apr | May | Jun | Jul | Aug | Sep | Oct | Nov | Dec 
2009: Jan | Feb | Mar | Apr | May | Jun | Jul | Aug | Sep | Oct | Nov | Dec 
2008: Jan | Feb | Mar | Apr | May | Jun | Jul | Aug | Sep | Oct | Nov | Dec 
2007: Jan | Feb | Mar | Apr | May | Jun | Jul | Aug | Sep | Oct | Nov | Dec 

Report for 2017 07
MONTHLY CLIMATOLOGICAL SUMMARY for JUL. 2017 NAME: C32 CITY: Las Cruces|East Mesa STATE: NM ELEV: 4474 ft LAT: 32 24' 08" N LONG: 106 41' 01" W TEMPERATURE (F), RAIN (in), WIND SPEED (mph) HEAT COOL AVG MEAN DEG DEG WIND DOM DAY TEMP HIGH TIME LOW TIME DAYS DAYS RAIN SPEED HIGH TIME DIR ------------------------------------------------------------------------------------ 1 86.5 99.2 4:15p 73.6 5:10a 0.0 21.5 0.00 5.9 29.0 10:30p S 2 87.1 100.0 6:55p 71.7 6:05a 0.0 22.1 0.00 6.2 27.0 2:05a S 3 89.0 102.1 3:15p 74.6 6:45a 0.0 24.0 0.00 4.8 23.0 2:50a NNW 4 90.0 104.4 3:50p 74.7 6:35a 0.0 25.0 0.00 5.0 23.0 11:00p S 5 85.7 98.1 3:00p 75.2 6:10a 0.0 20.7 0.00 5.9 23.0 4:45a S 6 86.3 100.3 4:25p 70.6 6:40a 0.0 21.3 0.00 4.9 27.0 8:15p ESE 7 84.0 95.0 3:45p 69.6 6:10a 0.0 19.0 0.00 6.4 27.0 12:05p E 8 84.2 98.4 3:40p 68.4 6:30a 0.0 19.2 0.02 4.2 30.0 10:25p S 9 81.7 95.7 1:20p 71.0 6:45a 0.0 16.7 0.03 4.6 22.0 3:05a NE 10 82.7 98.6 3:55p 70.1 4:20a 0.0 17.7 0.00 4.4 24.0 5:50p NNW 11 85.1 99.4 6:20p 71.4 5:40a 0.0 20.1 0.00 4.0 29.0 6:55p SW 12 82.2 96.4 2:50p 68.4 5:25a 0.0 17.2 0.00 4.1 23.0 12:10a S 13 84.8 99.9 3:20p 70.5 6:20a 0.0 19.8 0.00 5.0 25.0 5:15p E 14 79.7 90.0 1:45p 67.1 6:25a 0.0 14.7 0.00 6.7 26.0 11:25p E 15 73.9 85.3 1:15p 68.3 4:45p 0.0 8.9 0.72 3.1 30.0 3:40p ESE 16 76.1 89.6 3:50p 66.0 6:35a 0.0 11.1 0.00 3.4 26.0 7:15p S 17 80.5 93.3 4:20p 67.7 5:10a 0.0 15.5 0.00 3.9 24.0 2:00p S 18 78.6 93.3 5:30p 65.3 1:30a 0.0 13.6 0.21 4.1 21.0 7:00p WSW 19 76.4 90.5 1:00p 68.1 12:00m 0.0 11.4 0.06 4.0 31.0 4:40p S 20 75.9 92.5 5:05p 66.4 4:35a 0.0 10.9 0.29 3.7 38.0 6:10p SSW 21 75.6 92.9 6:00p 67.3 6:10a 0.0 10.6 0.14 2.8 29.0 6:40p NNE 22 75.7 89.9 4:00p 69.3 6:50a 0.0 10.7 0.01 3.4 26.0 5:50p SSW 23 75.2 87.1 2:00p 66.9 6:10a 0.0 10.2 0.24 2.8 20.0 3:15p S 24 77.3 91.0 6:00p 66.7 6:30a 0.0 12.3 0.01 3.5 16.0 11:55p N 25 81.1 93.4 3:50p 68.5 6:45a 0.0 16.1 0.00 3.8 25.0 1:20a S 26 83.4 98.2 4:25p 73.4 6:35a 0.0 18.4 0.01 3.3 32.0 6:45p S 27 77.8 87.8 11:05a 71.1 5:50a 0.0 12.8 0.06 4.5 18.0 11:05a N 28 78.9 94.8 3:45p 65.0 6:30a 0.0 13.9 0.00 3.4 19.0 5:20p N 29 79.1 94.2 4:55p 68.1 12:00m 0.0 14.1 0.06 4.2 24.0 8:25a S 30 77.1 95.1 3:50p 65.5 4:25a 0.0 12.1 0.48 3.9 19.0 5:10p N 31 77.5 92.7 4:55p 66.3 10:00p 0.0 12.5 1.13 4.3 21.0 6:40p N ------------------------------------------------------------------------------------- 80.9 104.4 4 65.0 28 0.0 494.1 3.47 4.3 38.0 20 S Max >= 90.0: 26 Max <= 32.0: 0 Min <= 32.0: 0 Min <= 0.0: 0 Max Rain: 1.13 ON 07/31/17 Days of Rain: 12 (>.01 in) 7 (>.1 in) 1 (>1 in) Heat Base: 65.0 Cool Base: 65.0 Method: Integration