NOAA-style Climate Reports

- as reported from this site (LasCruces-Weather.com) beginning 04-03-07

2023: Jan | Feb | Mar | Apr | May | Jun | Jul | Aug | Sep | Oct | Nov | Dec 
2022: Jan | Feb | Mar | Apr | May | Jun | Jul | Aug | Sep | Oct | Nov | Dec 
2021: Jan | Feb | Mar | Apr | May | Jun | Jul | Aug | Sep | Oct | Nov | Dec 
2020: Jan | Feb | Mar | Apr | May | Jun | Jul | Aug | Sep | Oct | Nov | Dec 
2019: Jan | Feb | Mar | Apr | May | Jun | Jul | Aug | Sep | Oct | Nov | Dec 
2018: Jan | Feb | Mar | Apr | May | Jun | Jul | Aug | Sep | Oct | Nov | Dec 
2017: Jan | Feb | Mar | Apr | May | Jun | Jul | Aug | Sep | Oct | Nov | Dec 
2016: Jan | Feb | Mar | Apr | May | Jun | Jul | Aug | Sep | Oct | Nov | Dec 
2015: Jan | Feb | Mar | Apr | May | Jun | Jul | Aug | Sep | Oct | Nov | Dec 
2014: Jan | Feb | Mar | Apr | May | Jun | Jul | Aug | Sep | Oct | Nov | Dec 
2013: Jan | Feb | Mar | Apr | May | Jun | Jul | Aug | Sep | Oct | Nov | Dec 
2012: Jan | Feb | Mar | Apr | May | Jun | Jul | Aug | Sep | Oct | Nov | Dec 
2011: Jan | Feb | Mar | Apr | May | Jun | Jul | Aug | Sep | Oct | Nov | Dec 
2010: Jan | Feb | Mar | Apr | May | Jun | Jul | Aug | Sep | Oct | Nov | Dec 
2009: Jan | Feb | Mar | Apr | May | Jun | Jul | Aug | Sep | Oct | Nov | Dec 
2008: Jan | Feb | Mar | Apr | May | Jun | Jul | Aug | Sep | Oct | Nov | Dec 
2007: Jan | Feb | Mar | Apr | May | Jun | Jul | Aug | Sep | Oct | Nov | Dec 

Report for 2017 06
MONTHLY CLIMATOLOGICAL SUMMARY for JUN. 2017 NAME: C32 CITY: Las Cruces|East Mesa STATE: NM ELEV: 4474 ft LAT: 32 24' 08" N LONG: 106 41' 01" W TEMPERATURE (F), RAIN (in), WIND SPEED (mph) HEAT COOL AVG MEAN DEG DEG WIND DOM DAY TEMP HIGH TIME LOW TIME DAYS DAYS RAIN SPEED HIGH TIME DIR ------------------------------------------------------------------------------------ 1 71.6 89.3 3:45p 56.8 6:20a 1.2 7.8 0.03 4.1 27.0 9:10p N 2 71.6 86.6 5:40p 57.0 6:10a 1.9 8.4 0.00 2.7 16.0 6:05p N 3 75.8 90.0 1:50p 62.2 6:35a 0.1 10.9 0.01 1.9 29.0 3:00p N 4 80.0 94.5 5:05p 63.9 6:20a 0.0 15.1 0.00 2.0 16.0 1:20p N 5 84.1 101.0 4:35p 65.6 6:25a 0.0 19.1 0.00 2.3 18.0 4:40p SE 6 84.4 98.1 3:10p 73.8 6:20a 0.0 19.4 0.00 5.3 40.0 3:10a E 7 82.2 95.4 4:30p 67.1 10:15p 0.0 17.2 0.15 3.0 29.0 9:55p N 8 78.7 94.9 4:45p 64.3 6:55a 0.0 13.7 0.00 2.4 21.0 6:35p N 9 84.1 99.4 4:40p 68.6 6:00a 0.0 19.1 0.00 2.5 15.0 1:50a S 10 85.1 97.8 4:05p 70.5 6:25a 0.0 20.1 0.00 4.5 23.0 3:30p N 11 81.8 94.0 4:00p 69.1 6:15a 0.0 16.8 0.00 4.7 24.0 1:05p N 12 81.3 94.2 4:45p 66.6 6:10a 0.0 16.3 0.00 3.9 20.0 2:10p N 13 80.3 92.6 4:55p 65.5 5:15a 0.0 15.3 0.00 4.6 25.0 4:05p N 14 80.1 100.0 3:35p 55.2 5:35a 0.9 16.0 0.00 2.2 19.0 3:10p N 15 84.1 103.4 4:45p 60.5 6:35a 0.3 19.4 0.00 2.6 31.0 4:55p N 16 84.2 103.1 2:50p 58.6 5:50a 0.4 19.5 0.00 2.7 19.0 6:15p N 17 86.5 105.9 4:50p 62.3 6:20a 0.1 21.5 0.00 2.1 17.0 5:30p N 18 86.8 103.6 2:35p 64.9 6:00a 0.0 21.8 0.00 2.5 16.0 5:10p N 19 86.8 104.7 3:20p 71.7 6:25a 0.0 21.8 0.00 3.2 27.0 7:20p N 20 88.6 101.8 3:20p 77.3 4:05a 0.0 23.6 0.00 2.7 15.0 12:40p N 21 89.6 104.9 3:20p 75.4 5:20a 0.0 24.6 0.00 4.2 23.0 5:55p N 22 90.5 107.4 3:40p 75.5 3:05a 0.0 25.5 0.00 2.5 20.0 6:30p N 23 92.8 107.3 3:05p 76.9 6:55a 0.0 27.8 0.00 5.4 35.0 7:50p N 24 85.1 95.5 4:15p 75.7 10:50p 0.0 20.1 0.00 7.8 38.0 6:25p N 25 79.9 95.9 4:35p 68.3 6:40a 0.0 14.9 0.11 4.8 29.0 6:25p N 26 79.6 92.8 4:10p 68.0 5:05a 0.0 14.6 0.00 2.5 31.0 7:45p N 27 82.7 96.7 4:40p 66.6 6:35a 0.0 17.7 0.00 2.0 16.0 11:25a N 28 86.6 98.7 4:35p 73.8 6:25a 0.0 21.6 0.00 4.0 22.0 3:10p N 29 85.9 99.7 3:00p 71.2 6:35a 0.0 20.8 0.00 4.4 24.0 3:25p N 30 85.8 101.4 3:50p 68.8 7:05a 0.0 20.8 0.00 4.0 23.0 3:30p WSW ------------------------------------------------------------------------------------- 83.2 107.4 22 55.2 14 4.9 551.2 0.30 3.5 40.0 6 N Max >= 90.0: 28 Max <= 32.0: 0 Min <= 32.0: 0 Min <= 0.0: 0 Max Rain: 0.15 ON 06/07/17 Days of Rain: 3 (>.01 in) 2 (>.1 in) 0 (>1 in) Heat Base: 65.0 Cool Base: 65.0 Method: Integration