NOAA-style Climate Reports

- as reported from this site (LasCruces-Weather.com) beginning 04-03-07

2023: Jan | Feb | Mar | Apr | May | Jun | Jul | Aug | Sep | Oct | Nov | Dec 
2022: Jan | Feb | Mar | Apr | May | Jun | Jul | Aug | Sep | Oct | Nov | Dec 
2021: Jan | Feb | Mar | Apr | May | Jun | Jul | Aug | Sep | Oct | Nov | Dec 
2020: Jan | Feb | Mar | Apr | May | Jun | Jul | Aug | Sep | Oct | Nov | Dec 
2019: Jan | Feb | Mar | Apr | May | Jun | Jul | Aug | Sep | Oct | Nov | Dec 
2018: Jan | Feb | Mar | Apr | May | Jun | Jul | Aug | Sep | Oct | Nov | Dec 
2017: Jan | Feb | Mar | Apr | May | Jun | Jul | Aug | Sep | Oct | Nov | Dec 
2016: Jan | Feb | Mar | Apr | May | Jun | Jul | Aug | Sep | Oct | Nov | Dec 
2015: Jan | Feb | Mar | Apr | May | Jun | Jul | Aug | Sep | Oct | Nov | Dec 
2014: Jan | Feb | Mar | Apr | May | Jun | Jul | Aug | Sep | Oct | Nov | Dec 
2013: Jan | Feb | Mar | Apr | May | Jun | Jul | Aug | Sep | Oct | Nov | Dec 
2012: Jan | Feb | Mar | Apr | May | Jun | Jul | Aug | Sep | Oct | Nov | Dec 
2011: Jan | Feb | Mar | Apr | May | Jun | Jul | Aug | Sep | Oct | Nov | Dec 
2010: Jan | Feb | Mar | Apr | May | Jun | Jul | Aug | Sep | Oct | Nov | Dec 
2009: Jan | Feb | Mar | Apr | May | Jun | Jul | Aug | Sep | Oct | Nov | Dec 
2008: Jan | Feb | Mar | Apr | May | Jun | Jul | Aug | Sep | Oct | Nov | Dec 
2007: Jan | Feb | Mar | Apr | May | Jun | Jul | Aug | Sep | Oct | Nov | Dec 

Report for 2017 05
MONTHLY CLIMATOLOGICAL SUMMARY for MAY. 2017 NAME: C32 CITY: Las Cruces|East Mesa STATE: NM ELEV: 4474 ft LAT: 32 24' 08" N LONG: 106 41' 01" W TEMPERATURE (F), RAIN (in), WIND SPEED (mph) HEAT COOL AVG MEAN DEG DEG WIND DOM DAY TEMP HIGH TIME LOW TIME DAYS DAYS RAIN SPEED HIGH TIME DIR ------------------------------------------------------------------------------------ 1 66.0 83.5 4:30p 46.5 6:35a 5.1 6.1 0.00 2.1 18.0 5:50p SE 2 71.1 85.6 2:20p 52.6 5:25a 2.8 8.9 0.00 4.9 24.0 4:50p WSW 3 73.5 87.0 5:40p 50.9 6:50a 1.7 10.2 0.00 2.7 18.0 2:50p E 4 70.0 83.6 4:50p 53.6 6:40a 1.6 6.5 0.00 3.1 23.0 2:00a E 5 73.2 90.3 4:50p 53.1 6:05a 2.4 10.6 0.00 2.3 29.0 1:55p S 6 79.1 92.9 3:30p 64.7 5:20a 0.0 14.1 0.00 5.1 39.0 6:15p S 7 75.9 87.8 4:05p 58.6 6:10a 0.5 11.5 0.00 4.4 26.0 3:05p S 8 73.0 86.3 3:50p 56.2 6:40a 1.4 9.4 0.00 3.8 29.0 8:10p S 9 65.7 76.4 2:45p 55.9 6:40a 2.1 2.9 0.00 4.5 33.0 3:00p W 10 58.9 69.5 4:10p 47.0 5:25a 6.7 0.6 0.00 6.8 27.0 6:35p WSW 11 66.0 80.8 5:00p 47.3 6:10a 4.4 5.4 0.00 2.3 17.0 1:00p NNW 12 72.8 86.1 3:30p 56.4 6:40a 1.1 8.9 0.00 2.4 16.0 3:30p ESE 13 75.8 91.9 4:55p 56.6 7:05a 1.2 12.0 0.00 3.1 25.0 2:20p S 14 76.6 88.9 4:00p 62.5 6:25a 0.1 11.7 0.00 3.5 20.0 1:55p WSW 15 74.3 87.3 5:10p 58.6 6:30a 0.8 10.1 0.00 5.5 31.0 2:40p WSW 16 65.5 73.7 12:40p 57.3 6:25a 1.9 2.5 0.00 8.1 36.0 3:35p W 17 65.1 80.2 5:10p 46.6 6:20a 4.9 5.0 0.00 6.5 25.0 3:20p WSW 18 68.7 77.4 4:55p 59.1 6:15a 1.1 4.8 0.00 7.0 30.0 3:25p WSW 19 65.9 79.5 2:50p 50.5 6:25a 3.4 4.4 0.00 2.9 21.0 3:50p WSW 20 66.1 82.6 3:50p 46.7 6:15a 5.1 6.2 0.00 3.5 16.0 10:05a NNE 21 73.7 89.0 3:10p 52.4 6:25a 2.1 10.7 0.00 2.7 19.0 10:35p S 22 75.6 91.3 2:55p 58.7 6:10a 0.8 11.3 0.00 2.8 39.0 5:05p NNW 23 72.9 91.8 4:20p 53.3 6:20a 1.7 9.6 0.00 3.9 23.0 5:30p E 24 74.9 93.4 5:05p 51.8 6:30a 2.3 12.2 0.00 3.5 28.0 4:00p WSW 25 79.8 91.1 4:15p 68.4 6:10a 0.0 14.8 0.00 6.8 29.0 3:35p WSW 26 78.4 91.3 4:10p 64.8 6:35a 0.0 13.4 0.00 5.8 27.0 4:25p WSW 27 77.0 89.3 3:40p 63.1 6:30a 0.1 12.1 0.00 5.3 26.0 3:15p WSW 28 74.1 88.9 5:15p 57.1 6:45a 1.4 10.5 0.00 2.9 24.0 11:55a E 29 78.1 91.9 5:15p 68.0 6:25a 0.0 13.0 0.00 5.2 30.0 12:55a E 30 73.9 89.7 3:05p 60.4 11:05p 0.8 9.7 0.41 3.8 25.0 8:35p S 31 70.2 82.2 4:30p 59.2 1:00a 0.7 6.0 0.05 3.1 30.0 9:00p E ------------------------------------------------------------------------------------- 72.0 93.4 24 46.5 1 58.2 275.1 0.46 4.2 39.0 6 WSW Max >= 90.0: 9 Max <= 32.0: 0 Min <= 32.0: 0 Min <= 0.0: 0 Max Rain: 0.41 ON 05/30/17 Days of Rain: 2 (>.01 in) 1 (>.1 in) 0 (>1 in) Heat Base: 65.0 Cool Base: 65.0 Method: Integration